{"id":8207,"date":"2018-04-04T22:51:01","date_gmt":"2018-04-04T20:51:01","guid":{"rendered":"http:\/\/www.lassebacklund.fi\/?page_id=8207"},"modified":"2024-03-12T19:38:55","modified_gmt":"2024-03-12T17:38:55","slug":"stora-ofreden-1713-1721","status":"publish","type":"page","link":"https:\/\/www.kristinestadshistoria.fi\/?page_id=8207","title":{"rendered":"Stora ofreden 1713-1721."},"content":{"rendered":"<p>Stora ofreden, p\u00e5 finska Isoviha, var en period i v\u00e5r historia mellan \u00e5ren 1713 och 1721 d\u00e5 ryska trupper ockuperade omr\u00e5det Finland och landskapet \u00d6sterbotten. Efter freden i Nystad \u00e5r 1721 drog ryssarna bort sina trupper och \u00e5terl\u00e4mnade st\u00f6rsta delen av de ockuperade omr\u00e5dena tillbaka till Sverige.<\/p>\n<p>Vill du l\u00e4sa mera om denna speciella period i v\u00e5r historia, s\u00e5 klicka p\u00e5 n\u00e5gon knapp h\u00e4r under.<\/p>\n<h6><a class=\"fasc-button fasc-size-medium fasc-type-glossy fasc-rounded-medium\" style=\"background-color: #33809e; color: #ffffff;\" href=\"http:\/\/www.lassebacklund.fi\/?page_id=8211\">Krigsminnen, av K. V. \u00c5kerblom<\/a><\/h6>\n<h6><a class=\"fasc-button fasc-size-medium fasc-type-glossy fasc-rounded-medium\" style=\"background-color: #33809e; color: #ffffff;\" href=\"http:\/\/www.lassebacklund.fi\/?page_id=8474\">Striderna och flykten fr\u00e5n \u00d6sterbotten<\/a><\/h6>\n<h6><a class=\"fasc-button fasc-size-medium fasc-type-glossy fasc-rounded-medium\" style=\"background-color: #33809e; color: #ffffff;\" href=\"http:\/\/www.lassebacklund.fi\/?page_id=9869\">Ryska infallet i \u00d6sterbotn 1713<\/a><\/h6>\n<h6><a class=\"fasc-button fasc-size-medium fasc-type-glossy fasc-rounded-medium\" style=\"background-color: #33809e; color: #ffffff;\" href=\"https:\/\/www.lassebacklund.fi\/?page_id=19933\">Sideby under ofredstider<\/a><\/h6>\n<h6><a class=\"fasc-button fasc-size-medium fasc-type-glossy fasc-rounded-medium\" style=\"background-color: #33809e; color: #ffffff;\" href=\"https:\/\/www.kristinestadshistoria.fi\/?page_id=23850\">Artikel i Wasa Tidning \u00e5r 1891<\/a><\/h6>\n","protected":false},"excerpt":{"rendered":"<p>Stora ofreden, p\u00e5 finska Isoviha, var en period i v\u00e5r historia mellan \u00e5ren 1713 och 1721 d\u00e5 ryska trupper ockuperade omr\u00e5det Finland och landskapet \u00d6sterbotten. Efter freden i Nystad \u00e5r 1721 drog ryssarna bort sina trupper och \u00e5terl\u00e4mnade st\u00f6rsta delen <a class=\"more-link\" href=\"https:\/\/www.kristinestadshistoria.fi\/?page_id=8207\">Forts\u00e4tt l\u00e4sa <span class=\"screen-reader-text\">  Stora ofreden 1713-1721.<\/span><span class=\"meta-nav\">&rarr;<\/span><\/a><\/p>\n","protected":false},"author":1,"featured_media":0,"parent":6289,"menu_order":1,"comment_status":"closed","ping_status":"closed","template":"","meta":{"footnotes":""},"class_list":["post-8207","page","type-page","status-publish","hentry"],"_links":{"self":[{"href":"https:\/\/www.kristinestadshistoria.fi\/index.php?rest_route=\/wp\/v2\/pages\/8207","targetHints":{"allow":["GET"]}}],"collection":[{"href":"https:\/\/www.kristinestadshistoria.fi\/index.php?rest_route=\/wp\/v2\/pages"}],"about":[{"href":"https:\/\/www.kristinestadshistoria.fi\/index.php?rest_route=\/wp\/v2\/types\/page"}],"author":[{"embeddable":true,"href":"https:\/\/www.kristinestadshistoria.fi\/index.php?rest_route=\/wp\/v2\/users\/1"}],"replies":[{"embeddable":true,"href":"https:\/\/www.kristinestadshistoria.fi\/index.php?rest_route=%2Fwp%2Fv2%2Fcomments&post=8207"}],"version-history":[{"count":13,"href":"https:\/\/www.kristinestadshistoria.fi\/index.php?rest_route=\/wp\/v2\/pages\/8207\/revisions"}],"predecessor-version":[{"id":27991,"href":"https:\/\/www.kristinestadshistoria.fi\/index.php?rest_route=\/wp\/v2\/pages\/8207\/revisions\/27991"}],"up":[{"embeddable":true,"href":"https:\/\/www.kristinestadshistoria.fi\/index.php?rest_route=\/wp\/v2\/pages\/6289"}],"wp:attachment":[{"href":"https:\/\/www.kristinestadshistoria.fi\/index.php?rest_route=%2Fwp%2Fv2%2Fmedia&parent=8207"}],"curies":[{"name":"wp","href":"https:\/\/api.w.org\/{rel}","templated":true}]}}