{"id":7860,"date":"2018-03-19T16:40:55","date_gmt":"2018-03-19T15:40:55","guid":{"rendered":"http:\/\/www.lassebacklund.fi\/?page_id=7860"},"modified":"2022-12-03T17:02:36","modified_gmt":"2022-12-03T15:02:36","slug":"skogbergs-historia-om-kristinestad","status":"publish","type":"page","link":"https:\/\/www.kristinestadshistoria.fi\/?page_id=7860","title":{"rendered":"Skogbergs historia om Kristinestad."},"content":{"rendered":"<p><span style=\"font-family: 'Helvetica','sans-serif';\"><span style=\"color: #000000; font-size: medium;\">Edvin Skogberg f\u00f6ddes i Kristinestad den 18 september 1856 i g\u00e5rden p\u00e5 \u00d6stra L\u00e5nggatan 58. Edvins far Johan Edvin var b\u00e5de skeppare och styrman och denne omkom som styrman d\u00e5 fartyget New Orleans f\u00f6rliste 1871 eller 1872. Edvin var d\u00e5 en 15-\u00e5rs pojke och efter det fick han lov att sk\u00f6ta sig p\u00e5 egen hand. Efter skolg\u00e5ngen i Kristinestad fortsatte han i lyceet i Vasa, d\u00e4rifr\u00e5n han blev student med h\u00f6ga betyg i b\u00f6rjan p\u00e5 1870-talet. Han var duktig i skolan i Vasa, s\u00e5 han hade m\u00f6jlighet att f\u00f6rtj\u00e4na sitt uppeh\u00e4lle som informat\u00f6r och som privatl\u00e4rare. P\u00e5 v\u00e5ren 1880 fick han en tillf\u00e4llig tj\u00e4nst som l\u00e4rare p\u00e5 realskolan i Kristinestad.<\/span><\/span><\/p>\n<p><span style=\"font-family: 'Helvetica','sans-serif';\"><span style=\"color: #000000; font-size: medium;\">Han fortsatte att studera och han avlade prov som filosofiekandidat. H\u00e4ngivet b\u00f6rjade han \u00e4gna sig \u00e5t pedagogin och fick ocks\u00e5 l\u00e4rartj\u00e4nster. Mellan \u00e5ren 1883 \u2013 1885 var han l\u00e4rare vid \u00c5bo svenska klassiska lyceet och 1885 \u2013 1886 hade han t.f. tj\u00e4nst vid Finska klassiska lyceet i Viborg. Den 7 december 1886 utn\u00e4mndes han till ordinarie l\u00e4rare i latin och finska i Viborg d\u00e4r han sedan stannade till den 23 september 1894, d\u00e5 han avled efter en sv\u00e5r sjukdom.<\/span><\/span><\/p>\n<p><span style=\"font-family: 'Helvetica','sans-serif';\"><span style=\"color: #000000; font-size: medium;\">Under sitt korta liv hann han skriva flera artiklar om livet i Kristinestad, som publicerades i Wasa Tidning p\u00e5 1880-talet. Om du vill l\u00e4sa n\u00e5gra av hans texter, s\u00e5 klicka p\u00e5 \u00f6nskad rubrik h\u00e4r under. St\u00f6rre och mindre korrigeringar har gjorts i texterna, f\u00f6r att de skall bli mera l\u00e4ttl\u00e4sta och b\u00e4ttre passa dagens l\u00e4sare och jag hoppas att Edvin skulle ha godk\u00e4nt dessa \u00e4ndringar.<\/span><\/span><\/p>\n<h4><a href=\"https:\/\/www.kristinestadshistoria.fi\/?page_id=7864\"><strong>-Stadens grundande, del 1.<\/strong><\/a><\/h4>\n<h4><a href=\"https:\/\/www.kristinestadshistoria.fi\/?page_id=7869\"><strong>-Stadens grundande, del 2.<\/strong><\/a><\/h4>\n<h4><a href=\"https:\/\/www.kristinestadshistoria.fi\/?page_id=7878\"><strong>-Stadens f\u00f6rvaltning \u00e5ren 1649 &#8211; 1700.<\/strong><\/a><\/h4>\n<h4><a href=\"https:\/\/www.kristinestadshistoria.fi\/?page_id=7884\"><strong>-Gamla kyrkans brand.<\/strong><\/a><\/h4>\n<h4><a href=\"https:\/\/www.kristinestadshistoria.fi\/?page_id=7892\"><strong>-Kyrkan och skolan p\u00e5 1600-talet.<\/strong><\/a><\/h4>\n<h4><a href=\"https:\/\/www.kristinestadshistoria.fi\/?page_id=8694\"><strong>-Kyrkan och skolan under \u00e5ren 1743 &#8211; 1808.<\/strong><\/a><\/h4>\n<h4><a href=\"https:\/\/www.kristinestadshistoria.fi\/?page_id=7903\"><strong>-Tj\u00e4rhandeln i Kristinestad p\u00e5 1600-talet.<\/strong><\/a><\/h4>\n<h4><a href=\"https:\/\/www.kristinestadshistoria.fi\/?page_id=7909\"><strong>-Marknader och tullar p\u00e5 1600-talet<\/strong><\/a><\/h4>\n<h4><a href=\"https:\/\/www.kristinestadshistoria.fi\/?page_id=7912\"><strong>-V\u00e4gar och annan kommunikation.<\/strong><\/a><\/h4>\n<h4><a href=\"https:\/\/www.kristinestadshistoria.fi\/?page_id=8708\"><strong>-Stora ofreden i Kristinestad<\/strong><\/a><\/h4>\n<h4><a href=\"https:\/\/www.kristinestadshistoria.fi\/?page_id=7921\"><strong>-Handeln efter stora ofreden p\u00e5 1700-talet.<\/strong><\/a><\/h4>\n<h4><a href=\"https:\/\/www.kristinestadshistoria.fi\/?page_id=8136\"><strong>-B\u00f6ndernas och borgarnas olika syn p\u00e5 handeln.<\/strong><\/a><\/h4>\n<h4><a href=\"https:\/\/www.kristinestadshistoria.fi\/?page_id=8301\"><strong>-Hantverkare i Kristinestad p\u00e5 1700-talet.<\/strong><\/a><\/h4>\n<h4><a href=\"https:\/\/www.kristinestadshistoria.fi\/?page_id=8429\"><strong>-H\u00e4xan Brita Larsdotter br\u00e4nd p\u00e5 b\u00e5l.<\/strong><\/a><\/h4>\n<h4><a href=\"https:\/\/www.kristinestadshistoria.fi\/?page_id=8317\"><strong>-Stapelfrihet f\u00f6r Kristinestad<\/strong><\/a><\/h4>\n<h4><a href=\"https:\/\/www.kristinestadshistoria.fi\/?page_id=8574\"><strong>-Handeln efter lilla ofreden p\u00e5 1700-talet.<\/strong><\/a><\/h4>\n<h4><a href=\"https:\/\/www.kristinestadshistoria.fi\/?page_id=8704\"><strong>-N\u00e5gra sedeskildringar fr\u00e5n 1600-talet.<\/strong><\/a><\/h4>\n<h6><\/h6>\n<h6><\/h6>\n","protected":false},"excerpt":{"rendered":"<p>Edvin Skogberg f\u00f6ddes i Kristinestad den 18 september 1856 i g\u00e5rden p\u00e5 \u00d6stra L\u00e5nggatan 58. Edvins far Johan Edvin var b\u00e5de skeppare och styrman och denne omkom som styrman d\u00e5 fartyget New Orleans f\u00f6rliste 1871 eller 1872. Edvin var d\u00e5 <a class=\"more-link\" href=\"https:\/\/www.kristinestadshistoria.fi\/?page_id=7860\">Forts\u00e4tt l\u00e4sa <span class=\"screen-reader-text\">  Skogbergs historia om Kristinestad.<\/span><span class=\"meta-nav\">&rarr;<\/span><\/a><\/p>\n","protected":false},"author":1,"featured_media":0,"parent":21456,"menu_order":6,"comment_status":"closed","ping_status":"closed","template":"","meta":{"footnotes":""},"class_list":["post-7860","page","type-page","status-publish","hentry"],"_links":{"self":[{"href":"https:\/\/www.kristinestadshistoria.fi\/index.php?rest_route=\/wp\/v2\/pages\/7860","targetHints":{"allow":["GET"]}}],"collection":[{"href":"https:\/\/www.kristinestadshistoria.fi\/index.php?rest_route=\/wp\/v2\/pages"}],"about":[{"href":"https:\/\/www.kristinestadshistoria.fi\/index.php?rest_route=\/wp\/v2\/types\/page"}],"author":[{"embeddable":true,"href":"https:\/\/www.kristinestadshistoria.fi\/index.php?rest_route=\/wp\/v2\/users\/1"}],"replies":[{"embeddable":true,"href":"https:\/\/www.kristinestadshistoria.fi\/index.php?rest_route=%2Fwp%2Fv2%2Fcomments&post=7860"}],"version-history":[{"count":38,"href":"https:\/\/www.kristinestadshistoria.fi\/index.php?rest_route=\/wp\/v2\/pages\/7860\/revisions"}],"predecessor-version":[{"id":24779,"href":"https:\/\/www.kristinestadshistoria.fi\/index.php?rest_route=\/wp\/v2\/pages\/7860\/revisions\/24779"}],"up":[{"embeddable":true,"href":"https:\/\/www.kristinestadshistoria.fi\/index.php?rest_route=\/wp\/v2\/pages\/21456"}],"wp:attachment":[{"href":"https:\/\/www.kristinestadshistoria.fi\/index.php?rest_route=%2Fwp%2Fv2%2Fmedia&parent=7860"}],"curies":[{"name":"wp","href":"https:\/\/api.w.org\/{rel}","templated":true}]}}