{"id":7291,"date":"2018-02-01T16:39:34","date_gmt":"2018-02-01T15:39:34","guid":{"rendered":"http:\/\/www.lassebacklund.fi\/?page_id=7291"},"modified":"2018-02-01T17:08:27","modified_gmt":"2018-02-01T16:08:27","slug":"7291-2","status":"publish","type":"page","link":"https:\/\/www.kristinestadshistoria.fi\/?page_id=7291","title":{"rendered":"Artikel i Finlands Frihetskrig 1918."},"content":{"rendered":"<p><span style=\"color: #000080;\">I tidskriften &#8221;Finlands Frihetskrig 1918&#8221; som utkom 1920 finns det beskrivet hur frihetskriget f\u00f6rl\u00f6pte p\u00e5 de olika orterna i Finland. Peter Grannas har bidragit med dessa sidor som v\u00e4l belyser h\u00e4ndelserna som ledde till Kristinestads befrielse 31.1.1918.<\/span><\/p>\n<p><img loading=\"lazy\" decoding=\"async\" class=\"alignnone size-full wp-image-7282\" src=\"http:\/\/www.lassebacklund.fi\/wp-content\/uploads\/2018\/02\/127.jpg\" alt=\"127\" width=\"815\" height=\"880\" srcset=\"https:\/\/www.kristinestadshistoria.fi\/wp-content\/uploads\/2018\/02\/127.jpg 815w, https:\/\/www.kristinestadshistoria.fi\/wp-content\/uploads\/2018\/02\/127-278x300.jpg 278w, https:\/\/www.kristinestadshistoria.fi\/wp-content\/uploads\/2018\/02\/127-768x829.jpg 768w\" sizes=\"auto, (max-width: 815px) 100vw, 815px\" \/> <img loading=\"lazy\" decoding=\"async\" class=\"alignnone size-full wp-image-7283\" src=\"http:\/\/www.lassebacklund.fi\/wp-content\/uploads\/2018\/02\/128.jpg\" alt=\"128\" width=\"821\" height=\"1165\" srcset=\"https:\/\/www.kristinestadshistoria.fi\/wp-content\/uploads\/2018\/02\/128.jpg 821w, https:\/\/www.kristinestadshistoria.fi\/wp-content\/uploads\/2018\/02\/128-211x300.jpg 211w, https:\/\/www.kristinestadshistoria.fi\/wp-content\/uploads\/2018\/02\/128-768x1090.jpg 768w, https:\/\/www.kristinestadshistoria.fi\/wp-content\/uploads\/2018\/02\/128-722x1024.jpg 722w\" sizes=\"auto, (max-width: 821px) 100vw, 821px\" \/> <img loading=\"lazy\" decoding=\"async\" class=\"alignnone size-full wp-image-7284\" src=\"http:\/\/www.lassebacklund.fi\/wp-content\/uploads\/2018\/02\/129.jpg\" alt=\"129\" width=\"853\" height=\"1190\" srcset=\"https:\/\/www.kristinestadshistoria.fi\/wp-content\/uploads\/2018\/02\/129.jpg 853w, https:\/\/www.kristinestadshistoria.fi\/wp-content\/uploads\/2018\/02\/129-215x300.jpg 215w, https:\/\/www.kristinestadshistoria.fi\/wp-content\/uploads\/2018\/02\/129-768x1071.jpg 768w, https:\/\/www.kristinestadshistoria.fi\/wp-content\/uploads\/2018\/02\/129-734x1024.jpg 734w\" sizes=\"auto, (max-width: 853px) 100vw, 853px\" \/> <img loading=\"lazy\" decoding=\"async\" class=\"alignnone size-full wp-image-7285\" src=\"http:\/\/www.lassebacklund.fi\/wp-content\/uploads\/2018\/02\/130.jpg\" alt=\"130\" width=\"840\" height=\"1204\" srcset=\"https:\/\/www.kristinestadshistoria.fi\/wp-content\/uploads\/2018\/02\/130.jpg 840w, https:\/\/www.kristinestadshistoria.fi\/wp-content\/uploads\/2018\/02\/130-209x300.jpg 209w, https:\/\/www.kristinestadshistoria.fi\/wp-content\/uploads\/2018\/02\/130-768x1101.jpg 768w, https:\/\/www.kristinestadshistoria.fi\/wp-content\/uploads\/2018\/02\/130-714x1024.jpg 714w\" sizes=\"auto, (max-width: 840px) 100vw, 840px\" \/> <img loading=\"lazy\" decoding=\"async\" class=\"alignnone size-full wp-image-7286\" src=\"http:\/\/www.lassebacklund.fi\/wp-content\/uploads\/2018\/02\/131.jpg\" alt=\"131\" width=\"798\" height=\"1169\" srcset=\"https:\/\/www.kristinestadshistoria.fi\/wp-content\/uploads\/2018\/02\/131.jpg 798w, https:\/\/www.kristinestadshistoria.fi\/wp-content\/uploads\/2018\/02\/131-205x300.jpg 205w, https:\/\/www.kristinestadshistoria.fi\/wp-content\/uploads\/2018\/02\/131-768x1125.jpg 768w, https:\/\/www.kristinestadshistoria.fi\/wp-content\/uploads\/2018\/02\/131-699x1024.jpg 699w\" sizes=\"auto, (max-width: 798px) 100vw, 798px\" \/> <img loading=\"lazy\" decoding=\"async\" class=\"alignnone size-full wp-image-7287\" src=\"http:\/\/www.lassebacklund.fi\/wp-content\/uploads\/2018\/02\/132-karta.jpg\" alt=\"132 karta\" width=\"799\" height=\"1264\" srcset=\"https:\/\/www.kristinestadshistoria.fi\/wp-content\/uploads\/2018\/02\/132-karta.jpg 799w, https:\/\/www.kristinestadshistoria.fi\/wp-content\/uploads\/2018\/02\/132-karta-190x300.jpg 190w, https:\/\/www.kristinestadshistoria.fi\/wp-content\/uploads\/2018\/02\/132-karta-768x1215.jpg 768w, https:\/\/www.kristinestadshistoria.fi\/wp-content\/uploads\/2018\/02\/132-karta-647x1024.jpg 647w\" sizes=\"auto, (max-width: 799px) 100vw, 799px\" \/> <img loading=\"lazy\" decoding=\"async\" class=\"alignnone size-full wp-image-7288\" src=\"http:\/\/www.lassebacklund.fi\/wp-content\/uploads\/2018\/02\/133.jpg\" alt=\"133\" width=\"866\" height=\"954\" srcset=\"https:\/\/www.kristinestadshistoria.fi\/wp-content\/uploads\/2018\/02\/133.jpg 866w, https:\/\/www.kristinestadshistoria.fi\/wp-content\/uploads\/2018\/02\/133-272x300.jpg 272w, https:\/\/www.kristinestadshistoria.fi\/wp-content\/uploads\/2018\/02\/133-768x846.jpg 768w\" sizes=\"auto, (max-width: 866px) 100vw, 866px\" \/> <img loading=\"lazy\" decoding=\"async\" class=\"alignnone size-full wp-image-7289\" src=\"http:\/\/www.lassebacklund.fi\/wp-content\/uploads\/2018\/02\/134.jpg\" alt=\"134\" width=\"818\" height=\"1168\" srcset=\"https:\/\/www.kristinestadshistoria.fi\/wp-content\/uploads\/2018\/02\/134.jpg 818w, https:\/\/www.kristinestadshistoria.fi\/wp-content\/uploads\/2018\/02\/134-210x300.jpg 210w, https:\/\/www.kristinestadshistoria.fi\/wp-content\/uploads\/2018\/02\/134-768x1097.jpg 768w, https:\/\/www.kristinestadshistoria.fi\/wp-content\/uploads\/2018\/02\/134-717x1024.jpg 717w\" sizes=\"auto, (max-width: 818px) 100vw, 818px\" \/> <img loading=\"lazy\" decoding=\"async\" class=\"alignnone size-full wp-image-7290\" src=\"http:\/\/www.lassebacklund.fi\/wp-content\/uploads\/2018\/02\/135.jpg\" alt=\"135\" width=\"807\" height=\"669\" srcset=\"https:\/\/www.kristinestadshistoria.fi\/wp-content\/uploads\/2018\/02\/135.jpg 807w, https:\/\/www.kristinestadshistoria.fi\/wp-content\/uploads\/2018\/02\/135-300x249.jpg 300w, https:\/\/www.kristinestadshistoria.fi\/wp-content\/uploads\/2018\/02\/135-768x637.jpg 768w\" sizes=\"auto, (max-width: 807px) 100vw, 807px\" \/><\/p>\n","protected":false},"excerpt":{"rendered":"<p>I tidskriften &#8221;Finlands Frihetskrig 1918&#8221; som utkom 1920 finns det beskrivet hur frihetskriget f\u00f6rl\u00f6pte p\u00e5 de olika orterna i Finland. Peter Grannas har bidragit med dessa sidor som v\u00e4l belyser h\u00e4ndelserna som ledde till Kristinestads befrielse 31.1.1918.<\/p>\n","protected":false},"author":1,"featured_media":0,"parent":3747,"menu_order":0,"comment_status":"closed","ping_status":"closed","template":"","meta":{"footnotes":""},"class_list":["post-7291","page","type-page","status-publish","hentry"],"_links":{"self":[{"href":"https:\/\/www.kristinestadshistoria.fi\/index.php?rest_route=\/wp\/v2\/pages\/7291","targetHints":{"allow":["GET"]}}],"collection":[{"href":"https:\/\/www.kristinestadshistoria.fi\/index.php?rest_route=\/wp\/v2\/pages"}],"about":[{"href":"https:\/\/www.kristinestadshistoria.fi\/index.php?rest_route=\/wp\/v2\/types\/page"}],"author":[{"embeddable":true,"href":"https:\/\/www.kristinestadshistoria.fi\/index.php?rest_route=\/wp\/v2\/users\/1"}],"replies":[{"embeddable":true,"href":"https:\/\/www.kristinestadshistoria.fi\/index.php?rest_route=%2Fwp%2Fv2%2Fcomments&post=7291"}],"version-history":[{"count":5,"href":"https:\/\/www.kristinestadshistoria.fi\/index.php?rest_route=\/wp\/v2\/pages\/7291\/revisions"}],"predecessor-version":[{"id":7297,"href":"https:\/\/www.kristinestadshistoria.fi\/index.php?rest_route=\/wp\/v2\/pages\/7291\/revisions\/7297"}],"up":[{"embeddable":true,"href":"https:\/\/www.kristinestadshistoria.fi\/index.php?rest_route=\/wp\/v2\/pages\/3747"}],"wp:attachment":[{"href":"https:\/\/www.kristinestadshistoria.fi\/index.php?rest_route=%2Fwp%2Fv2%2Fmedia&parent=7291"}],"curies":[{"name":"wp","href":"https:\/\/api.w.org\/{rel}","templated":true}]}}