{"id":4212,"date":"2017-05-20T22:15:26","date_gmt":"2017-05-20T20:15:26","guid":{"rendered":"http:\/\/www.lassebacklund.fi\/?page_id=4212"},"modified":"2017-05-20T22:15:26","modified_gmt":"2017-05-20T20:15:26","slug":"pehr-evind-svinhufvud","status":"publish","type":"page","link":"https:\/\/www.kristinestadshistoria.fi\/?page_id=4212","title":{"rendered":"Pehr Evind Svinhufvud."},"content":{"rendered":"<p><span style=\"color: #000080;\">Sammanst\u00e4llt av Lasse Backlund i maj 2017.<\/span><\/p>\n<p>Svinhufvud som p\u00e5 \u00e4ldre dagar fick smeknamnet \u201dUkko-Pekka\u201d f\u00f6ddes i S\u00e4\u00e4ksm\u00e4ki \u00e5r 1861, som son till en sj\u00f6kapten i adelssl\u00e4kten Svinhufvud af Qvalstad. Han blev student i Helsingfors och efter det l\u00e4ste han juridik. F\u00f6rst blev han assessor vid \u00c5bo Hovr\u00e4tt och \u00e5r 1903 blev han advokat i Helsingfors.<\/p>\n<p><img loading=\"lazy\" decoding=\"async\" class=\"size-full wp-image-4211 aligncenter\" src=\"http:\/\/www.lassebacklund.fi\/wp-content\/uploads\/2017\/05\/Svinhufvuds-portr\u00e4tt.jpg\" alt=\"Svinhufvuds portr\u00e4tt\" width=\"319\" height=\"458\" srcset=\"https:\/\/www.kristinestadshistoria.fi\/wp-content\/uploads\/2017\/05\/Svinhufvuds-portr\u00e4tt.jpg 319w, https:\/\/www.kristinestadshistoria.fi\/wp-content\/uploads\/2017\/05\/Svinhufvuds-portr\u00e4tt-209x300.jpg 209w\" sizes=\"auto, (max-width: 319px) 100vw, 319px\" \/><\/p>\n<p>Det var i samband med f\u00f6rryskningsprocessen 1899 som han blev politiskt intresserad och k\u00e4nd som en passiv motst\u00e5ndsman. Han h\u00f6rde till ledningen f\u00f6r organisationen Kagalen som ledde det passiva motst\u00e5ndet i Finland. I den f\u00f6rsta riksdagen \u00e5r 1907 blev Svinhufvud vald till talman men den uppl\u00f6stes ganska snabbt. \u00c5r 1914 blev han deporterad till Tomsk i Sibirien p\u00e5 grund av att han v\u00e4grade godta de ryska best\u00e4mmelserna. Han levde ganska gott i Sibirien med jakt och fiske, till och med hans hustru kunde bes\u00f6ka honom n\u00e5gra g\u00e5nger d\u00e4r.<\/p>\n<figure id=\"attachment_4210\" aria-describedby=\"caption-attachment-4210\" style=\"width: 628px\" class=\"wp-caption aligncenter\"><img loading=\"lazy\" decoding=\"async\" class=\"size-full wp-image-4210\" src=\"http:\/\/www.lassebacklund.fi\/wp-content\/uploads\/2017\/05\/Svinhufvud-p\u00e5-K\u00e4mp.jpg\" alt=\"\u00c5r 1917 kunde Svinhufvud \u00e5terv\u00e4nda till Finland och h\u00e4r sitter han p\u00e5 hotell K\u00e4mp i Helsingfors omgiven av blommor.\" width=\"628\" height=\"400\" srcset=\"https:\/\/www.kristinestadshistoria.fi\/wp-content\/uploads\/2017\/05\/Svinhufvud-p\u00e5-K\u00e4mp.jpg 628w, https:\/\/www.kristinestadshistoria.fi\/wp-content\/uploads\/2017\/05\/Svinhufvud-p\u00e5-K\u00e4mp-300x191.jpg 300w\" sizes=\"auto, (max-width: 628px) 100vw, 628px\" \/><figcaption id=\"caption-attachment-4210\" class=\"wp-caption-text\">\u00c5r 1917 kunde Svinhufvud \u00e5terv\u00e4nda till Finland och h\u00e4r sitter han p\u00e5 hotell K\u00e4mp i Helsingfors omgiven av blommor.<\/figcaption><\/figure>\n<p>Efter 3 \u00e5r i Sibirien \u00e5terv\u00e4nde han till Finland 1917 under den ryska revolutionen och blev d\u00e5 utsedd till prokurator, som \u00f6vervakade lagligheten i landet.. Den 27 november 1917 blev han utsedd till senator i Finland och var den som ledde sj\u00e4lvst\u00e4ndighetskampen i Finland. Som ordf\u00f6rande f\u00f6r senaten gav han den 4 december 1917 sj\u00e4lvst\u00e4ndighetsf\u00f6rklaringen till lantdagen och f\u00f6rs\u00f6kte efter det f\u00e5 de ryska myndigheterna att godk\u00e4nna denna. Efter n\u00e5gra veckor godk\u00e4nde den tillf\u00e4lliga ryska regeringen sj\u00e4lvst\u00e4ndighetsf\u00f6rklaringen.<\/p>\n<p>D\u00e5 frihetskriget br\u00f6t ut i slutet av januari 1918, s\u00e5 befann han sig i Helsingfors och han f\u00f6rs\u00f6kte d\u00e5 fly med ett flygplan till Vasa. Det gick s\u00e5 olyckligt att planet fick motorfel och m\u00e5ste \u00e5terv\u00e4nda till Helsingfors och Svinhufvud blev tvungen att h\u00e5lla sig g\u00f6md till mars 1917. D\u00e5 flydde han med isbrytaren Tarmo till Tallinn, d\u00e4r han sedan fortsatte till Tyskland, genom Sverige och \u00f6ver till Vasa f\u00f6r att d\u00e4r leda den finska senaten. Svinhufvud var ordf\u00f6rande f\u00f6r senaten fram till december 1918, d\u00e5 han tvingades avg\u00e5 efter en konflikt med Mannerheim.<\/p>\n<p>Han \u00e5terkom sedan 1931 till makten d\u00e5 han valdes till Finlands tredje president. F\u00f6ljande \u00e5r lyckades han kv\u00e4sa det s\u00e5 kallade M\u00e4nts\u00e4l\u00e4upproret och fortsatte som president perioden ut till 1937.<\/p>\n<p>Svinhufvud dog 1944 i Luum\u00e4ki.<\/p>\n","protected":false},"excerpt":{"rendered":"<p>Sammanst\u00e4llt av Lasse Backlund i maj 2017. Svinhufvud som p\u00e5 \u00e4ldre dagar fick smeknamnet \u201dUkko-Pekka\u201d f\u00f6ddes i S\u00e4\u00e4ksm\u00e4ki \u00e5r 1861, som son till en sj\u00f6kapten i adelssl\u00e4kten Svinhufvud af Qvalstad. Han blev student i Helsingfors och efter det l\u00e4ste han <a class=\"more-link\" href=\"https:\/\/www.kristinestadshistoria.fi\/?page_id=4212\">Forts\u00e4tt l\u00e4sa <span class=\"screen-reader-text\">  Pehr Evind Svinhufvud.<\/span><span class=\"meta-nav\">&rarr;<\/span><\/a><\/p>\n","protected":false},"author":1,"featured_media":0,"parent":3747,"menu_order":0,"comment_status":"closed","ping_status":"closed","template":"","meta":{"footnotes":""},"class_list":["post-4212","page","type-page","status-publish","hentry"],"_links":{"self":[{"href":"https:\/\/www.kristinestadshistoria.fi\/index.php?rest_route=\/wp\/v2\/pages\/4212","targetHints":{"allow":["GET"]}}],"collection":[{"href":"https:\/\/www.kristinestadshistoria.fi\/index.php?rest_route=\/wp\/v2\/pages"}],"about":[{"href":"https:\/\/www.kristinestadshistoria.fi\/index.php?rest_route=\/wp\/v2\/types\/page"}],"author":[{"embeddable":true,"href":"https:\/\/www.kristinestadshistoria.fi\/index.php?rest_route=\/wp\/v2\/users\/1"}],"replies":[{"embeddable":true,"href":"https:\/\/www.kristinestadshistoria.fi\/index.php?rest_route=%2Fwp%2Fv2%2Fcomments&post=4212"}],"version-history":[{"count":1,"href":"https:\/\/www.kristinestadshistoria.fi\/index.php?rest_route=\/wp\/v2\/pages\/4212\/revisions"}],"predecessor-version":[{"id":4213,"href":"https:\/\/www.kristinestadshistoria.fi\/index.php?rest_route=\/wp\/v2\/pages\/4212\/revisions\/4213"}],"up":[{"embeddable":true,"href":"https:\/\/www.kristinestadshistoria.fi\/index.php?rest_route=\/wp\/v2\/pages\/3747"}],"wp:attachment":[{"href":"https:\/\/www.kristinestadshistoria.fi\/index.php?rest_route=%2Fwp%2Fv2%2Fmedia&parent=4212"}],"curies":[{"name":"wp","href":"https:\/\/api.w.org\/{rel}","templated":true}]}}