{"id":30811,"date":"2026-04-12T22:31:32","date_gmt":"2026-04-12T19:31:32","guid":{"rendered":"https:\/\/www.kristinestadshistoria.fi\/?page_id=30811"},"modified":"2026-04-12T22:33:24","modified_gmt":"2026-04-12T19:33:24","slug":"30811-2","status":"publish","type":"page","link":"https:\/\/www.kristinestadshistoria.fi\/?page_id=30811","title":{"rendered":"Anton Granskogs historiska fynd"},"content":{"rendered":"<p>Kristinestadsomr\u00e5det \u00e4r rikt p\u00e5 historiska fynd. Redan p\u00e5 sten\u00e5ldern bodde det folk i de \u00f6stra delarna i byn Dagsmark och de l\u00e4mnade efter sig ett stort antal redskap och tydliga boplatser, som \u00e4r \u00f6ver 4\u00a0000 \u00e5r gamla.<\/p>\n<p>Under j\u00e4rn\u00e5ldern ca 500 f.Kr till 1300 e.Kr bodde det relativt lite folk i Syd\u00f6sterbotten men under den efterf\u00f6ljande medeltiden \u00f6kade inflyttningen och fr\u00e5n den tiden finns det gott om metallfynd. Med moderna metalldetektorer \u00e4r det m\u00f6jligt att vid boplatser hitta redskap gjorda av metall, men s\u00e5dana hittas ocks\u00e5 i sv\u00e5rtillg\u00e4nglig terr\u00e4ng och i skogar.<\/p>\n<p>En som i m\u00e5nga \u00e5r s\u00f6kt efter och hittat gamla metallf\u00f6rem\u00e5l \u00e4r Anton Granskog (f.2003) fr\u00e5n Kristinestad. Han har r\u00f6tterna p\u00e5 Mittsholmen i Lappfj\u00e4rd och har f\u00e5tt sitt historiska intresse av sin farfar Torolf.<\/p>\n<p>H\u00e4r nedan en del av Antons fynd.<\/p>\n<figure id=\"attachment_30810\" aria-describedby=\"caption-attachment-30810\" style=\"width: 875px\" class=\"wp-caption alignnone\"><img loading=\"lazy\" decoding=\"async\" class=\"size-full wp-image-30810\" src=\"https:\/\/www.kristinestadshistoria.fi\/wp-content\/uploads\/2026\/04\/1-Yxa-fran-Tjock.png\" alt=\"\" width=\"875\" height=\"987\" srcset=\"https:\/\/www.kristinestadshistoria.fi\/wp-content\/uploads\/2026\/04\/1-Yxa-fran-Tjock.png 875w, https:\/\/www.kristinestadshistoria.fi\/wp-content\/uploads\/2026\/04\/1-Yxa-fran-Tjock-266x300.png 266w, https:\/\/www.kristinestadshistoria.fi\/wp-content\/uploads\/2026\/04\/1-Yxa-fran-Tjock-768x866.png 768w\" sizes=\"auto, (max-width: 875px) 100vw, 875px\" \/><figcaption id=\"caption-attachment-30810\" class=\"wp-caption-text\">1. Handsmidd yxa upphittad vid J\u00e5fsbacken i Tj\u00f6ck, n\u00e4ra Tj\u00f6ck \u00e5. M\u00f6jligtvis fr\u00e5n slutet av 1700-talet eller b\u00f6rjan av 1800-talet.<\/figcaption><\/figure>\n<p>&nbsp;<\/p>\n","protected":false},"excerpt":{"rendered":"<p>Kristinestadsomr\u00e5det \u00e4r rikt p\u00e5 historiska fynd. Redan p\u00e5 sten\u00e5ldern bodde det folk i de \u00f6stra delarna i byn Dagsmark och de l\u00e4mnade efter sig ett stort antal redskap och tydliga boplatser, som \u00e4r \u00f6ver 4\u00a0000 \u00e5r gamla. Under j\u00e4rn\u00e5ldern ca <a class=\"more-link\" href=\"https:\/\/www.kristinestadshistoria.fi\/?page_id=30811\">Forts\u00e4tt l\u00e4sa <span class=\"screen-reader-text\">  Anton Granskogs historiska fynd<\/span><span class=\"meta-nav\">&rarr;<\/span><\/a><\/p>\n","protected":false},"author":1,"featured_media":0,"parent":17,"menu_order":3,"comment_status":"closed","ping_status":"closed","template":"","meta":{"footnotes":""},"class_list":["post-30811","page","type-page","status-publish","hentry"],"_links":{"self":[{"href":"https:\/\/www.kristinestadshistoria.fi\/index.php?rest_route=\/wp\/v2\/pages\/30811","targetHints":{"allow":["GET"]}}],"collection":[{"href":"https:\/\/www.kristinestadshistoria.fi\/index.php?rest_route=\/wp\/v2\/pages"}],"about":[{"href":"https:\/\/www.kristinestadshistoria.fi\/index.php?rest_route=\/wp\/v2\/types\/page"}],"author":[{"embeddable":true,"href":"https:\/\/www.kristinestadshistoria.fi\/index.php?rest_route=\/wp\/v2\/users\/1"}],"replies":[{"embeddable":true,"href":"https:\/\/www.kristinestadshistoria.fi\/index.php?rest_route=%2Fwp%2Fv2%2Fcomments&post=30811"}],"version-history":[{"count":3,"href":"https:\/\/www.kristinestadshistoria.fi\/index.php?rest_route=\/wp\/v2\/pages\/30811\/revisions"}],"predecessor-version":[{"id":30814,"href":"https:\/\/www.kristinestadshistoria.fi\/index.php?rest_route=\/wp\/v2\/pages\/30811\/revisions\/30814"}],"up":[{"embeddable":true,"href":"https:\/\/www.kristinestadshistoria.fi\/index.php?rest_route=\/wp\/v2\/pages\/17"}],"wp:attachment":[{"href":"https:\/\/www.kristinestadshistoria.fi\/index.php?rest_route=%2Fwp%2Fv2%2Fmedia&parent=30811"}],"curies":[{"name":"wp","href":"https:\/\/api.w.org\/{rel}","templated":true}]}}