{"id":28656,"date":"2024-07-03T23:09:58","date_gmt":"2024-07-03T20:09:58","guid":{"rendered":"https:\/\/www.kristinestadshistoria.fi\/?page_id=28656"},"modified":"2025-07-30T22:25:32","modified_gmt":"2025-07-30T19:25:32","slug":"jarnkorset-vid-hjaltegravarna","status":"publish","type":"page","link":"https:\/\/www.kristinestadshistoria.fi\/?page_id=28656","title":{"rendered":"J\u00e4rnkorset vid hj\u00e4ltegravarna"},"content":{"rendered":"<p><span style=\"color: #000080;\"><b>Sammanst\u00e4llt av Lasse Backlund i juli 2024.<\/b><\/span><\/p>\n<p><strong>D\u00e5 Kristinestad \u00e5r 1949 fyllde 300 \u00e5r<\/strong> s\u00e5 besl\u00f6t fullm\u00e4ktige p\u00e5 ett extra m\u00f6te i juli att det skall uppf\u00f6ras ett minnesm\u00e4rke vid de s\u00e5 kallade hj\u00e4ltegravarna vid Ulrika Eleonorakyrkan. Med det skulle staden hedra de som gav sitt liv f\u00f6r landets frihet i krigen 1939-1940 och 1941-1944 och fullm\u00e4ktige besl\u00f6t att ansl\u00e5 100 000 mark f\u00f6r minnesm\u00e4rket.<\/p>\n<p>N\u00e5gon tidtabell besl\u00f6ts det inte om och planeringen av minnesm\u00e4rket drog ut p\u00e5 tiden. I b\u00f6rjan av \u00e5r 1957 skickades en f\u00f6rfr\u00e5gan och en modellritning av ett minnesm\u00e4rke till den v\u00e4lk\u00e4nda monumentkonstrukt\u00f6ren Ilmari Wirkkala i Helsingfors. Wirkkala hade l\u00e5ng erfarenhet av dylika monument och hade arbetat som planerare p\u00e5 Ab Granit i Hang\u00f6 redan p\u00e5 1920-talet. D\u00e4r var han bland annat involverad i planerandet och byggandet av det minnesm\u00e4rke av granitsten som restes vid kyrkan i Lappfj\u00e4rd i augusti 1920. J\u00e4rnkorset skulle vara 5,72 meter h\u00f6gt fr\u00e5n marken och korsarmens l\u00e4ngd n\u00e4stan 3 meter.<\/p>\n<figure id=\"attachment_28652\" aria-describedby=\"caption-attachment-28652\" style=\"width: 420px\" class=\"wp-caption alignnone\"><img loading=\"lazy\" decoding=\"async\" class=\" wp-image-28652\" src=\"https:\/\/www.kristinestadshistoria.fi\/wp-content\/uploads\/2024\/07\/IMG_2031.jpg\" alt=\"\" width=\"420\" height=\"531\" srcset=\"https:\/\/www.kristinestadshistoria.fi\/wp-content\/uploads\/2024\/07\/IMG_2031.jpg 1422w, https:\/\/www.kristinestadshistoria.fi\/wp-content\/uploads\/2024\/07\/IMG_2031-237x300.jpg 237w, https:\/\/www.kristinestadshistoria.fi\/wp-content\/uploads\/2024\/07\/IMG_2031-810x1024.jpg 810w, https:\/\/www.kristinestadshistoria.fi\/wp-content\/uploads\/2024\/07\/IMG_2031-768x971.jpg 768w, https:\/\/www.kristinestadshistoria.fi\/wp-content\/uploads\/2024\/07\/IMG_2031-1215x1536.jpg 1215w\" sizes=\"auto, (max-width: 420px) 100vw, 420px\" \/><figcaption id=\"caption-attachment-28652\" class=\"wp-caption-text\">Troligtvis var det en lokal designer som ritade upp j\u00e4rnkorset och best\u00e4mde dess storlek. Det bifogades sedan till offertf\u00f6rfr\u00e5gan som skickades \u00e5t Ilmari Wirkkala i Helsingfors.<\/figcaption><\/figure>\n<p><strong>I mars 1957<\/strong> svarade Wirkkala p\u00e5 stadens f\u00f6rfr\u00e5gan och ber\u00e4knade kostnaderna f\u00f6r ett kors i metall till 490\u00a0000 mark. Inflationen efter de tv\u00e5 krigen var h\u00f6g varje \u00e5r och den summa som fullm\u00e4ktige hade anslagit 1949 r\u00e4ckte inte l\u00e5ngt. Ilmari meddelade att j\u00e4rnkorset skall \u201dhitsas ihop\u201d av 2 U-balkar och sedan f\u00f6rses med en 1 \u00bd mm kopparhyding. Kopparn skulle patineras m\u00f6rk med svavel. J\u00e4rnet kommer att v\u00e4ga 1\u00a0380 kg och kopparpl\u00e5ten 140 kg och enbart materialet skulle kosta 180\u00a0000 mark.<\/p>\n<p>Best\u00e4llaren skulle i god tid f\u00f6re uppf\u00f6randet gjuta en sockel av armerad betong och den skulle g\u00f6ras mycket robust f\u00f6r att kunna \u201dst\u00e5 emot vindens st\u00f6tar\u201d.<\/p>\n<p>I brevet som var riktat till Alvar Utter meddelade Ilmari Wirkkala att det \u00e4r hans on Tauno Wirkkala, som kommer att ha ansvaret f\u00f6r planeringen, utf\u00f6randet och uppresandet av korset. Tauno hade en verkstad i Utti i n\u00e4rheten av Kouvola, d\u00e4r han ocks\u00e5 bodde.<\/p>\n<p>Den 19 maj begav sig en del av medlemmarna i kommitt\u00e9n ner till Helsingfors f\u00f6r att d\u00e4r tr\u00e4ffa b\u00e5de Ilmari och Tauno Wirkkala. Ilmari p\u00e5pekade i ett brev att vissa detaljer i avtalet borde finslipas. Sonen Tauno hade meddelat att det m\u00e5ste s\u00e4ttas n\u00e5gon typ av isolering mellan metallstommen och kopparpl\u00e5ten.<\/p>\n<figure id=\"attachment_28653\" aria-describedby=\"caption-attachment-28653\" style=\"width: 517px\" class=\"wp-caption alignnone\"><img loading=\"lazy\" decoding=\"async\" class=\" wp-image-28653\" src=\"https:\/\/www.kristinestadshistoria.fi\/wp-content\/uploads\/2024\/07\/IMG_2032.jpg\" alt=\"\" width=\"517\" height=\"529\" srcset=\"https:\/\/www.kristinestadshistoria.fi\/wp-content\/uploads\/2024\/07\/IMG_2032.jpg 1512w, https:\/\/www.kristinestadshistoria.fi\/wp-content\/uploads\/2024\/07\/IMG_2032-293x300.jpg 293w, https:\/\/www.kristinestadshistoria.fi\/wp-content\/uploads\/2024\/07\/IMG_2032-1001x1024.jpg 1001w, https:\/\/www.kristinestadshistoria.fi\/wp-content\/uploads\/2024\/07\/IMG_2032-768x785.jpg 768w, https:\/\/www.kristinestadshistoria.fi\/wp-content\/uploads\/2024\/07\/IMG_2032-1502x1536.jpg 1502w\" sizes=\"auto, (max-width: 517px) 100vw, 517px\" \/><figcaption id=\"caption-attachment-28653\" class=\"wp-caption-text\">Ilmari Wirkkala skickade denna ritning \u00e5t Alvar Utter i Kristinestad och d\u00e4r beskrevs hur j\u00e4rnkorsets fundament skall konstrueras. Fundamentets storlek 3,90 x 3,90 cm har tydligen r\u00e4ckt till, eftersom korset fortfarande st\u00e5r rakt.<\/figcaption><\/figure>\n<p>I augusti 1957 meddelade Ilmari Wirkkala att hade bes\u00f6kt sonen i Utti och m\u00e4rkte att arbetet var lite f\u00f6rsenat p\u00e5 grund av att ett par kopparpl\u00e5tar var felaktiga och nya m\u00e5ste best\u00e4llas. Kopparpl\u00e5tarna l\u00f6ddes ihop med silver, vilket konstateras vara det b\u00e4sta s\u00e4ttet. Det var t\u00e4nkt att korset skulle levereras i tre delar med t\u00e5g men Tauno \u00e4ndrade sig s\u00e5 att det levererades fr\u00e5n Utti med lastbil i st\u00e4llet. Transporten skulle ske en l\u00f6rdagsnatt d\u00e5 det var lite trafik p\u00e5 v\u00e4garna.<\/p>\n<p>I slutet av augusti 1957 var j\u00e4rnkorset p\u00e5 plats och d\u00e4r har det st\u00e5tt sedan dess.<\/p>\n<p>\u00d6ster om gravarna skall det p\u00e5 samma g\u00e5ng s\u00e4ttas en sten med gjutna eller smidda bokst\u00e4ver och siffror. Sj\u00e4lva stenen best\u00e4lldes av Tervajoen Kiviveist\u00e4m\u00f6 och tillsammans med kantstenar skulle den kosta 58\u00a0600 mark. Stenen skall vara 45 cm h\u00f6g, 180 cm l\u00e5ng och 30 cm bred. Den skall levereras inom september m\u00e5nad till Kristinestad. 28 bokst\u00e4ver och emblemet med frihetskorset best\u00e4lldes av Ilmari Wirkkalas firma i Helsingfors och de blev att kosta \u00f6ver 25\u00a0000 mark.<\/p>\n<figure id=\"attachment_28654\" aria-describedby=\"caption-attachment-28654\" style=\"width: 968px\" class=\"wp-caption alignnone\"><img loading=\"lazy\" decoding=\"async\" class=\"size-full wp-image-28654\" src=\"https:\/\/www.kristinestadshistoria.fi\/wp-content\/uploads\/2024\/07\/IMG_2492.jpg\" alt=\"\" width=\"968\" height=\"1291\" srcset=\"https:\/\/www.kristinestadshistoria.fi\/wp-content\/uploads\/2024\/07\/IMG_2492.jpg 968w, https:\/\/www.kristinestadshistoria.fi\/wp-content\/uploads\/2024\/07\/IMG_2492-225x300.jpg 225w, https:\/\/www.kristinestadshistoria.fi\/wp-content\/uploads\/2024\/07\/IMG_2492-768x1024.jpg 768w\" sizes=\"auto, (max-width: 968px) 100vw, 968px\" \/><figcaption id=\"caption-attachment-28654\" class=\"wp-caption-text\">Det h\u00e4r metallkorset restes p\u00e5 sin plats i augusti 1957 och eftersom det \u00e4r n\u00e4stan sex meter h\u00f6gt, s\u00e5 var det d\u00e5 synligt \u00e5t alla h\u00e5ll. Numera skymmer tr\u00e4dens l\u00f6vkronor korset, s\u00e5 att det inte l\u00e4ngre \u00e4r lika synligt. Fotot fr\u00e5n sommaren 2024.<\/figcaption><\/figure>\n<figure id=\"attachment_28655\" aria-describedby=\"caption-attachment-28655\" style=\"width: 847px\" class=\"wp-caption alignnone\"><img loading=\"lazy\" decoding=\"async\" class=\"size-full wp-image-28655\" src=\"https:\/\/www.kristinestadshistoria.fi\/wp-content\/uploads\/2024\/07\/IMG_2495.jpg\" alt=\"\" width=\"847\" height=\"1130\" srcset=\"https:\/\/www.kristinestadshistoria.fi\/wp-content\/uploads\/2024\/07\/IMG_2495.jpg 847w, https:\/\/www.kristinestadshistoria.fi\/wp-content\/uploads\/2024\/07\/IMG_2495-225x300.jpg 225w, https:\/\/www.kristinestadshistoria.fi\/wp-content\/uploads\/2024\/07\/IMG_2495-768x1025.jpg 768w\" sizes=\"auto, (max-width: 847px) 100vw, 847px\" \/><figcaption id=\"caption-attachment-28655\" class=\"wp-caption-text\">Tervajoen Kiviveist\u00e4m\u00f6 levererade den h\u00e4r stenen till Kristinestad i september 1957 och Tauno Wirkkala tillverkade bokst\u00e4verna, siffrorna och emblemen med frihetskorset. Fotot fr\u00e5n sommaren 2024.<\/figcaption><\/figure>\n<figure id=\"attachment_30067\" aria-describedby=\"caption-attachment-30067\" style=\"width: 1372px\" class=\"wp-caption alignnone\"><img loading=\"lazy\" decoding=\"async\" class=\"size-full wp-image-30067\" src=\"https:\/\/www.kristinestadshistoria.fi\/wp-content\/uploads\/2025\/07\/2025-gravarnas-belysning.jpg\" alt=\"\" width=\"1372\" height=\"866\" srcset=\"https:\/\/www.kristinestadshistoria.fi\/wp-content\/uploads\/2025\/07\/2025-gravarnas-belysning.jpg 1372w, https:\/\/www.kristinestadshistoria.fi\/wp-content\/uploads\/2025\/07\/2025-gravarnas-belysning-300x189.jpg 300w, https:\/\/www.kristinestadshistoria.fi\/wp-content\/uploads\/2025\/07\/2025-gravarnas-belysning-1024x646.jpg 1024w, https:\/\/www.kristinestadshistoria.fi\/wp-content\/uploads\/2025\/07\/2025-gravarnas-belysning-768x485.jpg 768w\" sizes=\"auto, (max-width: 1372px) 100vw, 1372px\" \/><figcaption id=\"caption-attachment-30067\" class=\"wp-caption-text\">Under sommaren 2025 fick varje hj\u00e4ltegrav en lampa enligt modell fr\u00e5n hj\u00e4ltegravarna i Lappfj\u00e4rd, d\u00e4r en privatperson fr\u00e5n Dagsmark stod f\u00f6r alla kostnader. De h\u00e4r nya lamporna kommer ocks\u00e5 att i kv\u00e4llsm\u00f6rkret lysa upp j\u00e4rnkorset. Fotot fr\u00e5n juli 2025.<\/figcaption><\/figure>\n","protected":false},"excerpt":{"rendered":"<p>Sammanst\u00e4llt av Lasse Backlund i juli 2024. D\u00e5 Kristinestad \u00e5r 1949 fyllde 300 \u00e5r s\u00e5 besl\u00f6t fullm\u00e4ktige p\u00e5 ett extra m\u00f6te i juli att det skall uppf\u00f6ras ett minnesm\u00e4rke vid de s\u00e5 kallade hj\u00e4ltegravarna vid Ulrika Eleonorakyrkan. Med det skulle <a class=\"more-link\" href=\"https:\/\/www.kristinestadshistoria.fi\/?page_id=28656\">Forts\u00e4tt l\u00e4sa <span class=\"screen-reader-text\">  J\u00e4rnkorset vid hj\u00e4ltegravarna<\/span><span class=\"meta-nav\">&rarr;<\/span><\/a><\/p>\n","protected":false},"author":1,"featured_media":0,"parent":10623,"menu_order":20,"comment_status":"closed","ping_status":"closed","template":"","meta":{"footnotes":""},"class_list":["post-28656","page","type-page","status-publish","hentry"],"_links":{"self":[{"href":"https:\/\/www.kristinestadshistoria.fi\/index.php?rest_route=\/wp\/v2\/pages\/28656","targetHints":{"allow":["GET"]}}],"collection":[{"href":"https:\/\/www.kristinestadshistoria.fi\/index.php?rest_route=\/wp\/v2\/pages"}],"about":[{"href":"https:\/\/www.kristinestadshistoria.fi\/index.php?rest_route=\/wp\/v2\/types\/page"}],"author":[{"embeddable":true,"href":"https:\/\/www.kristinestadshistoria.fi\/index.php?rest_route=\/wp\/v2\/users\/1"}],"replies":[{"embeddable":true,"href":"https:\/\/www.kristinestadshistoria.fi\/index.php?rest_route=%2Fwp%2Fv2%2Fcomments&post=28656"}],"version-history":[{"count":7,"href":"https:\/\/www.kristinestadshistoria.fi\/index.php?rest_route=\/wp\/v2\/pages\/28656\/revisions"}],"predecessor-version":[{"id":30070,"href":"https:\/\/www.kristinestadshistoria.fi\/index.php?rest_route=\/wp\/v2\/pages\/28656\/revisions\/30070"}],"up":[{"embeddable":true,"href":"https:\/\/www.kristinestadshistoria.fi\/index.php?rest_route=\/wp\/v2\/pages\/10623"}],"wp:attachment":[{"href":"https:\/\/www.kristinestadshistoria.fi\/index.php?rest_route=%2Fwp%2Fv2%2Fmedia&parent=28656"}],"curies":[{"name":"wp","href":"https:\/\/api.w.org\/{rel}","templated":true}]}}