{"id":28023,"date":"2024-03-31T12:47:25","date_gmt":"2024-03-31T09:47:25","guid":{"rendered":"https:\/\/www.kristinestadshistoria.fi\/?page_id=28023"},"modified":"2024-03-31T12:47:25","modified_gmt":"2024-03-31T09:47:25","slug":"fran-kristinestads-grundlaggningstider","status":"publish","type":"page","link":"https:\/\/www.kristinestadshistoria.fi\/?page_id=28023","title":{"rendered":"Fr\u00e5n Kristinestads grundl\u00e4ggningstider"},"content":{"rendered":"<p><span style=\"color: #000080;\"><strong>F\u00f6rfattat av Bjarne Henriksson och publicerat i Syd-\u00d6sterbotten 9 december 1972. Renskrivet av Lasse Backlund i mars 2024.<\/strong><\/span><\/p>\n<p>Vid den h\u00e4r tiden f\u00f6r 323 \u00e5r sedan var vasaborgarna f\u00f6rgrymmade. Den 5 december 1649 hade n\u00e4mligen Per Brahe undertecknat fundationsbrevet f\u00f6r Kristinestad. Vasaborgarna, som var r\u00e4dda f\u00f6r att mista sitt grepp om lappfj\u00e4rdsb\u00f6ndernas varor, hade under l\u00e5nga tider k\u00e4mpat f\u00f6r att utvidga deras r\u00e4tt till seglation p\u00e5 Stockholm.<\/p>\n<p>Till exempel p\u00e5 riksdagen i Stockholm 3 oktober \u2013 27 november 1643, steg tv\u00e5 b\u00f6nder fr\u00e5n s\u00f6dra \u00d6sterbotten fram och ville ha sina f\u00f6rdelar mera tillgodosedda. En av dessa b\u00f6nder var Lars M\u00e5nsson (Klemets) fr\u00e5n Dagsmark, befullm\u00e4ktigades \u00e5ter p\u00e5 tinget i N\u00e4rpes 5 \u2013 7 mars 1649, att resa till generalguvern\u00f6r Per Brahe (1648-1651). Den h\u00e4r g\u00e5ngen hade Lars M\u00e5nsson p\u00e5 tinget f\u00e5tt b\u00f6nderna att g\u00e5 med p\u00e5 att kr\u00e4va att en stad skall grundas n\u00e5gonstans mellan Bj\u00f6rneborg och Vasa.<\/p>\n<p>Lars M\u00e5nsson hade stora f\u00f6rhoppningar, eftersom Per Brahe p\u00e5 sin resa i \u00d6sterbotten \u00e5r 1639 hade konstaterat, att det verkligen beh\u00f6vdes en stad i nejden. Han hade d\u00e5 kastat fram Kopp\u00f6n i Tj\u00f6ck, som en l\u00e4mplig plats.<\/p>\n<p>S\u00e5 fort isarna sm\u00e4lte p\u00e5 v\u00e5ren 1649 seglade Lars M\u00e5nsson till \u00c5bo, d\u00e4r Per Brahe residerade. Per Brahes anh\u00e5llan till drottningen Kristina vann genklang och Lars M\u00e5nsson kunde resa hem tillbaka i visshet om att f\u00e5 en stad p\u00e5 n\u00e4rmare h\u00e5ll \u00e4n Vasa och Bj\u00f6rneborg.<\/p>\n<p>Peter Siulsson, som var borgm\u00e4stare i Vasa, f\u00f6rs\u00f6kte \u00e4nnu i en skrivelse av den 17 september 1649 riktad till kansler Axel Oxenstierna, f\u00e5 denne att upph\u00e4va beslutet om att grunda en stad p\u00e5 Kopp\u00f6n. N\u00e4r Nykarleby grundades \u00e5r 1620, hade vasaborgarna haft lika liten framg\u00e5ng.<\/p>\n<p>Nu var de igen tvungna att se p\u00e5 hur handelsb\u00f6nder och borgare fr\u00e5n andra st\u00e4der flyttade till Kopp\u00f6n f\u00f6r att f\u00e5 njuta av de tolv skattefrihets\u00e5r, som hade beviljats \u00e5t stadens inv\u00e5nare. Matts Knutsson, som \u00e4gde markerna d\u00e4r staden anlades, tycktes inte ha varit s\u00e5 glad \u00e5t beslutet. Han f\u00f6ref\u00f6ll att h\u00e5rdnackat ha v\u00e4grat att flytta p\u00e5 sig, fast Claes Claesson \u00e5r 1651 hade stakat ut en grundplan f\u00f6r staden. Han bodde kvar \u00e4nnu 1652, n\u00e4r staden fick namnet Christinestad, efter drottning Kristina och Per Brahes maka Christina Catharina Stenbock.<\/p>\n","protected":false},"excerpt":{"rendered":"<p>F\u00f6rfattat av Bjarne Henriksson och publicerat i Syd-\u00d6sterbotten 9 december 1972. Renskrivet av Lasse Backlund i mars 2024. Vid den h\u00e4r tiden f\u00f6r 323 \u00e5r sedan var vasaborgarna f\u00f6rgrymmade. Den 5 december 1649 hade n\u00e4mligen Per Brahe undertecknat fundationsbrevet f\u00f6r <a class=\"more-link\" href=\"https:\/\/www.kristinestadshistoria.fi\/?page_id=28023\">Forts\u00e4tt l\u00e4sa <span class=\"screen-reader-text\">  Fr\u00e5n Kristinestads grundl\u00e4ggningstider<\/span><span class=\"meta-nav\">&rarr;<\/span><\/a><\/p>\n","protected":false},"author":1,"featured_media":0,"parent":23557,"menu_order":10,"comment_status":"closed","ping_status":"closed","template":"","meta":{"footnotes":""},"class_list":["post-28023","page","type-page","status-publish","hentry"],"_links":{"self":[{"href":"https:\/\/www.kristinestadshistoria.fi\/index.php?rest_route=\/wp\/v2\/pages\/28023","targetHints":{"allow":["GET"]}}],"collection":[{"href":"https:\/\/www.kristinestadshistoria.fi\/index.php?rest_route=\/wp\/v2\/pages"}],"about":[{"href":"https:\/\/www.kristinestadshistoria.fi\/index.php?rest_route=\/wp\/v2\/types\/page"}],"author":[{"embeddable":true,"href":"https:\/\/www.kristinestadshistoria.fi\/index.php?rest_route=\/wp\/v2\/users\/1"}],"replies":[{"embeddable":true,"href":"https:\/\/www.kristinestadshistoria.fi\/index.php?rest_route=%2Fwp%2Fv2%2Fcomments&post=28023"}],"version-history":[{"count":1,"href":"https:\/\/www.kristinestadshistoria.fi\/index.php?rest_route=\/wp\/v2\/pages\/28023\/revisions"}],"predecessor-version":[{"id":28024,"href":"https:\/\/www.kristinestadshistoria.fi\/index.php?rest_route=\/wp\/v2\/pages\/28023\/revisions\/28024"}],"up":[{"embeddable":true,"href":"https:\/\/www.kristinestadshistoria.fi\/index.php?rest_route=\/wp\/v2\/pages\/23557"}],"wp:attachment":[{"href":"https:\/\/www.kristinestadshistoria.fi\/index.php?rest_route=%2Fwp%2Fv2%2Fmedia&parent=28023"}],"curies":[{"name":"wp","href":"https:\/\/api.w.org\/{rel}","templated":true}]}}