{"id":27517,"date":"2023-11-23T15:37:24","date_gmt":"2023-11-23T13:37:24","guid":{"rendered":"https:\/\/www.kristinestadshistoria.fi\/?page_id=27517"},"modified":"2023-11-23T15:37:24","modified_gmt":"2023-11-23T13:37:24","slug":"gavobrev","status":"publish","type":"page","link":"https:\/\/www.kristinestadshistoria.fi\/?page_id=27517","title":{"rendered":"G\u00e5vobrev"},"content":{"rendered":"<p><span style=\"color: #000080;\"><b>Renskrivet av Lasse Backlund i november 2023.<\/b><\/span><\/p>\n<p>F\u00f6reningen Arbetets V\u00e4nner i Kristinestad r.f. \u00f6verl\u00e5ter h\u00e4rmed s\u00e5som g\u00e5va till Svenska f\u00f6reningen Braheg\u00e5rden r.f. sin \u00e4gande fastighet \u00d6stra L\u00e5nggatan 45, tomterna 142 och 143 i denna stads III kvarter, enligt 1825 \u00e5rs stadsplan, j\u00e4mte inventarier p\u00e5 f\u00f6ljande villkor:<\/p>\n<p>1). \u00d6ver den donerade egendomen uppr\u00e4ttas specificerade f\u00f6rteckningar.<\/p>\n<p>2). De skulder, som graveras den donerade egendomen j\u00e4mte F\u00f6reningen Arbetets V\u00e4nners r.f. skuld till \u201dArbetets V\u00e4nners Blomsterfond\u201d, \u00f6vertas av g\u00e5vomottagaren.<\/p>\n<p>3). I den h\u00e4ndelse Svenska f\u00f6reningen Braheg\u00e5rden r.f. skulle uppl\u00f6sas eller p\u00e5 annat s\u00e4tt upph\u00f6ra med sin verksamhet i sin nuvarande form tillfaller den donerade egendomen F\u00f6reningen Arbetets V\u00e4nner i Kristinestad r.f. eller om denna inte l\u00e4ngre finns, till ett annat svenskt kultur\u00e4ndam\u00e5l p\u00e5 orten, som allm\u00e4nt m\u00f6te utlyst bland Kristinestads svenskatalande befolkning, best\u00e4mmer.<\/p>\n<p>Kristinestad, den 9.2.1952.<\/p>\n<p>P\u00e5 f\u00f6reningen Arbetets V\u00e4nner i Kristinestad r.f. v\u00e4gnar, ordf\u00f6rande Olof Bergvik<\/p>\n<p>Ovanst\u00e5ende g\u00e5va mottar vi med tacksamhet p\u00e5 i detta g\u00e5vobrev stipulerade villkor.<\/p>\n<p>Ort och tid som ovan.<\/p>\n<p>P\u00e5 Svenska F\u00f6reningen Braheg\u00e5rdens r.f. v\u00e4gnar.<\/p>\n<p>Gunnar Carlsson och Levi Hannus, befullm\u00e4ktigade<\/p>\n","protected":false},"excerpt":{"rendered":"<p>Renskrivet av Lasse Backlund i november 2023. F\u00f6reningen Arbetets V\u00e4nner i Kristinestad r.f. \u00f6verl\u00e5ter h\u00e4rmed s\u00e5som g\u00e5va till Svenska f\u00f6reningen Braheg\u00e5rden r.f. sin \u00e4gande fastighet \u00d6stra L\u00e5nggatan 45, tomterna 142 och 143 i denna stads III kvarter, enligt 1825 \u00e5rs <a class=\"more-link\" href=\"https:\/\/www.kristinestadshistoria.fi\/?page_id=27517\">Forts\u00e4tt l\u00e4sa <span class=\"screen-reader-text\">  G\u00e5vobrev<\/span><span class=\"meta-nav\">&rarr;<\/span><\/a><\/p>\n","protected":false},"author":1,"featured_media":0,"parent":19139,"menu_order":5,"comment_status":"closed","ping_status":"closed","template":"","meta":{"footnotes":""},"class_list":["post-27517","page","type-page","status-publish","hentry"],"_links":{"self":[{"href":"https:\/\/www.kristinestadshistoria.fi\/index.php?rest_route=\/wp\/v2\/pages\/27517","targetHints":{"allow":["GET"]}}],"collection":[{"href":"https:\/\/www.kristinestadshistoria.fi\/index.php?rest_route=\/wp\/v2\/pages"}],"about":[{"href":"https:\/\/www.kristinestadshistoria.fi\/index.php?rest_route=\/wp\/v2\/types\/page"}],"author":[{"embeddable":true,"href":"https:\/\/www.kristinestadshistoria.fi\/index.php?rest_route=\/wp\/v2\/users\/1"}],"replies":[{"embeddable":true,"href":"https:\/\/www.kristinestadshistoria.fi\/index.php?rest_route=%2Fwp%2Fv2%2Fcomments&post=27517"}],"version-history":[{"count":1,"href":"https:\/\/www.kristinestadshistoria.fi\/index.php?rest_route=\/wp\/v2\/pages\/27517\/revisions"}],"predecessor-version":[{"id":27518,"href":"https:\/\/www.kristinestadshistoria.fi\/index.php?rest_route=\/wp\/v2\/pages\/27517\/revisions\/27518"}],"up":[{"embeddable":true,"href":"https:\/\/www.kristinestadshistoria.fi\/index.php?rest_route=\/wp\/v2\/pages\/19139"}],"wp:attachment":[{"href":"https:\/\/www.kristinestadshistoria.fi\/index.php?rest_route=%2Fwp%2Fv2%2Fmedia&parent=27517"}],"curies":[{"name":"wp","href":"https:\/\/api.w.org\/{rel}","templated":true}]}}

Gåvobrev

<p><span style="color: #000080;"><b>Renskrivet av Lasse Backlund i november 2023.</b></span></p>
<p>Föreningen Arbetets Vänner i Kristinestad r.f. överlåter härmed såsom gåva till Svenska föreningen Brahegården r.f. sin ägande fastighet Östra Långgatan 45, tomterna 142 och 143 i denna stads III kvarter, enligt 1825 års stadsplan, jämte inventarier på följande villkor:</p>
<p>1). Över den donerade egendomen upprättas specificerade förteckningar.</p>
<p>2). De skulder, som graveras den donerade egendomen jämte Föreningen Arbetets Vänners r.f. skuld till ”Arbetets Vänners Blomsterfond”, övertas av gåvomottagaren.</p>
<p>3). I den händelse Svenska föreningen Brahegården r.f. skulle upplösas eller på annat sätt upphöra med sin verksamhet i sin nuvarande form tillfaller den donerade egendomen Föreningen Arbetets Vänner i Kristinestad r.f. eller om denna inte längre finns, till ett annat svenskt kulturändamål på orten, som allmänt möte utlyst bland Kristinestads svenskatalande befolkning, bestämmer.</p>
<p>Kristinestad, den 9.2.1952.</p>
<p>På föreningen Arbetets Vänner i Kristinestad r.f. vägnar, ordförande Olof Bergvik</p>
<p>Ovanstående gåva mottar vi med tacksamhet på i detta gåvobrev stipulerade villkor.</p>
<p>Ort och tid som ovan.</p>
<p>På Svenska Föreningen Brahegårdens r.f. vägnar.</p>
<p>Gunnar Carlsson och Levi Hannus, befullmäktigade</p>

<p>Renskrivet av Lasse Backlund i november 2023. Föreningen Arbetets Vänner i Kristinestad r.f. överlåter härmed såsom gåva till Svenska föreningen Brahegården r.f. sin ägande fastighet Östra Långgatan 45, tomterna 142 och 143 i denna stads III kvarter, enligt 1825 års <a class="more-link" href="https://www.kristinestadshistoria.fi/?page_id=27517">Fortsätt läsa <span class="screen-reader-text">  Gåvobrev</span><span class="meta-nav">&rarr;</span></a></p>
