{"id":26258,"date":"2023-05-21T09:54:22","date_gmt":"2023-05-21T06:54:22","guid":{"rendered":"https:\/\/www.kristinestadshistoria.fi\/?page_id=26258"},"modified":"2025-01-05T23:03:32","modified_gmt":"2025-01-05T21:03:32","slug":"den-forsakrade-garden-pa-tomt-nr-15","status":"publish","type":"page","link":"https:\/\/www.kristinestadshistoria.fi\/?page_id=26258","title":{"rendered":"Den f\u00f6rs\u00e4krade g\u00e5rden p\u00e5 tomt nr 15"},"content":{"rendered":"<p><span style=\"color: #000080;\"><strong>Sammanst\u00e4llt av Lasse Backlund. Uppgifterna \u00e4r tagna ur gamla f\u00f6rs\u00e4kringsbrev, som finns p\u00e5 Riksarkivet.<\/strong><\/span><\/p>\n<h2><strong>Brandf\u00f6rs\u00e4kringen \u00e5r 1848.<\/strong><\/h2>\n<p>\u00c5r 1832 bildades \u201dAllm\u00e4nna Brandstodsbolaget i Finland\u201d i Helsingfors men det var f\u00f6rst i juni 1848, som byggnaderna f\u00f6rs\u00e4krades f\u00f6r f\u00f6rsta g\u00e5ngen. Skepparen Hans Dahlberg ans\u00f6kte d\u00e5 att hans g\u00e5rd skulle f\u00f6rs\u00e4kras mot eldskada. F\u00f6rs\u00e4kringsans\u00f6kan skulle g\u00f6ras till bolaget och skepparen Dahlberg uppgav d\u00e5 att p\u00e5 tomten fanns det n\u00f6diga brandredskap, n\u00e4mligen 2 handsprutor, 3 brandstegar, 2 svablar, 3 brandhakar och 3 brand\u00e4mbare.<\/p>\n<p>Dahlberg uppgav att hans tomt var 2\u00a0530 \u201dQvadrat alnar i areal vidd\u201d (en kvadrataln = 0,36 m\u00b2).<\/p>\n<figure id=\"attachment_26260\" aria-describedby=\"caption-attachment-26260\" style=\"width: 1382px\" class=\"wp-caption alignnone\"><img loading=\"lazy\" decoding=\"async\" class=\"size-full wp-image-26260\" src=\"https:\/\/www.kristinestadshistoria.fi\/wp-content\/uploads\/2023\/05\/Tomtkarta-forsakring-1848-liten-original.jpg\" alt=\"\" width=\"1382\" height=\"1377\" srcset=\"https:\/\/www.kristinestadshistoria.fi\/wp-content\/uploads\/2023\/05\/Tomtkarta-forsakring-1848-liten-original.jpg 1382w, https:\/\/www.kristinestadshistoria.fi\/wp-content\/uploads\/2023\/05\/Tomtkarta-forsakring-1848-liten-original-300x300.jpg 300w, https:\/\/www.kristinestadshistoria.fi\/wp-content\/uploads\/2023\/05\/Tomtkarta-forsakring-1848-liten-original-1024x1020.jpg 1024w, https:\/\/www.kristinestadshistoria.fi\/wp-content\/uploads\/2023\/05\/Tomtkarta-forsakring-1848-liten-original-150x150.jpg 150w, https:\/\/www.kristinestadshistoria.fi\/wp-content\/uploads\/2023\/05\/Tomtkarta-forsakring-1848-liten-original-768x765.jpg 768w\" sizes=\"auto, (max-width: 1382px) 100vw, 1382px\" \/><figcaption id=\"caption-attachment-26260\" class=\"wp-caption-text\">D\u00e5 skepparen Dahlberg \u00e5r 1848 ville f\u00f6rs\u00e4kra byggnaderna p\u00e5 sin tomt invid Barlastplatsen, s\u00e5 var de placerade enligt denna renritade planteckning.<\/figcaption><\/figure>\n<p>\u00c5r 1848 fanns det tre byggnader p\u00e5 tomten, som Dahlberg ville f\u00f6rs\u00e4kra:<\/p>\n<h5><strong>Byggnad nr 1:<\/strong><\/h5>\n<p>En tr\u00e4byggnad i gott skick, byggd av nytt grantimmer \u00e5r 1837 och tillbyggd i norra \u00e4ndan \u00e5r 1845. Den var br\u00e4dfodrad och m\u00e5lad med gul oljef\u00e4rg, i en v\u00e5ning och d\u00e4r fanns 10 rum, n\u00e4mligen en f\u00f6rstuga, tv\u00e5 salar och fem kammare och i dessa rum fanns det sju kakelugnar och i k\u00f6ket en spis med bakugn. Det fanns tv\u00e5 vindskamrar med varsin kakelugn. Huset var 39 alnar (en aln = 60 cm) l\u00e5ngt och 15 alnar brett och h\u00f6jden fr\u00e5n marken till takkammen var 15 alnar. Taket var gjort av tj\u00e4rpapper och huset hade en stenfot, som var 1 aln h\u00f6g.<\/p>\n<p>Den h\u00e4r tiden f\u00f6rs\u00e4krades alla byggnadsdelar skilt, till exempel stenfoten f\u00f6rs\u00e4krades f\u00f6r 50 rubel, stommen f\u00f6r 530 och den oljem\u00e5lade br\u00e4dfodringen f\u00f6r 190 rubel. Yttre taket f\u00f6rs\u00e4krades f\u00f6r 200 rubel, bj\u00e4lklagen f\u00f6r 60, golven av granplankor 140, innertaken av furubr\u00e4der f\u00f6r 90, tolv f\u00f6nster med vitt glas i kitt, med dubblas f\u00f6r 96 rubel tillsammans. I g\u00e5rden fanns det 11 mindre vindsf\u00f6nster, en dubbeld\u00f6rr till f\u00f6rstugan och 11 oljem\u00e5lade, halvfranska spegeld\u00f6rrar. Tre rum hade oljem\u00e5lade tapeter och ett hade vattenf\u00e4rgade tapeter. I byggnaden fanns det 9 kakelugnar av tegel och en k\u00f6ksspis med bakugn och 3 skorstenar.<\/p>\n<p>Hela byggnaden f\u00f6rs\u00e4krades f\u00f6r 1\u00a0670 rubel.<\/p>\n<h5><strong>Byggnad nr 2:<\/strong><\/h5>\n<p>En hush\u00e5llsbod i gott skick, byggd av nytt grantimmer \u00e5r 1839. Den var varken br\u00e4dfodrad eller m\u00e5lad, hade ett tak av br\u00e4der och stod p\u00e5 knutstenar. Den var 8 alnar l\u00e5ng och lika bred. Ocks\u00e5 h\u00e4r f\u00f6rs\u00e4krades delarna skilt f\u00f6r sig, till och med knutstenarna brandf\u00f6rs\u00e4krades &#8211; \u00a0f\u00f6r 4 rubel.<\/p>\n<p>Hela hush\u00e5llsboden f\u00f6rs\u00e4krades f\u00f6r 60 rubel.<\/p>\n<h5><strong>Byggnad nr 3:<\/strong><\/h5>\n<p>En uthusbyggnad, best\u00e5ende av ett vedlider, f\u00e4hus, foderlada och uppf\u00f6rd av nytt grantimmer \u00e5r 1840. Det var varken br\u00e4dfodrat eller m\u00e5lat, hade ett tak av br\u00e4der och stod p\u00e5 knutstenar. Uthuset var 30 alnar l\u00e5ngt och 9 alnar brett och h\u00f6jden var lite mer \u00e4n 8 alnar till takkammen.<\/p>\n<p>Uthuset f\u00f6rs\u00e4krades f\u00f6r 120 rubel.<\/p>\n<p>F\u00f6rutom dessa tre byggnader ville Dahlberg f\u00f6rs\u00e4kra ink\u00f6rsporten f\u00f6r 12 rubel men den lokala brandstodskommitt\u00e9n godk\u00e4nde endast 10. Samma sak var det med planket som Dahlberg vill f\u00f6rs\u00e4kra f\u00f6r 18 med kommitt\u00e9n godk\u00e4nde 15.<\/p>\n<p>Totala f\u00f6rs\u00e4kringen gick p\u00e5 1\u00a0875 rubel och den \u00e5rliga \u00a0intr\u00e4desavgiften eller premien ber\u00e4knades till 22,81 rubel. Denna avgift g\u00e4llde f\u00f6r de kommande fem \u00e5ren och den kunde justeras vid 5-\u00e5rs granskningen.<\/p>\n<p>Dahlberg uppgav att samtliga byggnader p\u00e5 tomten var f\u00f6rs\u00e4krade och han uppgav ocks\u00e5 att det inte fanns n\u00e5gra eldfarliga inr\u00e4ttningar p\u00e5 tomten men den n\u00e4rmaste fanns p\u00e5 barlastplatsen och det var en smedja.<\/p>\n<h2><strong>Brandf\u00f6rs\u00e4kringen \u00e5r 1903.<\/strong><\/h2>\n<p>Den 29 december 1903 ville d\u00e5varande \u00e4garen, stadsfogden Ernst Forsberg teckna en ny brandf\u00f6rs\u00e4kring p\u00e5 sina byggnader. F\u00f6rs\u00e4kringen tr\u00e4dde i kraft f\u00f6rst f\u00f6ljande \u00e5r och den tecknades eftersom Forsberg hade gjort flera f\u00f6rb\u00e4ttringar p\u00e5 byggnaderna, s\u00e5 att de har f\u00e5tt ett h\u00f6gre v\u00e4rde.<\/p>\n<p>Forsberg uppgav att tomten var 892 m\u00b2 stor och att den v\u00e4stra r\u00e5n mot Strandgatan var 25,24 m och att gatan p\u00e5 detta st\u00e4lle var 6,55 m bred. Tomten ligger vid Stadsfj\u00e4rden, d\u00e4rifr\u00e5n vatten snabbt kan f\u00e5 vid en eventuell eldsv\u00e5da.<\/p>\n<figure id=\"attachment_26261\" aria-describedby=\"caption-attachment-26261\" style=\"width: 1408px\" class=\"wp-caption alignnone\"><img loading=\"lazy\" decoding=\"async\" class=\"size-full wp-image-26261\" src=\"https:\/\/www.kristinestadshistoria.fi\/wp-content\/uploads\/2023\/05\/Tomtkarta-forsakring-1903-liten.jpg\" alt=\"\" width=\"1408\" height=\"839\" srcset=\"https:\/\/www.kristinestadshistoria.fi\/wp-content\/uploads\/2023\/05\/Tomtkarta-forsakring-1903-liten.jpg 1408w, https:\/\/www.kristinestadshistoria.fi\/wp-content\/uploads\/2023\/05\/Tomtkarta-forsakring-1903-liten-300x179.jpg 300w, https:\/\/www.kristinestadshistoria.fi\/wp-content\/uploads\/2023\/05\/Tomtkarta-forsakring-1903-liten-1024x610.jpg 1024w, https:\/\/www.kristinestadshistoria.fi\/wp-content\/uploads\/2023\/05\/Tomtkarta-forsakring-1903-liten-768x458.jpg 768w\" sizes=\"auto, (max-width: 1408px) 100vw, 1408px\" \/><figcaption id=\"caption-attachment-26261\" class=\"wp-caption-text\">\u00c5r 1903 s\u00e5 ville den d\u00e5varande g\u00e5rds\u00e4garen, stadsfogden Ernst Forsberg teckna en ny brandf\u00f6rs\u00e4kring. Han hade renoverat g\u00e5rden och gjort f\u00f6rb\u00e4ttringar p\u00e5 uthusen och de hade d\u00e4rf\u00f6r f\u00e5tt ett h\u00f6gre v\u00e4rde \u00e4n tidigare.<\/figcaption><\/figure>\n<p><strong>Byggnaden nr 1<\/strong> var br\u00e4dfodrad och m\u00e5lad och hade nu f\u00e5tt ett tak av asfaltfilt. Huset var 23,16 m l\u00e5ngt och 8,91 m brett och d\u00e4r fanns nio rum. Den hade genomg\u00e5tt en grundlig renovering, vilket motiverade en ny f\u00f6rs\u00e4kring.<\/p>\n<p>Byggnaden f\u00f6rs\u00e4krades f\u00f6r 9\u00a0800 mark.<\/p>\n<p><strong>Byggnaden nr 2<\/strong>, som var en hush\u00e5llsbod i tv\u00e5 v\u00e5ningar, byggd \u00e5r 1839 hade nu ett tak av asfaltfilt och det f\u00f6rs\u00e4krades f\u00f6r 300 mark.<\/p>\n<p><strong>Byggnaden nr 3<\/strong>, allts\u00e5 uthuset hade nu ett tak av asfaltfilt och det f\u00f6rs\u00e4krades f\u00f6r 650 mark.<\/p>\n<p>Ink\u00f6rsporten, som var gjord av stock och br\u00e4der f\u00f6rs\u00e4krades f\u00f6r 100 mark och det oljem\u00e5lade planket runt tomten f\u00f6r 150 mark. Planket var 35 m l\u00e5ngt och 1,9 m h\u00f6gt. Tr\u00e4dg\u00e5rdsstaketet av stock, str\u00e4vor och ribbor f\u00f6rs\u00e4krades f\u00f6r 100 mark och det var 45 m l\u00e5ngt och 1,3 m h\u00f6gt.<\/p>\n<p>Hela f\u00f6rs\u00e4kringsbeloppet uppgick till 11\u00a0100 mark och den \u00e5rliga premien ber\u00e4knades till 108,60 mk. Premien f\u00f6r huvudbyggnaden steg med 10 % eftersom det ocks\u00e5 fanns ett par vindsrum. Hush\u00e5llsbodens premie h\u00f6jdes ocks\u00e5 med 10 % eftersom den hade dubbla bottnar. Uthusets premie h\u00f6jdes med 30 % eftersom det stod f\u00f6r n\u00e4ra byggnad nr 2.<\/p>\n<figure id=\"attachment_26262\" aria-describedby=\"caption-attachment-26262\" style=\"width: 1420px\" class=\"wp-caption alignnone\"><img loading=\"lazy\" decoding=\"async\" class=\"size-full wp-image-26262\" src=\"https:\/\/www.kristinestadshistoria.fi\/wp-content\/uploads\/2023\/05\/Tomtkarta-forsakring-1903-original.jpg\" alt=\"\" width=\"1420\" height=\"2417\" srcset=\"https:\/\/www.kristinestadshistoria.fi\/wp-content\/uploads\/2023\/05\/Tomtkarta-forsakring-1903-original.jpg 1420w, https:\/\/www.kristinestadshistoria.fi\/wp-content\/uploads\/2023\/05\/Tomtkarta-forsakring-1903-original-176x300.jpg 176w, https:\/\/www.kristinestadshistoria.fi\/wp-content\/uploads\/2023\/05\/Tomtkarta-forsakring-1903-original-602x1024.jpg 602w, https:\/\/www.kristinestadshistoria.fi\/wp-content\/uploads\/2023\/05\/Tomtkarta-forsakring-1903-original-768x1307.jpg 768w, https:\/\/www.kristinestadshistoria.fi\/wp-content\/uploads\/2023\/05\/Tomtkarta-forsakring-1903-original-902x1536.jpg 902w, https:\/\/www.kristinestadshistoria.fi\/wp-content\/uploads\/2023\/05\/Tomtkarta-forsakring-1903-original-1203x2048.jpg 1203w\" sizes=\"auto, (max-width: 1420px) 100vw, 1420px\" \/><figcaption id=\"caption-attachment-26262\" class=\"wp-caption-text\">S\u00e5 h\u00e4r s\u00e5g planteckningen ut som Ernst Forsberg bifogade till f\u00f6rs\u00e4kringsbrevet \u00e5r 1903. D\u00e4r fanns alla avst\u00e5nd till andra byggnader upptagna, likas\u00e5 alla byggnader p\u00e5 granntomterna.<\/figcaption><\/figure>\n<h2><strong>Brandf\u00f6rs\u00e4kringen \u00e5r 1910.<\/strong><\/h2>\n<p>Den 21 november 1910 tecknade stadsfiskalen Ernst Forsberg en ny brandf\u00f6rs\u00e4kring p\u00e5 byggnaderna, eftersom dessa genom f\u00f6rb\u00e4ttringar hade f\u00e5tt ett h\u00f6gre v\u00e4rde. Stigande kostnader och arbetsl\u00f6ner motiverade ocks\u00e5 dessa f\u00f6rh\u00f6jningar.<\/p>\n<p>Tomten var fortfarande 892 m\u00b2 stor och p\u00e5 den fanns alla n\u00f6dv\u00e4ndiga brandredskap. Tomten gr\u00e4nsade till tomt nr 16, Stadsfj\u00e4rden, Lillgr\u00e4nden och Strandgatan.<\/p>\n<p>P\u00e5 tomten fanns tre byggnader, som alla skulle f\u00f6rs\u00e4kras.<\/p>\n<p><strong>Byggnad nr 1<\/strong> f\u00f6rs\u00e4krades nu f\u00f6r 16\u00a0000 mark.<\/p>\n<p><strong>Byggnad nr 2<\/strong> var en hush\u00e5llsbod, 5,05 m l\u00e5ng, 4,75 m bred och hade dubbla bottnar. Den f\u00f6rskrades nu f\u00f6r 500 mark.<\/p>\n<p><strong>Byggnad nr 3<\/strong> var ett uthus, uppf\u00f6rt av stock \u00e5r 1840 och hade ett tak av asfaltfilt. Det var 17,81 m l\u00e5ngt och 5,34 m brett och d\u00e4r fanns en foderlada, f\u00e4hus med f\u00f6rstuga, latrin med spillningskast och ett vedlider. Forsberg vill f\u00f6rs\u00e4kra denna byggnad f\u00f6r 2\u00a0000 mark med brandstodsbolaget godk\u00e4nde endast 1\u00a0500 mark.<\/p>\n<p>Ink\u00f6rsporten f\u00f6rs\u00e4krades f\u00f6r 100 mark och planket f\u00f6r 150 mark. Hela f\u00f6rs\u00e4kringsbeloppet uppgick till 18\u00a0250 mark och den \u00e5rliga intr\u00e4desavgiften eller premien ber\u00e4knades till 159,83 mark.<\/p>\n<p>Forsberg uppgav att p\u00e5 hans tomt fanns inga eldfarliga inr\u00e4ttningar, och inte p\u00e5 granntomterna heller. M\u00e5nga h\u00f6ga lummiga tr\u00e4d fanns p\u00e5 den egna tomten, liksom p\u00e5 granntomterna.<\/p>\n<figure id=\"attachment_26986\" aria-describedby=\"caption-attachment-26986\" style=\"width: 515px\" class=\"wp-caption alignnone\"><img loading=\"lazy\" decoding=\"async\" class=\"size-full wp-image-26986\" src=\"https:\/\/www.kristinestadshistoria.fi\/wp-content\/uploads\/2023\/07\/Tomtkarta-1910-stor-10.jpg\" alt=\"\" width=\"515\" height=\"912\" srcset=\"https:\/\/www.kristinestadshistoria.fi\/wp-content\/uploads\/2023\/07\/Tomtkarta-1910-stor-10.jpg 515w, https:\/\/www.kristinestadshistoria.fi\/wp-content\/uploads\/2023\/07\/Tomtkarta-1910-stor-10-169x300.jpg 169w\" sizes=\"auto, (max-width: 515px) 100vw, 515px\" \/><figcaption id=\"caption-attachment-26986\" class=\"wp-caption-text\">S\u00e5 h\u00e4r s\u00e5g den planteckning ut som stadsfiskalen Ernst Forsberg l\u00e4t rita upp d\u00e5 han tecknade en ny brandf\u00f6rs\u00e4kring i november 1910.<\/figcaption><\/figure>\n<h3><strong>Brandf\u00f6rs\u00e4kringen 1919.<\/strong><\/h3>\n<p><strong>\u00c5r 1919, den 30 juli<\/strong> tecknade fr\u00f6ken Betty Bj\u00f6rkroth en ny brandf\u00f6rs\u00e4kring p\u00e5 byggnaderna och de v\u00e4rderades nu till 39 200 mark. N\u00e5gra st\u00f6rre f\u00f6r\u00e4ndringar hade inte gjort men den h\u00f6ga inflationen hade gjort att v\u00e4rdet minskat. Den nya stenk\u00e4llaren , nr 4 p\u00e5 ritningen l\u00e4mnades utan f\u00f6rs\u00e4kring.<\/p>\n<figure id=\"attachment_29463\" aria-describedby=\"caption-attachment-29463\" style=\"width: 1408px\" class=\"wp-caption alignnone\"><img loading=\"lazy\" decoding=\"async\" class=\"size-full wp-image-29463\" src=\"https:\/\/www.kristinestadshistoria.fi\/wp-content\/uploads\/2025\/01\/Tomtkarta-1919-1.jpg\" alt=\"\" width=\"1408\" height=\"1855\" srcset=\"https:\/\/www.kristinestadshistoria.fi\/wp-content\/uploads\/2025\/01\/Tomtkarta-1919-1.jpg 1408w, https:\/\/www.kristinestadshistoria.fi\/wp-content\/uploads\/2025\/01\/Tomtkarta-1919-1-228x300.jpg 228w, https:\/\/www.kristinestadshistoria.fi\/wp-content\/uploads\/2025\/01\/Tomtkarta-1919-1-777x1024.jpg 777w, https:\/\/www.kristinestadshistoria.fi\/wp-content\/uploads\/2025\/01\/Tomtkarta-1919-1-768x1012.jpg 768w, https:\/\/www.kristinestadshistoria.fi\/wp-content\/uploads\/2025\/01\/Tomtkarta-1919-1-1166x1536.jpg 1166w\" sizes=\"auto, (max-width: 1408px) 100vw, 1408px\" \/><figcaption id=\"caption-attachment-29463\" class=\"wp-caption-text\">\u00c5r 1919 tecknade fr\u00f6ken Betty Bj\u00f6rkroth en ny brandf\u00f6rs\u00e4kring och till f\u00f6rs\u00e4kringsbrevet fogade hon denna planteckning, d\u00e4r ocks\u00e5 den nya stenk\u00e4llaren \u00e4r inritad.<\/figcaption><\/figure>\n","protected":false},"excerpt":{"rendered":"<p>Sammanst\u00e4llt av Lasse Backlund. Uppgifterna \u00e4r tagna ur gamla f\u00f6rs\u00e4kringsbrev, som finns p\u00e5 Riksarkivet. Brandf\u00f6rs\u00e4kringen \u00e5r 1848. \u00c5r 1832 bildades \u201dAllm\u00e4nna Brandstodsbolaget i Finland\u201d i Helsingfors men det var f\u00f6rst i juni 1848, som byggnaderna f\u00f6rs\u00e4krades f\u00f6r f\u00f6rsta g\u00e5ngen. Skepparen <a class=\"more-link\" href=\"https:\/\/www.kristinestadshistoria.fi\/?page_id=26258\">Forts\u00e4tt l\u00e4sa <span class=\"screen-reader-text\">  Den f\u00f6rs\u00e4krade g\u00e5rden p\u00e5 tomt nr 15<\/span><span class=\"meta-nav\">&rarr;<\/span><\/a><\/p>\n","protected":false},"author":1,"featured_media":0,"parent":20819,"menu_order":10,"comment_status":"closed","ping_status":"closed","template":"","meta":{"footnotes":""},"class_list":["post-26258","page","type-page","status-publish","hentry"],"_links":{"self":[{"href":"https:\/\/www.kristinestadshistoria.fi\/index.php?rest_route=\/wp\/v2\/pages\/26258","targetHints":{"allow":["GET"]}}],"collection":[{"href":"https:\/\/www.kristinestadshistoria.fi\/index.php?rest_route=\/wp\/v2\/pages"}],"about":[{"href":"https:\/\/www.kristinestadshistoria.fi\/index.php?rest_route=\/wp\/v2\/types\/page"}],"author":[{"embeddable":true,"href":"https:\/\/www.kristinestadshistoria.fi\/index.php?rest_route=\/wp\/v2\/users\/1"}],"replies":[{"embeddable":true,"href":"https:\/\/www.kristinestadshistoria.fi\/index.php?rest_route=%2Fwp%2Fv2%2Fcomments&post=26258"}],"version-history":[{"count":7,"href":"https:\/\/www.kristinestadshistoria.fi\/index.php?rest_route=\/wp\/v2\/pages\/26258\/revisions"}],"predecessor-version":[{"id":29464,"href":"https:\/\/www.kristinestadshistoria.fi\/index.php?rest_route=\/wp\/v2\/pages\/26258\/revisions\/29464"}],"up":[{"embeddable":true,"href":"https:\/\/www.kristinestadshistoria.fi\/index.php?rest_route=\/wp\/v2\/pages\/20819"}],"wp:attachment":[{"href":"https:\/\/www.kristinestadshistoria.fi\/index.php?rest_route=%2Fwp%2Fv2%2Fmedia&parent=26258"}],"curies":[{"name":"wp","href":"https:\/\/api.w.org\/{rel}","templated":true}]}}