{"id":26227,"date":"2023-05-18T22:34:21","date_gmt":"2023-05-18T19:34:21","guid":{"rendered":"https:\/\/www.kristinestadshistoria.fi\/?page_id=26227"},"modified":"2025-01-06T13:10:41","modified_gmt":"2025-01-06T11:10:41","slug":"den-forsakrade-garden-pa-tomt-nr-131","status":"publish","type":"page","link":"https:\/\/www.kristinestadshistoria.fi\/?page_id=26227","title":{"rendered":"Den f\u00f6rs\u00e4krade g\u00e5rden p\u00e5 tomt nr 131"},"content":{"rendered":"<p><span style=\"color: #000080;\"><strong>Sammanst\u00e4llt av Lasse Backlund. Uppgifter \u00e4r tagna ur gamla f\u00f6rs\u00e4kringsbrev, som finns p\u00e5 Riksarkivet.<\/strong><\/span><\/p>\n<h2><strong>Brandf\u00f6rs\u00e4kringen \u00e5r 1834.<\/strong><\/h2>\n<p>\u00c5r 1832 bildades \u201dAllm\u00e4nna Brandstodsbolaget i Finland\u201d i Helsingfors och redan \u00e5r 1834 f\u00f6rs\u00e4krade handlanden Erik Anders Holmstr\u00f6m (f.1807) sin g\u00e5rd p\u00e5 tomt nr 131 p\u00e5 Strandgatan 39. F\u00f6rs\u00e4kringsans\u00f6kan skulle g\u00f6ras till bolaget och han uppgav d\u00e5 att g\u00e5rden l\u00e5g p\u00e5 ett avst\u00e5nd av 133 alnar (80 m) fr\u00e5n Stadsfj\u00e4rden, d\u00e4rifr\u00e5n vatten kunde langas vid en eventuell eldsv\u00e5da. F\u00f6r att f\u00f6rs\u00e4kringen skulle godk\u00e4nnas m\u00e5ste det finnas brandredskap p\u00e5 tomten och Erik Anders uppgav att det fanns 2 brandstegar, 2 brandhakar, 2 handsprutor, 2 svabbar och 2 l\u00e4der\u00e4mbar.<\/p>\n<figure id=\"attachment_26229\" aria-describedby=\"caption-attachment-26229\" style=\"width: 1701px\" class=\"wp-caption alignnone\"><img loading=\"lazy\" decoding=\"async\" class=\"size-full wp-image-26229\" src=\"https:\/\/www.kristinestadshistoria.fi\/wp-content\/uploads\/2023\/05\/Tomtkarta-1834-liten.jpg\" alt=\"\" width=\"1701\" height=\"1273\" srcset=\"https:\/\/www.kristinestadshistoria.fi\/wp-content\/uploads\/2023\/05\/Tomtkarta-1834-liten.jpg 1701w, https:\/\/www.kristinestadshistoria.fi\/wp-content\/uploads\/2023\/05\/Tomtkarta-1834-liten-300x225.jpg 300w, https:\/\/www.kristinestadshistoria.fi\/wp-content\/uploads\/2023\/05\/Tomtkarta-1834-liten-1024x766.jpg 1024w, https:\/\/www.kristinestadshistoria.fi\/wp-content\/uploads\/2023\/05\/Tomtkarta-1834-liten-768x575.jpg 768w, https:\/\/www.kristinestadshistoria.fi\/wp-content\/uploads\/2023\/05\/Tomtkarta-1834-liten-1536x1150.jpg 1536w\" sizes=\"auto, (max-width: 1701px) 100vw, 1701px\" \/><figcaption id=\"caption-attachment-26229\" class=\"wp-caption-text\">\u00c5r 1834 ville den d\u00e5varande \u00e4garen Erik Anders Holmstr\u00f6m brandf\u00f6rs\u00e4kra byggnaderna, som d\u00e5 var placerade p\u00e5 detta vis. Huvudbyggnaden hade den tiden \u00e4r l\u00e4ngre vinkel v\u00e4sterut och denna revs omkring 1902, d\u00e5 den nuvarande g\u00e5rden uppf\u00f6rdes.\u00a0 Inf\u00e4llt i nedre kanten Erik Anders Holmstr\u00f6ms namnteckning p\u00e5 f\u00f6rs\u00e4kringsbrevet.<\/figcaption><\/figure>\n<p>Erik Anders uppgav att tomten var \u201d2 741 qvadrat alnar i arial vidd\u201d (960 m\u00b2). \u00a0Han uppgav att det \u00e5r 1834 fanns f\u00f6ljande byggnader p\u00e5 tomten, som skulle f\u00f6rs\u00e4kras:<\/p>\n<h5><strong>Byggnad nr 1.<\/strong><\/h5>\n<p>En tr\u00e4dbyggnad av furutimmer i gott st\u00e5nd, av nytt timmer, uppsatt \u00e5r 1795, i env\u00e5ning. Br\u00e4dfodrad \u00e5r 1803 och tillbyggd i en vinkel l\u00e4ngs Skolgatan \u00e5r 1825, som inte \u00e4nnu var br\u00e4dfodrad men nog r\u00f6dm\u00e5lad. I byggnaden fanns 9 rum, n\u00e4mligen en f\u00f6rstuga, 2 salar, en salubod, 4 kamrar med tillsammans 5 kakelugnar. D\u00e4r fanns ocks\u00e5 ett k\u00f6k med en k\u00f6ksspis.<\/p>\n<p>H\u00f6jden p\u00e5 byggnaden var 9 \u00bd alnar (5,7, m), l\u00e4ngden 43 alnar (25,8 m) och bredd 10 alnar. Taket var lagt med n\u00e4ver och vedtak och hade en stenfot som var 1 aln h\u00f6g.<\/p>\n<p>Som brukligt var s\u00e5 f\u00f6rs\u00e4krades alla byggdetaljer och inredning skilt f\u00f6r sig. Stenfoten f\u00f6rs\u00e4krade f\u00f6r 120 rubel, stommen f\u00f6r 692, yttre taket 182, bj\u00e4lklagen 102, golven av granplankor f\u00f6r 238 rubel. I byggnaden fanns det 12 panelade, oljem\u00e5lade f\u00f6nsterlufter med halvvitt glas i kitt och de var 1,3 m h\u00f6ga och 1,20 m breda. 8 ofodrade, oljem\u00e5lade halvfranska d\u00f6rrar f\u00f6rs\u00e4krades f\u00f6r 22 rubel per styck. Kakelugnarna f\u00f6rs\u00e4krade f\u00f6r 20-25 rubel per styck och k\u00f6ksspisen f\u00f6r 50. I fem rum fanns det vattenf\u00e4rgade tapeter men i andra rum fanns det duktapeter och franska tapeter. I butikslokalen f\u00f6rs\u00e4krades den fasta inredningen f\u00f6r 85 rubel, som bestod av disk, hyllor och l\u00e5dfack.<\/p>\n<p>Byggnaden f\u00f6rs\u00e4krades f\u00f6r 2\u00a0450 rubel.<\/p>\n<h5><strong>Byggnad nr 2:<\/strong><\/h5>\n<p>En uthusbyggnad i gott skick, uppf\u00f6rt i en v\u00e5ning \u00e5r 1820 och var inte \u00e4nnu br\u00e4dfodrad. I uthuset fanns det 3 magasin, vedlider och ett stall med spillningshus. Uthuset var 39 \u00bd alnar (23,7 m) l\u00e5ngt och 9 alnar (5,6 m) brett och det hade ett tak av n\u00e4ver och det saknade stenfot. Ocks\u00e5 denna byggnad, liksom alla andra f\u00f6rs\u00e4krades alla byggnadsdelar skilt. Handlande Holmstr\u00f6m ville f\u00e5 detta uthus f\u00f6rs\u00e4krat f\u00f6r 910 rubel men det lokala brandstodskommitt\u00e9n prutade v\u00e4rdet till 800 j\u00e4mnt.<\/p>\n<h5><strong>Byggnad nr 3:<\/strong><\/h5>\n<p>En tr\u00e4dbyggnad av furutimmer, uppf\u00f6rd \u00e5r 1800 och d\u00e4r fanns endast ett rum och i det rummet fanns en k\u00f6ksspis och en inmurad j\u00e4rngryta, som kunde rymma 50 kannor (ca 125 liter). Byggnaden var 12 \u00bd aln (7,5 m) l\u00e5ng och 9 alnar bred.<\/p>\n<p>Byggnaden var f\u00f6rsedd med n\u00e4vertak och det f\u00f6rs\u00e4krades f\u00f6r 400 rubel.<\/p>\n<h5><strong>Byggnad nr 4:<\/strong><\/h5>\n<p>En tr\u00e4dbyggnad av furutimmer i gott skick, uppf\u00f6rd \u00e5r 1800 i en v\u00e5ning. Den var inte br\u00e4dfodrat men m\u00e5lad med r\u00f6df\u00e4rg. I byggnaden fanns det en f\u00f6rstuga, en stuga och en kammare och i dessa rum fanns det en kakelugn och en bakugn. Huset var 19 alnar (11,4 m) l\u00e5ngt och 10 alnar brett, hade ett n\u00e4vertak och grunden var byggd av grundstenar.<\/p>\n<p>Grundstenarna under byggnaden f\u00f6rs\u00e4krades f\u00f6r 42 rubel, stommen f\u00f6r 188 och bj\u00e4lklagen f\u00f6r 27 rubel.<\/p>\n<p>Hela byggnaden f\u00f6rs\u00e4krades f\u00f6r 750 rubel.<\/p>\n<h5><strong>Byggnad nr 5:<\/strong><\/h5>\n<p>En ladug\u00e5rdsbyggnad i f\u00f6rsvarligt skick, byggd av b\u00e5de gammalt och nytt timmer \u00e5r 1833, inte br\u00e4dfodrad men nog r\u00f6dm\u00e5lad och i byggnaden fanns det en f\u00f6rstuga, f\u00e4hus och en foderlada. Ladug\u00e5rden var 24 \u00bd alnar (14,7 m) l\u00e5ng och 8 \u00be alnar bred, saknade stenfot och hade n\u00e4vertak.<\/p>\n<p>F\u00e4huset f\u00f6rs\u00e4krades f\u00f6r 350 rubel.<\/p>\n<h5><strong>Byggnad nr 6:<\/strong><\/h5>\n<p>Ett hush\u00e5llsmagasin uppf\u00f6rt av nytt timmer \u00e5r 1804 och m\u00e5lat med r\u00f6d f\u00e4rg. Magasinet eller h\u00e4rbret var 5 \u00bd l\u00e5ngt och lika brett, hade n\u00e4vertak och en grund av stockar.<\/p>\n<p>Magasinet f\u00f6rs\u00e4krades f\u00f6r 150 rubel.<\/p>\n<h5><strong>Byggnad nr 7:<\/strong><\/h5>\n<p>Ett av korsvirke och br\u00e4der uppf\u00f6rt \u00f6ppet sl\u00e4dskjul, byggt \u00e5r 1821. Den s\u00f6dra sidan var \u00f6ppen, det saknade stenfot och hade ett tak av br\u00e4der. Skjulet var 19 \u00bd alnar l\u00e5ngt och 8 \u00bd alnar brett.<\/p>\n<p>Skjulet f\u00f6rs\u00e4krades f\u00f6r 200 rubel.<\/p>\n<p>F\u00f6rutom dessa sju byggnader s\u00e5 f\u00f6rs\u00e4krade Erik Anders ink\u00f6rsporten f\u00f6r 50 rubel. Den var byggd av furubr\u00e4der och i f\u00f6rs\u00e4kringen ingick l\u00e5s och g\u00e5ngj\u00e4rn.<\/p>\n<p>Hela f\u00f6rs\u00e4kringsbeloppet uppgick till 5\u00a0150 rubel. Erik Anders sj\u00e4lv hade v\u00e4rderat byggnaderna till 5\u00a0783 men han godk\u00e4nde brandstodskommitt\u00e9ns v\u00e4rderingar. Premien, som den tiden kallades f\u00f6r \u201d\u00e5rliga intr\u00e4desavgiften\u201d ber\u00e4knades till 54 rubel 60 kopek och den summan g\u00e4llde i fem \u00e5rs tid. Vart femte \u00e5r skulle brandredskapen och byggnaderna granskas och d\u00e5 kunde premien justeras upp\u00e5t eller ner\u00e5t.<\/p>\n<p>\u00c5r 1840 granskades byggnaderna och brandredskapen f\u00f6r f\u00f6rsta g\u00e5ngen. G\u00e5rden \u00e4gdes d\u00e5 av Simon Anders Wendelin och det konstaterades d\u00e5 att byggnaderna hade f\u00f6rfallit och v\u00e4rdet likas\u00e5.\u00a0 F\u00f6rs\u00e4kringsv\u00e4rdet p\u00e5 huvudbyggnaden s\u00e4nktes fr\u00e5n 2\u00a0450 till 1800 rubel och p\u00e5 de andra byggnaderna i samma f\u00f6rh\u00e5llande. Alla byggnaders v\u00e4rde ber\u00e4knades till 3\u00a0750 rubel.<\/p>\n<p>F\u00f6ljande granskning gjordes i april 1846 och g\u00e5rden \u00e4gdes d\u00e5 av handlanden Erik Johan Sundman. Tv\u00e5 hantverkare och brandstodskommitt\u00e9ns lokala agent v\u00e4rderade d\u00e5 byggnaden igen och fastst\u00e4llde premierna. Handlande Sundman kunde bara konstatera att f\u00f6rs\u00e4kringsv\u00e4rdet igen s\u00e4nktes p\u00e5 samtliga byggnader och till exempel byggnad nr 3 f\u00f6rs\u00e4krades inte alls.<\/p>\n<p>Vid granskningarna 1851, 1856, 1861, 1866, 1871 och 1876 godk\u00e4ndes v\u00e4rderingarna eftersom handlande Sundman hade h\u00e5llit byggnaderna i samma skick som tidigare. \u00c5r 1880 granskades byggnaderna av skomakarm\u00e4starna Forsberg och Hartman och de ans\u00e5g att allt var i skick i byggnaderna, som nu \u00e4gdes av handlande\u00e4nkan Helena Sundman.<\/p>\n<p>En granskning gjordes \u00e4nnu \u00e5r 1894 av de b\u00e5da skomakarm\u00e4starna. G\u00e5rden hade d\u00e5 \u00f6vertagits av Erik Johans och Helenas son Konrad Sundman.<\/p>\n<h2><strong>Brandf\u00f6rs\u00e4kringen 1903.<\/strong><\/h2>\n<p>Den 7 november 1903 ville den nya \u00e4garen, handlanden Konrad Sundman teckna en ny brandf\u00f6rs\u00e4kring eftersom han \u00e5ret innan hade l\u00e5tit uppf\u00f6ra en ny huvudbyggnad l\u00e4ngs med Strandgatan. Flera andra byggnader hade f\u00e5tt h\u00f6gre v\u00e4rde p\u00e5 grund av renoveringar.<\/p>\n<p>Konrad uppgav att tomten var 966 m\u00b2 stor och att p\u00e5 g\u00e5rden fanns en brunn, som kunde anv\u00e4ndas vid en eventuell eldsv\u00e5da. Han uppgav ocks\u00e5 att n\u00f6diga brandredskap fanns p\u00e5 g\u00e5rden och de var alla m\u00e4rkta med tomtens nummer, m\u00e5lade med oljef\u00e4rg.<\/p>\n<figure id=\"attachment_26230\" aria-describedby=\"caption-attachment-26230\" style=\"width: 1700px\" class=\"wp-caption alignnone\"><img loading=\"lazy\" decoding=\"async\" class=\"size-full wp-image-26230\" src=\"https:\/\/www.kristinestadshistoria.fi\/wp-content\/uploads\/2023\/05\/Tomtkarta-1903-liten-2.jpg\" alt=\"\" width=\"1700\" height=\"1144\" srcset=\"https:\/\/www.kristinestadshistoria.fi\/wp-content\/uploads\/2023\/05\/Tomtkarta-1903-liten-2.jpg 1700w, https:\/\/www.kristinestadshistoria.fi\/wp-content\/uploads\/2023\/05\/Tomtkarta-1903-liten-2-300x202.jpg 300w, https:\/\/www.kristinestadshistoria.fi\/wp-content\/uploads\/2023\/05\/Tomtkarta-1903-liten-2-1024x689.jpg 1024w, https:\/\/www.kristinestadshistoria.fi\/wp-content\/uploads\/2023\/05\/Tomtkarta-1903-liten-2-768x517.jpg 768w, https:\/\/www.kristinestadshistoria.fi\/wp-content\/uploads\/2023\/05\/Tomtkarta-1903-liten-2-1536x1034.jpg 1536w\" sizes=\"auto, (max-width: 1700px) 100vw, 1700px\" \/><figcaption id=\"caption-attachment-26230\" class=\"wp-caption-text\">\u00c5r 1902 uppf\u00f6rde Konrad Sundman en helt ny bostadsbyggnad l\u00e4ngs med Strandgatan. Enligt stadens byggnadsf\u00f6rordning var det inte m\u00f6jligt att bygga tr\u00e4hus f\u00f6r n\u00e4ra tomtgr\u00e4nsen men Sundman gjorde det \u00e4nd\u00e5, eftersom den n\u00e4rmaste delen var byggd av tegel. Tegelbyggnaden fungerade som en brandv\u00e4gg och den kunde till och med byggas i tv\u00e5 v\u00e5ningar. Den h\u00e4r tiden var det inte till\u00e5tet att bygga tr\u00e4hus i flera v\u00e5ningar. Den 7 november 1903 tecknade Sundman en brandf\u00f6rs\u00e4kring p\u00e5 tomtens alla byggnader och i nedre kanten finns hans namnteckning fr\u00e5n f\u00f6rs\u00e4kringsbrevet inf\u00e4llt. Sundman bodde sj\u00e4lv i f\u00f6re detta Wendelinska g\u00e5rden vid Salutorget, i nuvarande biblioteksbyggnaden.<\/figcaption><\/figure>\n<p>Konrad Sundman ville att f\u00f6ljande byggnader skulle brandf\u00f6rs\u00e4kras:<\/p>\n<h5><strong>Byggnad nr 1:<\/strong><\/h5>\n<p>Ett boningshus, byggt av timmer och delvis av tegel, i gott skick och uppf\u00f6rt \u00e5r 1902. Byggnaden inte \u00e4nnu br\u00e4dfodrad eller m\u00e5lad men den hade ett tak av j\u00e4rnpl\u00e5t. Huset var 25,30 m l\u00e5ngt och 19,6 m brett. H\u00f6jden p\u00e5 den timrade delen var 8,8 m medan tegelbyggnaden var 9,4 m. Den timrade delen byggdes i en v\u00e5ning och d\u00e4r fanns det nio rum och i dessa rum fanns det fem kakelugnar och tv\u00e5 h\u00e4llspisar. Tegeldelen var byggd i tv\u00e5 v\u00e5ningar och i vardera v\u00e5ningen fanns det tv\u00e5 rum. De nedre rummen var inredda till butikslokal med asfaltgolv medan rummen i \u00f6vre v\u00e5ningen var boningsrum. Under byggnaden fanns det tre, st\u00f6rre v\u00e4lvda stenk\u00e4llare.<\/p>\n<p>Den timrade delen och tegeldelen f\u00f6rs\u00e4krades f\u00f6r 36\u00a0000 mark.<\/p>\n<h5><strong>Byggnad nr 2:<\/strong><\/h5>\n<p>En uthusbyggnad (tidigare nr 2 och 5) av stock och delvis byggd av korsvirke och br\u00e4der, uppf\u00f6rd 1820, 1833 och 1902. Uthuset var br\u00e4dfodrat och m\u00e5lat med oljef\u00e4rg, i gott skick och hade ett tak av asfaltfilt. P\u00e5 s\u00f6dra sidan var uthuset 22,25 m l\u00e5ngt och p\u00e5 v\u00e4stra sidan 14,31 m l\u00e5ngt. Det var 5,05 m brett och d\u00e4r fanns tv\u00e5 magasin, vedlider, stall, latrin med spillningskast, f\u00e4hus med f\u00f6rstuga och en foderlada.<\/p>\n<p>Uthuset f\u00f6rs\u00e4krades f\u00f6r 4\u00a0000 mark.<\/p>\n<h5><strong>Byggnad nr 3:<\/strong><\/h5>\n<p>En magasinbyggnad l\u00e4ngs med Skolgatan, byggd av stock och i gott skick. Uppf\u00f6rd \u00e5r 1800, br\u00e4dfodrad och m\u00e5lad med oljef\u00e4rg och hade ett tak av asfaltfilt. Byggnaden var 7,5 m l\u00e5ng och 5 m bred och d\u00e4r fanns ett magasin med dubbla bottnar.<\/p>\n<p>Magasinet f\u00f6rs\u00e4krades f\u00f6r 400 mark.<\/p>\n<h5><strong>Byggnad nr 4:<\/strong><\/h5>\n<p>Ett boningshus av timmer i en v\u00e5ning, uppf\u00f6rt \u00e5r 1800 med gaveln mot Skolgatan, br\u00e4dfodrat och m\u00e5lat med ett tak av asfaltfilt. D\u00e4r fanns en kall f\u00f6rstuga och tv\u00e5 st\u00f6rre rum och i dessa fanns det en kakelugn och en k\u00f6ksspis med en bakugn och en inmurad gryta.<\/p>\n<p>Konrad vill f\u00f6rs\u00e4kra huset f\u00f6r 3\u00a0000 mark men den lokala brandstodskommitt\u00e9n godk\u00e4nde endast 2\u00a0500 mk.<\/p>\n<h5><strong>Byggnad nr 5: <\/strong><\/h5>\n<p>I den f\u00f6rra f\u00f6rs\u00e4kringen hade byggnaden nr 7 och det var ett uthus l\u00e4ngs med Skolgatan byggt av korsvirke och br\u00e4der. Det var byggt \u00e5r 1821 och m\u00e5lat med oljef\u00e4rg och taket var av asfaltfilt. Huset hade nu kortats av och dess l\u00e4ngd var 9,35 m medan det tidigare var n\u00e4rmare 12 m. I denna byggnad fanns det vagnslider och redskapslider.<\/p>\n<p>Uthuset f\u00f6rs\u00e4krades f\u00f6r 600 mark.<\/p>\n<p>F\u00f6rutom dessa fem byggnader, s\u00e5 f\u00f6rs\u00e4krades den m\u00e5lade ink\u00f6rsporten f\u00f6r 300 mark. Den var gjord av stock och plankor och i f\u00f6rs\u00e4kringen ingick l\u00e5s och g\u00e5ngj\u00e4rn.<\/p>\n<p>Totala f\u00f6rs\u00e4kringsbeloppet uppgick till 43\u00a0800 mark och den \u00e5rliga f\u00f6rs\u00e4kringspremien ber\u00e4knades till 338 mark. Premien h\u00f6jdes p\u00e5 grund av olika orsaker, till exempel byggnaden nr 1 var stor s\u00e5 premien h\u00f6jdes med 10 %. Eftersom tegelbyggnaden var uppf\u00f6rd i tv\u00e5 v\u00e5ningar, s\u00e5 h\u00f6jdes premien med ytterligare 10 %. premien f\u00f6r uthuset nr 2 h\u00f6jdes med 50 %, eftersom flera byggnader l\u00e5g alltf\u00f6r n\u00e4ra. Huset nr 3 hade dubbla bottnar och d\u00e4rf\u00f6r h\u00f6jdes premien med 10 % och eftersom det l\u00e5g n\u00e4ra andra byggnader s\u00e5 blev det ytterligare 50 %.<\/p>\n<p>Konrad uppgav att samtliga byggnader f\u00f6rs\u00e4krades och att det i dessa inte fanns n\u00e5gra eldfarliga inr\u00e4ttningar och s\u00e5dana fanns i i grannskapet heller. P\u00e5 tomten fanns det ingen tr\u00e4dg\u00e5rd och inga tr\u00e4d.<\/p>\n<p>Det lokala brandstodsbolagets agent, sj\u00f6kapten Wilhelm Hagen skrev i en rapport i f\u00f6rs\u00e4kringsbrevet att byggnaderna 2, 3, 4 och 5 \u00e4r lagstridigt uppf\u00f6rda enligt stadens nya byggnadsf\u00f6rordning. De stod f\u00f6r n\u00e4ra varandra och flera byggnader f\u00f6r n\u00e4ra tomtgr\u00e4nsen. Den nya byggnaden nr 1 fick d\u00e4remot klart godk\u00e4nt. Det var \u201d<em>af oklanderliga materialer med utm\u00e4rkt omsorg utf\u00f6rdt, \u00e4r elegant och tidsenligt inredt till alla delar, \u00e4fvensom att de \u00f6friga byggnaderna underg\u00e5tt en omfattande grundlig remont och nu fullkomligt motsvara det af v\u00e4rderingsm\u00e4nnen godk\u00e4nda v\u00e4rde<\/em>.\u201d<\/p>\n<figure id=\"attachment_26234\" aria-describedby=\"caption-attachment-26234\" style=\"width: 1443px\" class=\"wp-caption alignnone\"><img loading=\"lazy\" decoding=\"async\" class=\"size-full wp-image-26234\" src=\"https:\/\/www.kristinestadshistoria.fi\/wp-content\/uploads\/2023\/05\/Tomtkarta-1903-stor-1.jpg\" alt=\"\" width=\"1443\" height=\"2556\" srcset=\"https:\/\/www.kristinestadshistoria.fi\/wp-content\/uploads\/2023\/05\/Tomtkarta-1903-stor-1.jpg 1443w, https:\/\/www.kristinestadshistoria.fi\/wp-content\/uploads\/2023\/05\/Tomtkarta-1903-stor-1-169x300.jpg 169w, https:\/\/www.kristinestadshistoria.fi\/wp-content\/uploads\/2023\/05\/Tomtkarta-1903-stor-1-578x1024.jpg 578w, https:\/\/www.kristinestadshistoria.fi\/wp-content\/uploads\/2023\/05\/Tomtkarta-1903-stor-1-768x1360.jpg 768w, https:\/\/www.kristinestadshistoria.fi\/wp-content\/uploads\/2023\/05\/Tomtkarta-1903-stor-1-867x1536.jpg 867w, https:\/\/www.kristinestadshistoria.fi\/wp-content\/uploads\/2023\/05\/Tomtkarta-1903-stor-1-1156x2048.jpg 1156w\" sizes=\"auto, (max-width: 1443px) 100vw, 1443px\" \/><figcaption id=\"caption-attachment-26234\" class=\"wp-caption-text\">S\u00e5 h\u00e4r s\u00e5g den planteckning ut som handlande Konrad Sundman l\u00e4t rita upp \u00e5r 1903 d\u00e5 han skulle brandf\u00f6rs\u00e4kra byggnaderna.<\/figcaption><\/figure>\n<h3><strong>Brandf\u00f6rs\u00e4kringen \u00e5r 1919.<\/strong><\/h3>\n<p><strong>\u00c5r 1919, den 13 oktober<\/strong> ville Konrad Sundman teckna en ny brandf\u00f6rs\u00e4kring p\u00e5 byggnaderna p\u00e5 tomt nr 131. N\u00e5gra st\u00f6rre f\u00f6rb\u00e4ttringar hade inte gjorts men p\u00e5 grund av den h\u00f6ga inflationen hade byggnaderna f\u00e5tt l\u00e4gre v\u00e4rden. Byggnaderna v\u00e4rderades nu till 101 100 mark.<\/p>\n","protected":false},"excerpt":{"rendered":"<p>Sammanst\u00e4llt av Lasse Backlund. Uppgifter \u00e4r tagna ur gamla f\u00f6rs\u00e4kringsbrev, som finns p\u00e5 Riksarkivet. Brandf\u00f6rs\u00e4kringen \u00e5r 1834. \u00c5r 1832 bildades \u201dAllm\u00e4nna Brandstodsbolaget i Finland\u201d i Helsingfors och redan \u00e5r 1834 f\u00f6rs\u00e4krade handlanden Erik Anders Holmstr\u00f6m (f.1807) sin g\u00e5rd p\u00e5 tomt <a class=\"more-link\" href=\"https:\/\/www.kristinestadshistoria.fi\/?page_id=26227\">Forts\u00e4tt l\u00e4sa <span class=\"screen-reader-text\">  Den f\u00f6rs\u00e4krade g\u00e5rden p\u00e5 tomt nr 131<\/span><span class=\"meta-nav\">&rarr;<\/span><\/a><\/p>\n","protected":false},"author":1,"featured_media":0,"parent":18802,"menu_order":10,"comment_status":"closed","ping_status":"closed","template":"","meta":{"footnotes":""},"class_list":["post-26227","page","type-page","status-publish","hentry"],"_links":{"self":[{"href":"https:\/\/www.kristinestadshistoria.fi\/index.php?rest_route=\/wp\/v2\/pages\/26227","targetHints":{"allow":["GET"]}}],"collection":[{"href":"https:\/\/www.kristinestadshistoria.fi\/index.php?rest_route=\/wp\/v2\/pages"}],"about":[{"href":"https:\/\/www.kristinestadshistoria.fi\/index.php?rest_route=\/wp\/v2\/types\/page"}],"author":[{"embeddable":true,"href":"https:\/\/www.kristinestadshistoria.fi\/index.php?rest_route=\/wp\/v2\/users\/1"}],"replies":[{"embeddable":true,"href":"https:\/\/www.kristinestadshistoria.fi\/index.php?rest_route=%2Fwp%2Fv2%2Fcomments&post=26227"}],"version-history":[{"count":7,"href":"https:\/\/www.kristinestadshistoria.fi\/index.php?rest_route=\/wp\/v2\/pages\/26227\/revisions"}],"predecessor-version":[{"id":29472,"href":"https:\/\/www.kristinestadshistoria.fi\/index.php?rest_route=\/wp\/v2\/pages\/26227\/revisions\/29472"}],"up":[{"embeddable":true,"href":"https:\/\/www.kristinestadshistoria.fi\/index.php?rest_route=\/wp\/v2\/pages\/18802"}],"wp:attachment":[{"href":"https:\/\/www.kristinestadshistoria.fi\/index.php?rest_route=%2Fwp%2Fv2%2Fmedia&parent=26227"}],"curies":[{"name":"wp","href":"https:\/\/api.w.org\/{rel}","templated":true}]}}