{"id":25911,"date":"2023-04-09T20:45:10","date_gmt":"2023-04-09T17:45:10","guid":{"rendered":"https:\/\/www.kristinestadshistoria.fi\/?page_id=25911"},"modified":"2025-12-06T21:57:43","modified_gmt":"2025-12-06T19:57:43","slug":"den-forsakrade-garden-pa-tomterna-42-och-43","status":"publish","type":"page","link":"https:\/\/www.kristinestadshistoria.fi\/?page_id=25911","title":{"rendered":"Den f\u00f6rs\u00e4krade g\u00e5rden p\u00e5 tomterna 42 och 43"},"content":{"rendered":"<p><span style=\"color: #000080;\"><strong>Sammanst\u00e4llt av Lasse Backlund. Uppgifterna \u00e4r tagna ur gamla f\u00f6rs\u00e4kringsbrev, som finns p\u00e5 Riksarkivet.<\/strong><\/span><\/p>\n<h3><strong>Brandf\u00f6rs\u00e4kringen \u00e5r 1883.<\/strong><\/h3>\n<p>\u00c5r 1832 bildades \u201dAllm\u00e4nna Brandstodsbolaget i Finland\u201d i Helsingfors men det var f\u00f6rst i december 1883, som g\u00e5rden f\u00f6rs\u00e4krades f\u00f6r f\u00f6rsta g\u00e5ngen. Skeppare\u00e4nkan <span style=\"text-decoration: underline;\">Ulrika<\/span> Elisabeth Sj\u00f6gren ans\u00f6kte att g\u00e5rden skulle f\u00f6rs\u00e4kras mot eldskada. F\u00f6rs\u00e4kringsans\u00f6kan skulle g\u00f6ras till bolaget och Sj\u00f6gren uppgav d\u00e5 att p\u00e5 tomten fanns det n\u00f6diga brandredskap, n\u00e4mligen 2 brandstegar, 2 brandhakar och 2 brand\u00e4mbare, alla m\u00e4rkta med tomtens nummer i oljef\u00e4rg.<\/p>\n<p>Sj\u00f6gren uppgav att det p\u00e5 tomten inte fanns n\u00e5gon brunn, som kunde anv\u00e4ndas vid en eventuell eldsv\u00e5da. Avst\u00e5ndet till stranden bar d\u00e5 246 alnar (147 meter). N\u00e5gon eldfarlig inr\u00e4ttning fanns inte p\u00e5 tomten och inte i grannskapet heller. P\u00e5 tomten fanns en tr\u00e4dg\u00e5rd men inga lummiga l\u00f6vtr\u00e4d, om skulle ha kunnat skydda vid en eventuell brand.<\/p>\n<p>Wickman uppgav att tomten var 3 180 \u201dQvadrat alnar i areal vidd\u201d (1\u00a0063 m\u00b2).<\/p>\n<figure id=\"attachment_25823\" aria-describedby=\"caption-attachment-25823\" style=\"width: 1170px\" class=\"wp-caption alignnone\"><img loading=\"lazy\" decoding=\"async\" class=\"size-full wp-image-25823\" src=\"https:\/\/www.kristinestadshistoria.fi\/wp-content\/uploads\/2023\/04\/Tomtkarta-1883-liten-2.jpg\" alt=\"\" width=\"1170\" height=\"723\" srcset=\"https:\/\/www.kristinestadshistoria.fi\/wp-content\/uploads\/2023\/04\/Tomtkarta-1883-liten-2.jpg 1170w, https:\/\/www.kristinestadshistoria.fi\/wp-content\/uploads\/2023\/04\/Tomtkarta-1883-liten-2-300x185.jpg 300w, https:\/\/www.kristinestadshistoria.fi\/wp-content\/uploads\/2023\/04\/Tomtkarta-1883-liten-2-1024x633.jpg 1024w, https:\/\/www.kristinestadshistoria.fi\/wp-content\/uploads\/2023\/04\/Tomtkarta-1883-liten-2-768x475.jpg 768w\" sizes=\"auto, (max-width: 1170px) 100vw, 1170px\" \/><figcaption id=\"caption-attachment-25823\" class=\"wp-caption-text\">D\u00e5 skeppare\u00e4nkan Ulrika Elisabeth Sj\u00f6gren i december 1883 f\u00f6rs\u00e4krade sin g\u00e5rd, skulle en planteckning bifogas f\u00f6rs\u00e4kringsbrevet. Hon \u00e4gde v\u00e4stra halvorna av tomterna 42 och 43 och alla byggnader l\u00e5g p\u00e5 tomt 43. De andra delarna av dessa tv\u00e5 tomter \u00e4gdes vid denna tid av Johan och Agatha Parmans barn p\u00e5 \u00d6stra L\u00e5nggatan 71.<\/figcaption><\/figure>\n<p>Det fanns tre byggnader p\u00e5 tomten \u00e5r 1882, som Sj\u00f6gren ville f\u00f6rs\u00e4kra:<\/p>\n<h5><strong>Byggnad nr 1:<\/strong><\/h5>\n<p>Ett boningshus av timmer i f\u00f6rsvarligt skick, uppf\u00f6rt \u00e5r 1805, br\u00e4dfodrat och m\u00e5lat med slamf\u00e4rg och hade ett tak av p\u00e4rtor. Byggnaden var 18 alnar (11 m) l\u00e5ng, 8 \u00bd alnar bred och h\u00f6jden fr\u00e5n marken till takkammen 8 \u00bd alnar. Byggnaden hade en v\u00e5ning och d\u00e4r fanns tre boningsrum utom f\u00f6rstuga, och i dessa fanns det 2 kakelugnar och en k\u00f6ksspis med bakugn.<\/p>\n<p>Den h\u00e4r huvudbyggnaden f\u00f6rs\u00e4krades f\u00f6r 1 000 mark.<\/p>\n<h5><strong>Byggnad nr 2:<\/strong><\/h5>\n<p>En hush\u00e5llsboda i f\u00f6rsvarligt skick uppf\u00f6rd av stock \u00e5r 1820, m\u00e5lad med slamf\u00e4rg och det hade ett tak av br\u00e4der. Bodan eller h\u00e4rbret var 6 alnar l\u00e5ng och lika brett, hade tv\u00e5 v\u00e5ningar.<\/p>\n<p>Hush\u00e5llsbodan f\u00f6rs\u00e4krades f\u00f6r 100 mark.<\/p>\n<h5><strong>Byggnad nr 3:<\/strong><\/h5>\n<p>En uthusbyggnad av stock i f\u00f6rsvarligt skick, uppf\u00f6rd \u00e5r 1849, m\u00e5lad och hade ett tak av br\u00e4der. Uthuset var 22 \u00bd alnar (13,5 meter) l\u00e5ngt och d\u00e4r fanns en foderlada, f\u00e4hus och spillningskast med latrin.<\/p>\n<p>Uthuset f\u00f6rs\u00e4krades f\u00f6r 200 mark.<\/p>\n<p>Hela f\u00f6rs\u00e4kringsbeloppet blev allts\u00e5 1 300 mark och den \u00e5rliga intr\u00e4desavgiften ber\u00e4knades till 9,31 mark. Den h\u00e4r avgiften eller premien g\u00e4llde i 5 \u00e5rs tid och premien skulle d\u00e5 justeras i samband med att byggnaderna och brandredskapen granskades.<\/p>\n<h3><strong>Brandf\u00f6rs\u00e4kring \u00e5r 1896.<\/strong><\/h3>\n<p>Den 28 september 1896 vill skeppare\u00e4nkan Ulrika Sj\u00f6gren teckna en helt ny brandf\u00f6rs\u00e4kring, eftersom det sedan den f\u00f6rra togs hade gjorts flera st\u00f6rre f\u00f6rb\u00e4ttringar p\u00e5 byggnaderna och s\u00e5 hade det byggts en helt ny fotoatelj\u00e9\u00a0 p\u00e5 tomten.<\/p>\n<p>Tomten och grannarna \u00e4r de samma som f\u00f6rra g\u00e5ngen. Nu har det gr\u00e4vts en brunn i tomtens norra \u00e4nda och d\u00e4r kunde man ta vatten vid en eventuell eldsv\u00e5da.<\/p>\n<figure id=\"attachment_25917\" aria-describedby=\"caption-attachment-25917\" style=\"width: 1246px\" class=\"wp-caption alignnone\"><img loading=\"lazy\" decoding=\"async\" class=\"size-full wp-image-25917\" src=\"https:\/\/www.kristinestadshistoria.fi\/wp-content\/uploads\/2023\/04\/Tomtkarta-1895-liten.jpg\" alt=\"\" width=\"1246\" height=\"827\" srcset=\"https:\/\/www.kristinestadshistoria.fi\/wp-content\/uploads\/2023\/04\/Tomtkarta-1895-liten.jpg 1246w, https:\/\/www.kristinestadshistoria.fi\/wp-content\/uploads\/2023\/04\/Tomtkarta-1895-liten-300x199.jpg 300w, https:\/\/www.kristinestadshistoria.fi\/wp-content\/uploads\/2023\/04\/Tomtkarta-1895-liten-1024x680.jpg 1024w, https:\/\/www.kristinestadshistoria.fi\/wp-content\/uploads\/2023\/04\/Tomtkarta-1895-liten-768x510.jpg 768w\" sizes=\"auto, (max-width: 1246px) 100vw, 1246px\" \/><figcaption id=\"caption-attachment-25917\" class=\"wp-caption-text\">Till varje f\u00f6rs\u00e4kringsbrev skulle en planteckning bifogas, som visade byggnadernas placering p\u00e5 tomten och s\u00e5 h\u00e4r s\u00e5g skeppare\u00e4nkan Sj\u00f6grens ut i renritad form, allts\u00e5 den som hon anv\u00e4nde \u00e5r 1896. Notera att halva tomten \u00e4r en tr\u00e4dg\u00e5rd och att det nu finns till och med en fotoatelje p\u00e5 tomten, i byggnad nr 4.<\/figcaption><\/figure>\n<h5><strong>Byggnad nr 1:<\/strong><\/h5>\n<p>Ursprungligen byggd \u00e5r 1805 av gott timmer, br\u00e4dfodrad och m\u00e5lad med r\u00f6d slamf\u00e4rg och hade ett tak av p\u00e4rtor. G\u00e5rden tillbyggd \u00e5r 1885 med timmer, br\u00e4dfodrad och m\u00e5lad och tillbyggnaden hade ett tak av asfaltfilt. Hela husets l\u00e4ngd \u00e4r nu 17,8 meter mot 11 f\u00f6re tillbyggnaden. D\u00e4r fanns nu 4 boningsrum och en tambur, med totalt 3 kakelugnar och en k\u00f6ksspis med bakugn. P\u00e5 g\u00e5rdssidan fanns det en veranda som var byggd av korsvirke och br\u00e4der.<\/p>\n<p>Sj\u00f6gren ville f\u00f6rs\u00e4kra g\u00e5rden f\u00f6r 2\u00a0900 men den lokala brandstofskommitt\u00e9n godk\u00e4nde 2\u00a0800 mark.<\/p>\n<p><strong>Byggnaderna 2 och 3 <\/strong>f\u00f6rs\u00e4krades f\u00f6r samma belopp som f\u00f6rra g\u00e5ngen.<\/p>\n<h5><strong>Byggnad nr 4:<\/strong><\/h5>\n<p>En fotografiatilier av korsvirke och br\u00e4der och glas med ett tak av b\u00e5de asfaltfilt och glas. Den var 7,40 meter l\u00e5ng, 3,56 m bred och 4 meter h\u00f6g till takkanten.<\/p>\n<p>Denna f\u00f6rs\u00e4krades f\u00f6r 350 mark.<\/p>\n<p>En ink\u00f6rsport av stock och plankor f\u00f6rs\u00e4krades f\u00f6r 100 mark och i den ingick b\u00e5de g\u00e5ngj\u00e4rn och reglar.<\/p>\n<p>Ett m\u00e5lat br\u00e4dplank, som var 51 meter l\u00e5ngt och 2,1 meter h\u00f6gt f\u00f6rs\u00e4krades ocks\u00e5 f\u00f6r 100 mark. Ett m\u00e5lat staket av ribbor, som var 31 m l\u00e5ngt och 1 meter h\u00f6gt f\u00f6rs\u00e4krades f\u00f6r 50 mark.<\/p>\n<p>Hela f\u00f6rs\u00e4kringsv\u00e4rdet blev allts\u00e5 3\u00a0700 mark och den \u00e5rliga intr\u00e4desavgiften ber\u00e4knades till 25,46 mark.<\/p>\n<figure id=\"attachment_25915\" aria-describedby=\"caption-attachment-25915\" style=\"width: 955px\" class=\"wp-caption alignnone\"><img loading=\"lazy\" decoding=\"async\" class=\"size-full wp-image-25915\" src=\"https:\/\/www.kristinestadshistoria.fi\/wp-content\/uploads\/2023\/04\/Tomtkarta-1895-stor-1.jpg\" alt=\"\" width=\"955\" height=\"813\" srcset=\"https:\/\/www.kristinestadshistoria.fi\/wp-content\/uploads\/2023\/04\/Tomtkarta-1895-stor-1.jpg 955w, https:\/\/www.kristinestadshistoria.fi\/wp-content\/uploads\/2023\/04\/Tomtkarta-1895-stor-1-300x255.jpg 300w, https:\/\/www.kristinestadshistoria.fi\/wp-content\/uploads\/2023\/04\/Tomtkarta-1895-stor-1-768x654.jpg 768w\" sizes=\"auto, (max-width: 955px) 100vw, 955px\" \/><figcaption id=\"caption-attachment-25915\" class=\"wp-caption-text\">S\u00e5 h\u00e4r s\u00e5g den planteckning ut som skeppare\u00e4nkan Sj\u00f6gren bifogade det nya brandf\u00f6rs\u00e4kringsbrevet \u00e5r 1896. Inf\u00e4llt i nedre kanten hennes underskrift.<\/figcaption><\/figure>\n<h3><strong>Brandf\u00f6rs\u00e4kring \u00e5r 1913.<\/strong><\/h3>\n<p>\u00c5r 1913 ville g\u00e5rds\u00e4gare Hugo Sj\u00f6gren teckna en brandf\u00f6rs\u00e4kring, eftersom han hade gjort flera renoveringar och f\u00f6rb\u00e4ttringar. Priset p\u00e5 byggmaterial och arbete har stigit sedan den f\u00f6rra f\u00f6rs\u00e4kringen tecknades och s\u00e5 hade det byggts ett vedlider \u00e5r 1898.<\/p>\n<p>Huvudbyggnaden nr 1 f\u00f6rs\u00e4krades f\u00f6r 5 500 mark. H\u00e4rbret eller hush\u00e5llsboden nr 2, som var 3,56 meter l\u00e5ngt och like brett hade f\u00e5tt ett tak av asfaltfilt och f\u00f6rs\u00e4krades f\u00f6r 300 mark. Byggnaden nr 3 hade fortfarande ett tak av br\u00e4der, det var 13,36 meter l\u00e5ngt och 4,15 meter brett och det f\u00f6rs\u00e4krades f\u00f6r 700 mark. Fotografiatelj\u00e9n nr 4, som var 7,40 meter l\u00e5ng och 3,56 meter bred f\u00f6rs\u00e4krades f\u00f6r 350 mark. Vedlidret nr 5 var 5,35 meter l\u00e5ngt och 2,30 meter brett f\u00f6rs\u00e4krades f\u00f6r 80 mark och det var byggt av br\u00e4der. Vedlidret var byggt \u00e5r 1898.<\/p>\n<p>Hela f\u00f6rs\u00e4kringsbeloppet uppgick till 7 090 mark och den \u00e5rliga premien ber\u00e4knades till 55,67 mark.<\/p>\n<figure id=\"attachment_28823\" aria-describedby=\"caption-attachment-28823\" style=\"width: 653px\" class=\"wp-caption alignnone\"><img loading=\"lazy\" decoding=\"async\" class=\"size-full wp-image-28823\" src=\"https:\/\/www.kristinestadshistoria.fi\/wp-content\/uploads\/2024\/07\/1913-planteckning.jpg\" alt=\"\" width=\"653\" height=\"930\" srcset=\"https:\/\/www.kristinestadshistoria.fi\/wp-content\/uploads\/2024\/07\/1913-planteckning.jpg 653w, https:\/\/www.kristinestadshistoria.fi\/wp-content\/uploads\/2024\/07\/1913-planteckning-211x300.jpg 211w\" sizes=\"auto, (max-width: 653px) 100vw, 653px\" \/><figcaption id=\"caption-attachment-28823\" class=\"wp-caption-text\">S\u00e5 h\u00e4r var byggnaderna placerade p\u00e5 skomakare Hugo Sj\u00f6grens g\u00e5rd d\u00e5 han \u00e5r 1913 tecknade en ny brandf\u00f6rs\u00e4kring. Hans namnteckning finns inf\u00e4llt i nedre kanten.<\/figcaption><\/figure>\n<p>&nbsp;<\/p>\n","protected":false},"excerpt":{"rendered":"<p>Sammanst\u00e4llt av Lasse Backlund. Uppgifterna \u00e4r tagna ur gamla f\u00f6rs\u00e4kringsbrev, som finns p\u00e5 Riksarkivet. Brandf\u00f6rs\u00e4kringen \u00e5r 1883. \u00c5r 1832 bildades \u201dAllm\u00e4nna Brandstodsbolaget i Finland\u201d i Helsingfors men det var f\u00f6rst i december 1883, som g\u00e5rden f\u00f6rs\u00e4krades f\u00f6r f\u00f6rsta g\u00e5ngen. Skeppare\u00e4nkan <a class=\"more-link\" href=\"https:\/\/www.kristinestadshistoria.fi\/?page_id=25911\">Forts\u00e4tt l\u00e4sa <span class=\"screen-reader-text\">  Den f\u00f6rs\u00e4krade g\u00e5rden p\u00e5 tomterna 42 och 43<\/span><span class=\"meta-nav\">&rarr;<\/span><\/a><\/p>\n","protected":false},"author":1,"featured_media":0,"parent":19451,"menu_order":10,"comment_status":"closed","ping_status":"closed","template":"","meta":{"footnotes":""},"class_list":["post-25911","page","type-page","status-publish","hentry"],"_links":{"self":[{"href":"https:\/\/www.kristinestadshistoria.fi\/index.php?rest_route=\/wp\/v2\/pages\/25911","targetHints":{"allow":["GET"]}}],"collection":[{"href":"https:\/\/www.kristinestadshistoria.fi\/index.php?rest_route=\/wp\/v2\/pages"}],"about":[{"href":"https:\/\/www.kristinestadshistoria.fi\/index.php?rest_route=\/wp\/v2\/types\/page"}],"author":[{"embeddable":true,"href":"https:\/\/www.kristinestadshistoria.fi\/index.php?rest_route=\/wp\/v2\/users\/1"}],"replies":[{"embeddable":true,"href":"https:\/\/www.kristinestadshistoria.fi\/index.php?rest_route=%2Fwp%2Fv2%2Fcomments&post=25911"}],"version-history":[{"count":10,"href":"https:\/\/www.kristinestadshistoria.fi\/index.php?rest_route=\/wp\/v2\/pages\/25911\/revisions"}],"predecessor-version":[{"id":30568,"href":"https:\/\/www.kristinestadshistoria.fi\/index.php?rest_route=\/wp\/v2\/pages\/25911\/revisions\/30568"}],"up":[{"embeddable":true,"href":"https:\/\/www.kristinestadshistoria.fi\/index.php?rest_route=\/wp\/v2\/pages\/19451"}],"wp:attachment":[{"href":"https:\/\/www.kristinestadshistoria.fi\/index.php?rest_route=%2Fwp%2Fv2%2Fmedia&parent=25911"}],"curies":[{"name":"wp","href":"https:\/\/api.w.org\/{rel}","templated":true}]}}