{"id":25464,"date":"2023-03-07T20:26:48","date_gmt":"2023-03-07T18:26:48","guid":{"rendered":"https:\/\/www.kristinestadshistoria.fi\/?page_id=25464"},"modified":"2023-04-24T00:02:36","modified_gmt":"2023-04-23T21:02:36","slug":"den-forsakrade-garden-pa-tomt-153-pa-vastra-langgatan","status":"publish","type":"page","link":"https:\/\/www.kristinestadshistoria.fi\/?page_id=25464","title":{"rendered":"Den f\u00f6rs\u00e4krade g\u00e5rden p\u00e5 tomt 153 p\u00e5 V\u00e4stra L\u00e5nggatan"},"content":{"rendered":"<p><span style=\"color: #000080;\"><strong>Sammanst\u00e4llt av Lasse Backlund. Uppgifterna \u00e4r tagna ur gamla f\u00f6rs\u00e4kringsbrev, som finns p\u00e5 Riksarkivet.<\/strong><\/span><\/p>\n<h3><strong>Brandf\u00f6rs\u00e4kringen \u00e5r 1847.<\/strong><\/h3>\n<p>\u00c5r 1832 bildades \u201dAllm\u00e4nna Brandstodsbolaget i Finland\u201d i Helsingfors och \u00e5r 1847, i december anh\u00f6ll handlanden G. W. Lindqvist att hans g\u00e5rd vid V\u00e4stra L\u00e5nggatan skulle f\u00f6rs\u00e4kras. F\u00f6rs\u00e4kringsans\u00f6kan skulle g\u00f6ras till bolaget och Lindqvist uppgav d\u00e5 att p\u00e5 tomten fanns det 3 brandstegar, 3 brandhakar, 2 handsprutor, 2 svablar och 2 l\u00e4der\u00e4mbar.<\/p>\n<p>Lindqvist uppgav att hans tomt var 3\u00a0615 \u201dQvadrat alnar i areal vidd, dess norra sida \u00e4r 107 \u00bd alnar och gr\u00e4nsar till tomt 152, i \u00f6stra sidan var den 40 \u00bd alnar bred och den st\u00f6ter till V\u00e4stra L\u00e5nggatan, som \u00e4r 17 alnar bred. S\u00f6dra sidan var 106 alnar och gr\u00e4nsar till tomteerna 165 och 154. V\u00e4stra sidan \u00e4r 34 \u00bd alnar och gr\u00e4nsar till tomterna 166 och 168. G\u00e5rden hade en god brunn med rikligt vatten.<\/p>\n<p>Det fanns 8 byggnader p\u00e5 tomten \u00e5r 1847 men Lindqvist f\u00f6rs\u00e4krade endast 5 av dessa.<\/p>\n<figure id=\"attachment_25467\" aria-describedby=\"caption-attachment-25467\" style=\"width: 1052px\" class=\"wp-caption alignnone\"><img loading=\"lazy\" decoding=\"async\" class=\"size-full wp-image-25467\" src=\"https:\/\/www.kristinestadshistoria.fi\/wp-content\/uploads\/2023\/03\/Tomtkarta-1847.jpg\" alt=\"\" width=\"1052\" height=\"592\" srcset=\"https:\/\/www.kristinestadshistoria.fi\/wp-content\/uploads\/2023\/03\/Tomtkarta-1847.jpg 1052w, https:\/\/www.kristinestadshistoria.fi\/wp-content\/uploads\/2023\/03\/Tomtkarta-1847-300x169.jpg 300w, https:\/\/www.kristinestadshistoria.fi\/wp-content\/uploads\/2023\/03\/Tomtkarta-1847-1024x576.jpg 1024w, https:\/\/www.kristinestadshistoria.fi\/wp-content\/uploads\/2023\/03\/Tomtkarta-1847-768x432.jpg 768w\" sizes=\"auto, (max-width: 1052px) 100vw, 1052px\" \/><figcaption id=\"caption-attachment-25467\" class=\"wp-caption-text\">D\u00e5 handlande Lindqvist \u00e5r 1847 tecknade en brandf\u00f6rs\u00e4kring p\u00e5 sin g\u00e5rd, s\u00e5 ritades en tomtkarta upp som s\u00e5g ut som denna skiss.<\/figcaption><\/figure>\n<h5><strong>Byggnad nr 1:<\/strong><\/h5>\n<p>En tr\u00e4byggnad i vinkel, uppf\u00f6rd i en v\u00e5ning av nytt gran och furutimmer \u00e5r 1824. \u00c5r 1842 uppf\u00f6rdes den s\u00f6dra flygeln p\u00e5 g\u00e5rden, ocks\u00e5 den i en v\u00e5ning. Vinkelbyggnaden var br\u00e4dfodrad endast p\u00e5 3 sidor och dessa var m\u00e5lade med gul oljef\u00e4rg. Vinkelbyggnaden hade 8 rum, n\u00e4mligen 1 f\u00f6rstuga, 2 salar, 4 kamrar och dessa hade tillsammans 6 kakelugnar. I den s\u00f6dra flygeln fanns det ett varumagasin och mitt i g\u00e5rden mot gatan fanns en ink\u00f6rsport.<\/p>\n<p>Byggnaden medelh\u00f6jd var 12 alnar, totala l\u00e4ngden mot V\u00e4stra L\u00e5nggatan 39 \u00bd alnar (23,7 meter), mot tomten 165 var flygelns l\u00e4ngd 21 \u00bd alnar och i norra \u00e4ndan var gaveln 10 alnar bred. Byggnaden hade en stenfot som var ungef\u00e4r 1 aln h\u00f6g.<\/p>\n<p>Som brukligt var s\u00e5 f\u00f6rs\u00e4krades alla byggnadsdelar skilt f\u00f6r sig och till och med stenfoten f\u00f6rs\u00e4krades f\u00f6r 30 rubel. Stommen v\u00e4rderades till 315 rubel, yttre taket 125, golven till 75, innertaken som var av furubr\u00e4der f\u00f6r 50 och den m\u00e5lade br\u00e4dfodringen till 95 rubel. 10 st f\u00f6nster med dubbla glas v\u00e4rderades till 60 rubel tillsammans och de dubbla d\u00f6rrarna till f\u00f6rstugan 8 rubel, 7 m\u00e5lade innerd\u00f6rrar 28 och 6 st kakelugnar av tegel v\u00e4rderades till 50 rubel tillsammans.<\/p>\n<p>G\u00e5rds\u00e4garen Lindqvist hade v\u00e4rderat hela g\u00e5rden till 1\u00a0426 men brandstodsbolaget godk\u00e4nde endast 1\u00a0000 rubel.<\/p>\n<h5><strong>Byggnad nr 2:<\/strong><\/h5>\n<p>En k\u00f6ksbyggnad byggd av nytt timmer \u00e5r 1826. Den var r\u00f6dm\u00e5lad men inte br\u00e4dfodrad och hade 2 rum d\u00e4r det fanns b\u00e5de kakelugn, spis och bakugn. K\u00f6ksbyggnaden var 14 \u00bd alnar l\u00e5ng och hade ett br\u00e4dtak och en riktig stenfot. Byggnaden v\u00e4rderades till 160 rubel.<\/p>\n<h5><strong>Byggnad nr 3:<\/strong><\/h5>\n<p>En hush\u00e5llsbod byggd av timmer \u00e5r 1819, med br\u00e4dtak och grunden byggd av stockar. Den hade bara ett rum och v\u00e4rderades till 50 rubel.<\/p>\n<h5><strong>Byggnad nr 4:<\/strong><\/h5>\n<p>En bagarstuga byggd av nytt timmer \u00e5r 1816, br\u00e4dfodrad och r\u00f6dm\u00e5lad. D\u00e4r fanns 2 rum, i det ena en kakelugn och i det andra en spis med bakugn. Bagarstugan var 18 alnar l\u00e5ng, hade stenfot och ett tak av br\u00e4der.<\/p>\n<h5><strong>Byggnad nr 5:<\/strong><\/h5>\n<p>F\u00e4hus, stall och foderlada.<\/p>\n<p><strong>\u00c5r 1852<\/strong> utf\u00f6rdes den normala 5-\u00e5rs granskningen och g\u00e5rden hade d\u00e5 \u00f6vertagits av repslagaren Anders Reinhold \u00c5kerberg. Byggnaderna ans\u00e5gs vara i gott skick och alla byggnader v\u00e4rderas till 1\u00a0500 rubel. Brandredskapen granskades ocks\u00e5 och allt var till bel\u00e5tenhet.<\/p>\n<p><strong>\u00c5r 1857<\/strong> var det igen dags f\u00f6r granskning och de kom fram till att vissa \u00e4ndringar m\u00e5ste g\u00f6ras i v\u00e4rderingarna. Alla byggnader ans\u00e5gs vara i gott skick men f\u00e4huset nr 5 hade f\u00f6rfallit, s\u00e5 att det inte l\u00e4ngre godk\u00e4ndes till f\u00f6rs\u00e4kring.<\/p>\n<p><strong>\u00c5r 1867<\/strong> konstaterades vid granskningen att alla byggnaden var f\u00f6rs\u00e4krade till ett f\u00f6r h\u00f6gt v\u00e4rde. Finland hade nu tagit valutan mark och penni i bruk och f\u00f6rs\u00e4kringsv\u00e4rdet s\u00e4nktes fr\u00e5n 5\u00a0560 mark till 4\u00a0000 j\u00e4mnt.<\/p>\n<h3><strong>Brandf\u00f6rs\u00e4kringen \u00e5r 1869:<\/strong><\/h3>\n<p>\u00c5r 1869 i december f\u00f6rnyade f\u00e4rgarem\u00e4staren \u00c5kerberg den f\u00f6rs\u00e4kring som hade tagits \u00e5r 1847, eftersom han ans\u00e5g att dess v\u00e4rde hade nedg\u00e5tt.<\/p>\n<p>Tomten hade samma storlek som tidigare och gr\u00e4nsade till samma tomter. Samtliga n\u00f6dv\u00e4ndiga brandredskap fanns p\u00e5 g\u00e5rden och de var vederb\u00f6rligt m\u00e5lade med tomtens nummer. P\u00e5 g\u00e5rdsplanen fanns en brunn, som gav rikligt med vatten.<\/p>\n<figure id=\"attachment_25734\" aria-describedby=\"caption-attachment-25734\" style=\"width: 1280px\" class=\"wp-caption alignnone\"><img loading=\"lazy\" decoding=\"async\" class=\"size-full wp-image-25734\" src=\"https:\/\/www.kristinestadshistoria.fi\/wp-content\/uploads\/2023\/03\/Tomtkarta-1869.jpg\" alt=\"\" width=\"1280\" height=\"677\" srcset=\"https:\/\/www.kristinestadshistoria.fi\/wp-content\/uploads\/2023\/03\/Tomtkarta-1869.jpg 1280w, https:\/\/www.kristinestadshistoria.fi\/wp-content\/uploads\/2023\/03\/Tomtkarta-1869-300x159.jpg 300w, https:\/\/www.kristinestadshistoria.fi\/wp-content\/uploads\/2023\/03\/Tomtkarta-1869-1024x542.jpg 1024w, https:\/\/www.kristinestadshistoria.fi\/wp-content\/uploads\/2023\/03\/Tomtkarta-1869-768x406.jpg 768w\" sizes=\"auto, (max-width: 1280px) 100vw, 1280px\" \/><figcaption id=\"caption-attachment-25734\" class=\"wp-caption-text\">\u00c5r 1869 f\u00f6rnyade den d\u00e5varande \u00e4garen, f\u00e4rgarem\u00e4staren \u00c5kerberg den gamla f\u00f6rs\u00e4kringen och d\u00e5 skulle en ny planteckning ritas upp och s\u00e5 h\u00e4r s\u00e5g den ut i renritad form.<\/figcaption><\/figure>\n<p>Ang\u00e5ende byggnaderna uppgav \u00c5kerberg f\u00f6ljande:<\/p>\n<h5><strong>Byggnad nr 1:<\/strong><\/h5>\n<p>Ett boningshus av timmer i gott skick, uppf\u00f6rt \u00e5r 1824, tillbyggd \u00e5r 1842, br\u00e4dfodrat och m\u00e5lat med oljef\u00e4rg. Byggnaden hade ett tak av n\u00e4ver och br\u00e4der och det var 39 \u00bd alnar (23,7 m) l\u00e5ngt mot V\u00e4stra L\u00e5nggatan. Huset som var i en v\u00e5ning har 9 rum och i dessa fanns det 6 kakelugnar och en k\u00f6ksspis. Ink\u00f6rsporten var mitt igenom huset.<\/p>\n<p>Hela byggnaden f\u00f6rs\u00e4krade f\u00f6r 3\u00a0000 mark.<\/p>\n<h5><strong>Byggnad nr 2:<\/strong><\/h5>\n<p>Ett boningshus av timmer i f\u00f6rsvarligt skick, uppf\u00f6rt \u00e5r 1826, m\u00e5lat med kompositionsf\u00e4rg under ett ta av br\u00e4der. Huset var 14 \u00bd alnar (8,7 m) l\u00e5ngt och hade tv\u00e5 boningsrum och d\u00e4r anns en kakelugn och en spis med bakugn.<\/p>\n<p>Boningshuset f\u00f6rs\u00e4krades f\u00f6r 400 mark.<\/p>\n<h5><strong>Byggnad nr 3:<\/strong><\/h5>\n<p>En hush\u00e5llsbod av timmer i gott skick, uppf\u00f6rd \u00e5r 1819, inte br\u00e4dfodrad med m\u00e5lad, under ett tak av br\u00e4der. Boden \u00e5r 8 x 8 alnar stort och d\u00e4r finns ett rum med vind.<\/p>\n<p>Boden f\u00f6rs\u00e4krades f\u00f6r 200 mark.<\/p>\n<h5><strong>Byggnad nr 4:<\/strong><\/h5>\n<p>En bagarstuga av timmer i f\u00f6rsvarligt skick, byggd \u00e5r 1816, inte br\u00f6dfodrad men nog m\u00e5lad och den hade ett tak av br\u00e4der. Bagarstugan var 18 \u00bc alnar (ca 11 m) l\u00e5ng och d\u00e4r fanns tv\u00e5 rum, det ena med en kakelugn och det andra med en bagarstugusspis med bakugn.<\/p>\n<p>Bagarstugan f\u00f6rs\u00e4krades f\u00f6r 400 mark.<\/p>\n<p>Alla byggnader f\u00f6rs\u00e4krades allts\u00e5 f\u00f6r 4\u00a0000 mark. Uthusbyggnaderna 5,6 och 7 l\u00e4mnades utan f\u00f6rs\u00e4kring. \u00c5kerberg intygade att det inte fanns n\u00e5gra brandfarliga inr\u00e4ttningar p\u00e5 tomten eller i dess grannskap. P\u00e5 tomten fanns n\u00e5gra lummiga l\u00f6vtr\u00e4d, liksom p\u00e5 granntomterna.<\/p>\n<p>Vart femte \u00e5r skulle ju byggnaderna och brandredskapen granskas och \u00e5r 1874 gjordes f\u00f6ljande granskning av svarvarem\u00e4staren Johan Petter Salin och kopparslagarem\u00e4staren J. Sj\u00f6str\u00f6m. G\u00e5rden som d\u00e5 \u00e4gdes av \u201dEnkefru Prostinnan Maria L. Alcenius\u201d godk\u00e4ndes och den \u00e5rliga intr\u00e4desavgiften som premien kallades den tiden, g\u00e4llde de kommande 5 \u00e5ren.<\/p>\n<figure id=\"attachment_25733\" aria-describedby=\"caption-attachment-25733\" style=\"width: 820px\" class=\"wp-caption alignnone\"><img loading=\"lazy\" decoding=\"async\" class=\"size-full wp-image-25733\" src=\"https:\/\/www.kristinestadshistoria.fi\/wp-content\/uploads\/2023\/03\/Tomtkarta-1869-stor.jpg\" alt=\"\" width=\"820\" height=\"859\" srcset=\"https:\/\/www.kristinestadshistoria.fi\/wp-content\/uploads\/2023\/03\/Tomtkarta-1869-stor.jpg 820w, https:\/\/www.kristinestadshistoria.fi\/wp-content\/uploads\/2023\/03\/Tomtkarta-1869-stor-286x300.jpg 286w, https:\/\/www.kristinestadshistoria.fi\/wp-content\/uploads\/2023\/03\/Tomtkarta-1869-stor-768x805.jpg 768w\" sizes=\"auto, (max-width: 820px) 100vw, 820px\" \/><figcaption id=\"caption-attachment-25733\" class=\"wp-caption-text\">S\u00e5 h\u00e4r s\u00e5g den plankarta ut som f\u00e4rgarem\u00e4staren Emil \u00c5kerberg l\u00e4t uppg\u00f6ra \u00e5r 1869. Inf\u00e4lld i nedre kanten hans egen namnteckning.<\/figcaption><\/figure>\n<p><strong>\u00c5r 1900, den 11 januari<\/strong> utbr\u00f6t en liten brand i byggnad nummer 4, allts\u00e5 i bagarstugan. Arbetaren Isak Granfors bodde d\u00e4r i kammaren och av n\u00e5gon anledning tog s\u00e4ngkl\u00e4derna eld men elden kunde sl\u00e4ckas utan att hela byggnaden f\u00f6rst\u00f6rdes. Granfors\u00b4 alla tillh\u00f6righeter f\u00f6rst\u00f6rdes och en del av golvet, och vid sl\u00e4ckningen f\u00f6rst\u00f6rdes ett f\u00f6nster. Rikligt med vatten anv\u00e4ndes vid sl\u00e4ckningen och fyllningen i trossbottnen dr\u00e4nktes och tapeterna f\u00f6rst\u00f6rdes. Skadorna kunde repareras f\u00f6r 75 mark. G\u00e5rden \u00e4gdes vid detta tillf\u00e4lle av \u00e4nkan Westerback.<\/p>\n<p><strong>\u00c5r 1900, den 22 november<\/strong> hade \u00e4nkan Westerback kallat p\u00e5 brandstodsbolagets agent i staden, Wilhelm Hagen att byggnaderna skulle v\u00e4rderas p\u00e5 nytt. Till sin hj\u00e4lp tog Hagen handlanden Konrad Sundman och handlanden Johan Wilhelm Olin f\u00f6r att v\u00e4rdera byggnaderna. Dessa kom fram till att huvudbyggnaden var v\u00e4rd 5 300 mark, boningshuset nr 2 var v\u00e4rt 800 mark, boden nr 3 var v\u00e4rd 300 och den reparerade bagarstugan var v\u00e4rd 1 000 mark. \u00c4nkan Westerback var tydligen inte riktigt n\u00f6jd med den v\u00e4rderingen eftersom hon beg\u00e4rde tillst\u00e5nd att f\u00e5 f\u00f6rs\u00e4kra byggnaderna ocks\u00e5 i ett annat bolag.<\/p>\n<h2><strong>Brandf\u00f6rs\u00e4kringen \u00e5r 1901.<\/strong><\/h2>\n<p>\u00c5r 1901, den 23 januari tecknade sj\u00f6mans\u00e4nkan Maria Westerback en ny brandf\u00f6rs\u00e4kring p\u00e5 byggnaderna p\u00e5 hennes tomt nr 153. \u00a0Tomten var 1 345,4 m\u00b2 stor och placeringen var den samma men v\u00e4rdet p\u00e5 byggnaderna korrigerades. Maria uppgav att alla n\u00f6dv\u00e4ndiga brandredskap fanns p\u00e5 tomten och de var m\u00e4rkta med tomtens nummer.<\/p>\n<h5><strong>Byggnad nr 1:<\/strong><\/h5>\n<p>Ett boningshus uppf\u00f6rt \u00e5r 1824, tillbyggt 1842, br\u00e4dfodrat och m\u00e5lat med oljef\u00e4rg och taket av asfaltfilt. I byggnaden fanns det nio boningsrum och den f\u00f6rs\u00e4krades f\u00f6r 5\u00a0700 mark.<\/p>\n<h5><strong>Byggnad nr 2:<\/strong><\/h5>\n<p>Ett boningshus av timmer uppf\u00f6rt \u00e5r 1826, i gott skick, br\u00e4dfodrat och m\u00e5lat. I byggnaden fanns med tv\u00e5 rum och den f\u00f6rs\u00e4krades f\u00f6r 1\u00a0000 mark<\/p>\n<h5><strong>Byggnad nr 3:<\/strong><\/h5>\n<p>En hush\u00e5llsbod, uppf\u00f6rd \u00e5r 1819, delvis br\u00e4dfodrad och den hade ett tak av asfaltfilt. Byggnaden f\u00f6rs\u00e4krades f\u00f6r 300 mark.<\/p>\n<h5><strong>Byggnad nr 4:<\/strong><\/h5>\n<p>Ett boningshus av timmer uppf\u00f6rt \u00e5r 1816, br\u00e4dfodrat och det hade tak av asfaltfilt. D\u00e4r fanns tv\u00e5 rum och byggnaden f\u00f6rs\u00e4krades f\u00f6r 1\u00a0000 mark.<\/p>\n<p>Byggnaderna 5 \u2013 8 l\u00e4mnades helt utan brandf\u00f6rs\u00e4kring.<\/p>\n<p>Hela f\u00f6rs\u00e4kringsbeloppet uppgick till 8\u00a0000 mark. Brandstodsbolagets lokala agent, kapten Wilhelm Hagen p\u00e5pekade att samtliga byggnader strider mot stadens byggnadsordning. De stod alla f\u00f6r n\u00e4ra varandra och vissa stod f\u00f6r n\u00e4ra tomtgr\u00e4nsen. Infarten r\u00e4tt igenom huvudbyggnaden stred ocks\u00e5 mot byggnadsf\u00f6rordningen.<\/p>\n<figure id=\"attachment_26073\" aria-describedby=\"caption-attachment-26073\" style=\"width: 855px\" class=\"wp-caption alignnone\"><img loading=\"lazy\" decoding=\"async\" class=\"size-full wp-image-26073\" src=\"https:\/\/www.kristinestadshistoria.fi\/wp-content\/uploads\/2023\/04\/Tomtkarta-1900-Westerback-1.jpg\" alt=\"\" width=\"855\" height=\"407\" srcset=\"https:\/\/www.kristinestadshistoria.fi\/wp-content\/uploads\/2023\/04\/Tomtkarta-1900-Westerback-1.jpg 855w, https:\/\/www.kristinestadshistoria.fi\/wp-content\/uploads\/2023\/04\/Tomtkarta-1900-Westerback-1-300x143.jpg 300w, https:\/\/www.kristinestadshistoria.fi\/wp-content\/uploads\/2023\/04\/Tomtkarta-1900-Westerback-1-768x366.jpg 768w\" sizes=\"auto, (max-width: 855px) 100vw, 855px\" \/><figcaption id=\"caption-attachment-26073\" class=\"wp-caption-text\">D\u00e5 Maria Westerback tecknade en ny brandf\u00f6rs\u00e4kring \u00e5r 1901, s\u00e5 l\u00e4t hon rita upp en planteckning, som s\u00e5g ut s\u00e5 h\u00e4r i redigerad form.<\/figcaption><\/figure>\n","protected":false},"excerpt":{"rendered":"<p>Sammanst\u00e4llt av Lasse Backlund. Uppgifterna \u00e4r tagna ur gamla f\u00f6rs\u00e4kringsbrev, som finns p\u00e5 Riksarkivet. Brandf\u00f6rs\u00e4kringen \u00e5r 1847. \u00c5r 1832 bildades \u201dAllm\u00e4nna Brandstodsbolaget i Finland\u201d i Helsingfors och \u00e5r 1847, i december anh\u00f6ll handlanden G. W. Lindqvist att hans g\u00e5rd vid <a class=\"more-link\" href=\"https:\/\/www.kristinestadshistoria.fi\/?page_id=25464\">Forts\u00e4tt l\u00e4sa <span class=\"screen-reader-text\">  Den f\u00f6rs\u00e4krade g\u00e5rden p\u00e5 tomt 153 p\u00e5 V\u00e4stra L\u00e5nggatan<\/span><span class=\"meta-nav\">&rarr;<\/span><\/a><\/p>\n","protected":false},"author":1,"featured_media":0,"parent":18787,"menu_order":10,"comment_status":"closed","ping_status":"closed","template":"","meta":{"footnotes":""},"class_list":["post-25464","page","type-page","status-publish","hentry"],"_links":{"self":[{"href":"https:\/\/www.kristinestadshistoria.fi\/index.php?rest_route=\/wp\/v2\/pages\/25464","targetHints":{"allow":["GET"]}}],"collection":[{"href":"https:\/\/www.kristinestadshistoria.fi\/index.php?rest_route=\/wp\/v2\/pages"}],"about":[{"href":"https:\/\/www.kristinestadshistoria.fi\/index.php?rest_route=\/wp\/v2\/types\/page"}],"author":[{"embeddable":true,"href":"https:\/\/www.kristinestadshistoria.fi\/index.php?rest_route=\/wp\/v2\/users\/1"}],"replies":[{"embeddable":true,"href":"https:\/\/www.kristinestadshistoria.fi\/index.php?rest_route=%2Fwp%2Fv2%2Fcomments&post=25464"}],"version-history":[{"count":9,"href":"https:\/\/www.kristinestadshistoria.fi\/index.php?rest_route=\/wp\/v2\/pages\/25464\/revisions"}],"predecessor-version":[{"id":26074,"href":"https:\/\/www.kristinestadshistoria.fi\/index.php?rest_route=\/wp\/v2\/pages\/25464\/revisions\/26074"}],"up":[{"embeddable":true,"href":"https:\/\/www.kristinestadshistoria.fi\/index.php?rest_route=\/wp\/v2\/pages\/18787"}],"wp:attachment":[{"href":"https:\/\/www.kristinestadshistoria.fi\/index.php?rest_route=%2Fwp%2Fv2%2Fmedia&parent=25464"}],"curies":[{"name":"wp","href":"https:\/\/api.w.org\/{rel}","templated":true}]}}