{"id":25348,"date":"2023-02-24T00:04:35","date_gmt":"2023-02-23T22:04:35","guid":{"rendered":"https:\/\/www.kristinestadshistoria.fi\/?page_id=25348"},"modified":"2025-03-18T22:56:13","modified_gmt":"2025-03-18T20:56:13","slug":"den-forsakrade-garden-pa-tomterna-127-och-128","status":"publish","type":"page","link":"https:\/\/www.kristinestadshistoria.fi\/?page_id=25348","title":{"rendered":"Den f\u00f6rs\u00e4krade g\u00e5rden p\u00e5 tomterna 127 och 128"},"content":{"rendered":"<p><span style=\"color: #000080;\"><strong>Sammanst\u00e4llt av Lasse Backlund. Uppgifterna \u00e4r tagna ur Riksarkivets brandf\u00f6rs\u00e4kringsbrev.<\/strong><\/span><\/p>\n<h3><strong>F\u00f6rs\u00e4kring 1834.<\/strong><\/h3>\n<p>\u00c5r 1832 bildades \u201dAllm\u00e4nna Brandstodsbolaget i Finland\u201d i Helsingfors och redan \u00e5r 1834 f\u00f6rs\u00e4krade Simon Anders Wendelin sin g\u00e5rd vid R\u00e5dhustorget, p\u00e5 Strandgatan 38. F\u00f6rs\u00e4kringsans\u00f6kan skulle g\u00f6ras till bolaget och Wendelin uppgav d\u00e5 att p\u00e5 tomten fanns det 2 brandstegar, 2 brandhakar, 2 handsprutor, 2 svabbar och 2 l\u00e4der\u00e4mbar.<\/p>\n<p>P\u00e5 tomten fanns det d\u00e5 tre byggnader men han anm\u00e4lde endast tv\u00e5, eftersom det tredje var ett gammalt magasin i d\u00e5ligt skick.<\/p>\n<h4><strong>Byggnad nr 1:<\/strong><\/h4>\n<p>En tr\u00e4dbyggnad av furu- och grantimmer i gott st\u00e5nd, av nytt timmer uppsatt \u00e5r 1832 av en v\u00e5ning, br\u00e4dfodrad innevarande \u00e5r, icke m\u00e5lad. Den best\u00e5r av 6 rum, n\u00e4mligen f\u00f6rstuga, sal, 2 kamrar och 2 stugor och i dessa fanns det 3 kakelugnar och en r\u00f6rspis med inmurad brygg-gryta, samt en r\u00f6rspis med bakugn, alla f\u00f6rsedda med nicher.<\/p>\n<p>Husets medelh\u00f6jd \u00e4r 16 \u00bd aln, dess l\u00e4ngd 35 alnar och bredd n\u00e4stan 15 alnar. Det har n\u00e4vertak, st\u00e5r p\u00e5 en stenfot som \u00e4r 1 \u00bd aln h\u00f6g och det har en v\u00e4lvd dubbelk\u00e4llare vartill trappan \u00e4r av sten, yttre d\u00f6rren av j\u00e4rn och tv\u00e5 inre d\u00f6rrar av tr\u00e4d. Byggnaden v\u00e4rderades till 4\u00a0950 rubel.<\/p>\n<h4><strong>Byggnad nr 3:<\/strong><\/h4>\n<p>En tr\u00e4dbyggnad av furutimmer i gott st\u00e5nd, av nytt timmer uppsatt \u00e5r 1828 i en v\u00e5ning. Den var inte br\u00e4dfodrar men r\u00f6dm\u00e5lad och d\u00e4r fanns 2 magasin utan eldst\u00e4der. H\u00f6jden var 13 \u00bd alnar, l\u00e4ngden n\u00e4stan 23 alnar och bredden 13 alnar. Byggnaden hade en stenfot som var en aln h\u00f6g och taket var lagt med br\u00e4der. Byggnaden v\u00e4rderades till 1\u00a0000 rubel.<\/p>\n<p>Den tredje byggnaden f\u00f6rs\u00e4krades inte och planket runt kryddg\u00e5rden, allts\u00e5 tr\u00e4dg\u00e5rden l\u00e4mnades ocks\u00e5 utan f\u00f6rs\u00e4kring. Planket var 4 alnar h\u00f6g, byggt av br\u00e4der och var r\u00f6dm\u00e5lat. Ink\u00f6rsporten som var 6 alnar bred f\u00f6rs\u00e4krades inte heller.<\/p>\n<p>Det totala f\u00f6rs\u00e4kringsbeloppet var allts\u00e5 5\u00a0950 rubel och den f\u00f6rsta premien var 54 rubel 17 kopek.<\/p>\n<figure id=\"attachment_25344\" aria-describedby=\"caption-attachment-25344\" style=\"width: 1012px\" class=\"wp-caption alignnone\"><img loading=\"lazy\" decoding=\"async\" class=\"size-full wp-image-25344\" src=\"https:\/\/www.kristinestadshistoria.fi\/wp-content\/uploads\/2023\/02\/Tomtkarta-1834-1.jpg\" alt=\"\" width=\"1012\" height=\"695\" srcset=\"https:\/\/www.kristinestadshistoria.fi\/wp-content\/uploads\/2023\/02\/Tomtkarta-1834-1.jpg 1012w, https:\/\/www.kristinestadshistoria.fi\/wp-content\/uploads\/2023\/02\/Tomtkarta-1834-1-300x206.jpg 300w, https:\/\/www.kristinestadshistoria.fi\/wp-content\/uploads\/2023\/02\/Tomtkarta-1834-1-768x527.jpg 768w\" sizes=\"auto, (max-width: 1012px) 100vw, 1012px\" \/><figcaption id=\"caption-attachment-25344\" class=\"wp-caption-text\">\u00c5r 1834 l\u00e4t handlande S. A. Wendelin f\u00f6rs\u00e4kra g\u00e5rden i Allm\u00e4nna Brandstodsbolaget i Finland. Byggnad nr 1 var ett bostadshus, uppf\u00f6rt av nytt timmer 1832 i en v\u00e5ning. Det blev br\u00e4dfodrat 1834 och var d\u00e5 om\u00e5lat. I byggnaden fanns det 6 rum och taket var lagt med n\u00e4ver. Byggnad nr 2 var ett gammalt magasin med n\u00e4vertak och byggnad nr 3 var en byggnad med tv\u00e5 magasin, byggt \u00e5r 1828.<\/figcaption><\/figure>\n<h3><strong>F\u00f6rs\u00e4kring 1840.<\/strong><\/h3>\n<p><strong>\u00c5r 1840<\/strong> gjordes en ny v\u00e4rdering av g\u00e5rdarna p\u00e5 de nu sammanslagna tomterna 127 och 128. De befintliga byggnaderna hade alla byggts till och d\u00e4rtill hade en stor byggnad uppf\u00f6rts vid torget.<\/p>\n<h4><strong>Byggnad nr 1:<\/strong><\/h4>\n<p>En tr\u00e4dbyggnad av furu- och grantimmer i gott st\u00e5nd af nytt timmer uppsatt \u00e5r 1832 i en v\u00e5ning, tillbyggd \u00e5r 1838, br\u00e4dfodrad och m\u00e5lad med gul oljef\u00e4rg, best\u00e5ende av 7 rum, n\u00e4mligen f\u00f6rstuga, sal, 2 kamrar, 2 stugor och ett vagnslider. D\u00e4r fanns 3 kakelugnar, en inmurad brygg-gryta, en r\u00f6rspis, en r\u00f6rspis med bakugn, alla f\u00f6rsedda med nischer. Byggnadens h\u00f6jd \u00e4r 16 \u00bd aln, l\u00e4ngden 48 alnar och bredd n\u00e4stan 15 alnar. Taket \u00e4r lagt med n\u00e4ver, stenfotens h\u00f6jd \u00e4r 1 \u00bd aln och d\u00e4r finns en v\u00e4lvd dubbel k\u00e4llare med en trappa av sten och en ytterd\u00f6rr av j\u00e4rn.<\/p>\n<p>Som brukligt var s\u00e5 var allting specificerat och v\u00e4rderat. Till exempel stommen v\u00e4rderades till 1\u00a0355, stenfoten till 224, tv\u00e5 skorstenar till 54, tapeterna i 2 rum till 54 rubel och s\u00e5 vidare. Hela g\u00e5rden v\u00e4rderades till 5\u00a0500 rubel.<\/p>\n<h4><strong>Byggnad nr 3.<\/strong><\/h4>\n<p>En tr\u00e4dbyggnad av furutimmer i gott st\u00e5nd av nytt timmer uppsatt \u00e5r 1828, tillbyggd \u00e5r 1839. Den \u00e4r br\u00e4dfodrad och r\u00f6dm\u00e5lad och best\u00e5r nu av 4 magasiner utan eldst\u00e4der. Byggnadens l\u00e4ngd \u00e4r nu 40 alnar och det st\u00e5r p\u00e5 en stenfot som \u00e4r en aln h\u00f6g och har ett tak av br\u00e4der. Denna byggnad v\u00e4rderades till 1\u00a0900 rubel.<\/p>\n<h4><strong>Byggnad nr 4.<\/strong><\/h4>\n<p>En tr\u00e4dbyggnad uppf\u00f6rd av furutimmer i gott st\u00e5nd, av nytt timmer, uppsatt \u00e5r 1838 i en v\u00e5ning, br\u00e4dfodrad 1839 och m\u00e5lad med gul oljef\u00e4rg. Byggnaden best\u00e5r av 20 rum, n\u00e4mligen 3 f\u00f6rstugor, 3 tamburer, 2 salar, 11 kammare och i dessa finns det totalt 16 kakelugnar. D\u00e4rtill finns ett k\u00f6k med r\u00f6rspis och stekugn. Ett av rummen \u00e4r inrett till salubod. Husets h\u00f6jd \u00e4r 18 alnar, l\u00e4ngden 70 och bredden 21 \u00bd alnar under ett tak av papper. Stenfoten \u00e4r 2 \u00bd alnar h\u00f6g, med en v\u00e4lvd k\u00e4llare vars trappa \u00e4r av sten och ytterd\u00f6rren av j\u00e4rn.<\/p>\n<p>Den h\u00e4r byggnaden v\u00e4rderas h\u00f6gt. Stenfoten med alla gluggluckor v\u00e4rderas till 1\u00a0900, den v\u00e4lvda k\u00e4llaren till 4\u00a0000, stommen till 3\u00a0000, rummens golv av furuplankor till 1754, 29 f\u00f6nster med glas 870, 18 halvfranska innerd\u00f6rrar tillsammans 396 rubel. Tapeterna i 15 rum v\u00e4rderas till 1\u00a0923 rubel, vattenr\u00e4nnor med stupare av bleckpl\u00e5t 135 rubel och alltsamman till ett v\u00e4rde av 22\u00a0000 rubel.<\/p>\n<h4><strong>Byggnad nr 5.<\/strong><\/h4>\n<p>En av nytt timmer \u00e5r 1838 uppf\u00f6rt uthus, br\u00e4dfodrat och m\u00e5lat med gul oljef\u00e4rg, best\u00e5ende av 12 rum. D\u00e4r fanns 1 bryggstuga, 1 badstuga, 2 kamrar, 2 magasin, 1 f\u00f6rstuga, f\u00e4hus, stall, foderlada och spillhus, samt ett vedlider inneh\u00e5llande en spis med 2 inmurade j\u00e4rnmalms grytor, en badstuguspis och en kakelugn.<\/p>\n<p>Denna byggnad \u00e4r 13 alnar h\u00f6g, 90 alnar l\u00e5ng och 12 alnar bred och den har n\u00e4vertak och har en stenfot som \u00e4r 1 aln h\u00f6g. Denna l\u00e5nga uthusbyggnad f\u00f6rs\u00e4krades till 4\u00a0250 rubel.<\/p>\n<p>Dessutom f\u00f6rs\u00e4krades ett 70 alnar l\u00e5ng gult plank, med en h\u00f6jd av 4 alnar och ett staket som var 174 alnar l\u00e5ngt, vitm\u00e5lat och 2 alnar h\u00f6gt. Den ena ink\u00f6rsporten f\u00f6rs\u00e4krades till 150 rubel, den var 5 alnar bred, hade 2 bekl\u00e4dda oljem\u00e5lade portar och en mindre g\u00e5ngport. Den andra var enklare och f\u00f6rs\u00e4krades till 50 rubel.<\/p>\n<p>Tomten med alla byggnader, som \u00e5r 1834 f\u00f6rs\u00e4krades till 5 950 rubel, v\u00e4rderades nu till hela 34 650 rubel och premien uppgick till 339 rubel.<\/p>\n<figure id=\"attachment_25346\" aria-describedby=\"caption-attachment-25346\" style=\"width: 1011px\" class=\"wp-caption alignnone\"><img loading=\"lazy\" decoding=\"async\" class=\"size-full wp-image-25346\" src=\"https:\/\/www.kristinestadshistoria.fi\/wp-content\/uploads\/2023\/02\/Tomtkarta-1840-1.jpg\" alt=\"\" width=\"1011\" height=\"808\" srcset=\"https:\/\/www.kristinestadshistoria.fi\/wp-content\/uploads\/2023\/02\/Tomtkarta-1840-1.jpg 1011w, https:\/\/www.kristinestadshistoria.fi\/wp-content\/uploads\/2023\/02\/Tomtkarta-1840-1-300x240.jpg 300w, https:\/\/www.kristinestadshistoria.fi\/wp-content\/uploads\/2023\/02\/Tomtkarta-1840-1-768x614.jpg 768w\" sizes=\"auto, (max-width: 1011px) 100vw, 1011px\" \/><figcaption id=\"caption-attachment-25346\" class=\"wp-caption-text\">P\u00e5 tomtkartan fr\u00e5n \u00e5r 1840 s\u00e5 ser vi att vice konsuln Simon Anders Wendelin under n\u00e5gra \u00e5r har byggt ut tomten ordentligt. \u00c5r 1835 hade han gjort en bytesaff\u00e4r med Gottfrid Starcke, s\u00e5 att han f\u00f6rv\u00e4rvade granntomten nr 128 och sedan dess \u00e4r dessa tomter sammanslagna. Det st\u00f6rsta bygget var ju g\u00e5rden vid torget men uthuset nr 5 och de andra byggnadernas tillbyggnad m\u00e5ste ha sysselsatt timmerm\u00e4nnen i flera \u00e5rs tid.<\/figcaption><\/figure>\n<figure id=\"attachment_25357\" aria-describedby=\"caption-attachment-25357\" style=\"width: 1011px\" class=\"wp-caption alignnone\"><img loading=\"lazy\" decoding=\"async\" class=\"size-full wp-image-25357\" src=\"https:\/\/www.kristinestadshistoria.fi\/wp-content\/uploads\/2023\/02\/Tomtkarta-1846.jpg\" alt=\"\" width=\"1011\" height=\"808\" srcset=\"https:\/\/www.kristinestadshistoria.fi\/wp-content\/uploads\/2023\/02\/Tomtkarta-1846.jpg 1011w, https:\/\/www.kristinestadshistoria.fi\/wp-content\/uploads\/2023\/02\/Tomtkarta-1846-300x240.jpg 300w, https:\/\/www.kristinestadshistoria.fi\/wp-content\/uploads\/2023\/02\/Tomtkarta-1846-768x614.jpg 768w\" sizes=\"auto, (max-width: 1011px) 100vw, 1011px\" \/><figcaption id=\"caption-attachment-25357\" class=\"wp-caption-text\">F\u00f6re \u00e5r 1846 hade ytterligare 2 f\u00f6rr\u00e5d eller magasin byggts p\u00e5 tomten. Byggnad nr 6 \u00e4r en \u00f6verjordisk k\u00e4llare och nr 2 \u00e4r ett saltmagasin.<\/figcaption><\/figure>\n<h3><strong>F\u00f6rs\u00e4kring 1862.<\/strong><\/h3>\n<p>G\u00e5rden p\u00e5 tomterna 127 o 128 hade nu \u00f6vertagit av Simon Anders Wendelins son Otto. Han tog en ny f\u00f6rs\u00e4kring eftersom flera f\u00f6r\u00e4ndringar hade gjorts p\u00e5 g\u00e5rden.<\/p>\n<figure id=\"attachment_25595\" aria-describedby=\"caption-attachment-25595\" style=\"width: 1011px\" class=\"wp-caption alignnone\"><img loading=\"lazy\" decoding=\"async\" class=\"size-full wp-image-25595\" src=\"https:\/\/www.kristinestadshistoria.fi\/wp-content\/uploads\/2023\/03\/Tomtkarta-1862-web.jpg\" alt=\"\" width=\"1011\" height=\"808\" srcset=\"https:\/\/www.kristinestadshistoria.fi\/wp-content\/uploads\/2023\/03\/Tomtkarta-1862-web.jpg 1011w, https:\/\/www.kristinestadshistoria.fi\/wp-content\/uploads\/2023\/03\/Tomtkarta-1862-web-300x240.jpg 300w, https:\/\/www.kristinestadshistoria.fi\/wp-content\/uploads\/2023\/03\/Tomtkarta-1862-web-768x614.jpg 768w\" sizes=\"auto, (max-width: 1011px) 100vw, 1011px\" \/><figcaption id=\"caption-attachment-25595\" class=\"wp-caption-text\">D\u00e5 Otto Wendelin tog \u00f6ver g\u00e5rden p\u00e5 tomterna 127 och 128 gjorde han s\u00e5 m\u00e5nga f\u00f6r\u00e4ndringar att det gjordes en ny brandf\u00f6rs\u00e4kring \u00e5r 1862 och en ny planteckning ritades. S\u00e5 h\u00e4r s\u00e5g den ut i renritad form.<\/figcaption><\/figure>\n<h5><strong>Byggnad nr 1:<\/strong><\/h5>\n<p>Byggnaden l\u00e4ngs med Strandgatan var den \u00e4ldsta p\u00e5 tomterna och f\u00f6rsta delen av den var byggd \u00e5r 1832 och blev tillbyggd \u00e5r 1838. \u00c5r 1861 byggdes g\u00e5rden till p\u00e5 g\u00e5rdssidan med tv\u00e5 verandor och en \u201dbekv\u00e4mare uppg\u00e5ng\u201d. F\u00f6rutom den v\u00e4lvda k\u00e4llaren har byggnaden nu 19 rum, n\u00e4mligen 3 f\u00f6rstugor, 2 tamburer, 2 salar, 10 kamrar och ett k\u00f6k med \u201dr\u00f6rspis och nisch, 1 st\u00f6rre portativ kokinr\u00e4ttning med stekugn av tackj\u00e4rn\u201d och en bagarstuga med en bakugn.<\/p>\n<p>Alla byggnadsdelar f\u00f6rs\u00e4krades skilt f\u00f6r sig och den listan \u00e4r l\u00e5ng och detaljrik.<\/p>\n<p>Till exempel den s\u00f6dra nya verandan p\u00e5 g\u00e5rdssidan f\u00f6rs\u00e4krades s\u00e5 h\u00e4r: Stommen av stock och korsvirke v\u00e4rderades till 192 rubel, yttre taket som var gjort av dubbla br\u00e4der till 25 och inretaket och bj\u00e4lklaget till 34 rubel. Tre panelade och oljem\u00e5lade f\u00f6nsterlufter, som var 4 alnar h\u00f6ga och 2 \u00bc aln breda ned helvitt och kul\u00f6rta glas var v\u00e4rda 75 rubel tillsammans. Ett par Deuxballong glasd\u00f6rrar med helvitt glas i kitt, oljem\u00e5lade och lackerade, med m\u00e4ssingl\u00e5s och beslag v\u00e4rderades till 20 rubel, och en annan likadan d\u00f6rr som ocks\u00e5 hade ett \u00f6verf\u00f6nster v\u00e4rderades till 25 rubel. Den inre och yttre oljem\u00e5lningen av verandan f\u00f6rs\u00e4krades f\u00f6r 70 rubel, det oljem\u00e5lade skranket och trappan f\u00f6rs\u00e4krades f\u00f6r 75 rubel.<\/p>\n<p>Hela den h\u00e4r byggnaden f\u00f6rs\u00e4krades f\u00f6r 5\u00a0560 rubel.<\/p>\n<h5><strong>Byggnad nr 3:<\/strong><\/h5>\n<p>En magasinbyggnad uppf\u00f6rd \u00e5r 1828 och tillbyggd \u00e5r 1839. \u00c5r 1862 gjordes \u00e4nnu en tillbyggnad och f\u00f6rs\u00e5gs d\u00e5 med \u201dh\u00f6flade och falsade br\u00e4der, samt m\u00e5lad med ljus oljef\u00e4rg\u201d. I byggnaden fanns 3 magasiner med dubbla bottnar, en isk\u00e4llare med dubbla stockv\u00e4ggar och ett vedlider och det var nu 36 alnar l\u00e5ngt, allts\u00e5 21,6 meter.<\/p>\n<p>Byggnadsdetaljerna f\u00f6rs\u00e4krades skilt f\u00f6r sig och till den fasta inredningen h\u00f6rde 10 spannm\u00e5lsl\u00e5rar, som var v\u00e4rda 91 rubel tillsammans.<\/p>\n<p>Hela denna byggnad f\u00f6rs\u00e4krades f\u00f6r 1\u00a0200 rubel.<\/p>\n<h5><strong>Byggnad nr 4:<\/strong><\/h5>\n<p>En vinkelbyggnad i en v\u00e5ning uppf\u00f6rd av gott timmer \u00e5r 1838, br\u00e4dfodrad 1839 med hyvlade och falsade br\u00e4der och m\u00e5lad med ljus oljef\u00e4rg. Den stod vid torget, som nu bytt namn fr\u00e5n R\u00e5dstufvutorget till Salutorget. \u00c5r 1850 blev den tillbyggd med timmer och korsvirke och i den delen fanns ett boningsrum med f\u00f6rstuga. \u00c5r 1862 byggdes en glasveranda p\u00e5 g\u00e5rdssidan och den var gjord av plankor, korsvirke och br\u00e4der och samma \u00e5r byggdes en av f\u00f6rstugorna om till boningsrum.<\/p>\n<p>F\u00f6rutom den v\u00e4lvda k\u00e4llaren fanns det 24 rum i byggnaden, n\u00e4mligen 4 f\u00f6rstugor, 3 tamburer, 2 salar, 11 kamrar, 2 handelskontor och en salubod. I dessa rum fanns det totalt 18 kakelugnar och i k\u00f6ket en st\u00f6rre, portativ k\u00f6ksinr\u00e4ttning av tackj\u00e4rn.<\/p>\n<p>Byggnaden i en v\u00e5ning hade en l\u00e4ngd om 70 alnar mot Salutorget och den \u00f6stra gaveln var 14 \u00bd aln bred. Byggnaden hade ett tak av pl\u00e5t och stenfoten var omkring 2 \u00bd alnar h\u00f6g.<\/p>\n<p>Den v\u00e4lvda k\u00e4llaren med stentrappor och 3 inre d\u00f6rrar av tr\u00e4 f\u00f6rs\u00e4krades f\u00f6r 900 rubel, stenfoten med dragluckor av j\u00e4rn f\u00f6r 500 och stommen f\u00f6r 1\u00a0300 rubel. F\u00f6rs\u00e4kringslistan var l\u00e5ng och detaljerad, till exempel d\u00f6rren till saluboden som var j\u00e4rnbekl\u00e4dd, panelad och oljem\u00e5lad var v\u00e4rd 25 rubel, 19 stora f\u00f6nster var v\u00e4rda 152 rubel och 26 mindre vindsf\u00f6nster v\u00e4rderades till 52 rubel tillsammans. Tv\u00e5 par j\u00e4rnbekl\u00e4dda f\u00f6nsterluckor i saluboden var v\u00e4rda 8 rubel. 5 rum \u201dhafva fina franska tapeter f\u00f6r 280 rubel och 16 rum hafva ordin\u00e4ra franska dito f\u00f6r 600 rubel\u201d. I 20 rum var golven oljem\u00e5lade och denna f\u00e4rg v\u00e4rderades till 175 rubel.<\/p>\n<p>12 kakelugnar av vitt, glaserat kakel med m\u00e4ssingsd\u00f6rrar, ventiler och gjutna spj\u00e4ll och ledare var v\u00e5rda 35 rubel per styck. 2 kakelugnar med kul\u00f6rta, glaserade kakel med j\u00e4rnd\u00f6rrar var v\u00e4rda 25 rubel per styck medan vanliga kakelugnar av tegel var v\u00e4rda 20 rubel. Tre skorstenar murade av bremertegel v\u00e4rderades till 175 rubel tillsammans.<\/p>\n<p>L\u00f6segendom gick inte att f\u00f6rs\u00e4kra men i saluboden fanns tv\u00e5 v\u00e4ggfasta l\u00e5dfack med tillsammans 142 l\u00e5dor med m\u00e4ssingsbeslag, som var v\u00e4rda 150 rubel. I saluboden fanns ocks\u00e5 en disk i vinkel med 10 l\u00e5dor och 20 hyllor och den var v\u00e4rd 65 rubel, 67 v\u00e4ggfasta hyllor med draperier och pelare v\u00e4rderades till 85 och en v\u00e4ggfast grynl\u00e5da i fyra avdelningar med lock och beslag v\u00e4rderades till 10 rubel.<\/p>\n<p>Byggnadens br\u00e4dfodring med d\u00e4rtill h\u00f6rande pilastrar f\u00f6rs\u00e4krades f\u00f6r 380 rubel och 9 stupr\u00e4nnor av f\u00f6rtennat j\u00e4rnbleck till 45 rubel totalt.<\/p>\n<p>Hela byggnaden f\u00f6rs\u00e4krades f\u00f6r 9\u00a0300 rubel.<\/p>\n<h5><strong>Byggnad nr 5<\/strong>:<\/h5>\n<p>En byggnad av tr\u00e4 i en v\u00e5ning, uppf\u00f6rt av nytt timmer \u00e5r 1838 f\u00f6rsett med hyvlade och falsade br\u00e4der. En tillbyggnad som var 21 alnar l\u00e5ng gjordes 1862 i den v\u00e4stra \u00e4ndan, s\u00e5 att byggnaden har 13 rum. D\u00e4r fanns en bryggstuga med en spis och 2 inmurade grytor, 3 kamrar, 2 magasin, en f\u00f6rstuga, tv\u00e5 f\u00e4hus med h\u00f6skullar, ett stall, ett spillningslider, en vedbod och ett vagnslider.<\/p>\n<p>Byggnaden var nu 111 alnar l\u00e5ngt (66,6 meter), hade ett tak av br\u00e4der och en stenfot som var en aln h\u00f6g.<\/p>\n<p>Byggnaden f\u00f6rs\u00e4krades f\u00f6r 1\u00a0700 rubel.<\/p>\n<p>F\u00f6rutom dessa byggnader, s\u00e5 f\u00f6rs\u00e4krades ett plank som var byggt av stock och br\u00e4dfodrat med \u201dh\u00f6flade och falsade br\u00e4der\u201d, l\u00e4ngd 41 alnar och det var v\u00e4rt 20 rubel. Ink\u00f6rsporten mot Salutorget, som hade en mindre g\u00e5ngport var v\u00e4rd 50 rubel men en annan port mot Strandgatan var v\u00e4rd 20 rubel.<\/p>\n<p>Alltsammans v\u00e4rderades till 18\u00a0000 rubel och den \u00e5rliga f\u00f6rs\u00e4kringspremien uppgick till 167 rubel.<\/p>\n<p>Ans\u00f6kan om f\u00f6rs\u00e4kringen undertecknades den 24 april 1862 av Otto Wendelin. Den lokala brandstodskommitt\u00e9n representerades av handlandens E. N. Sundman och Carl Emil Carlstr\u00f6m.<\/p>\n<figure id=\"attachment_25596\" aria-describedby=\"caption-attachment-25596\" style=\"width: 962px\" class=\"wp-caption alignnone\"><img loading=\"lazy\" decoding=\"async\" class=\"size-full wp-image-25596\" src=\"https:\/\/www.kristinestadshistoria.fi\/wp-content\/uploads\/2023\/03\/Tomtkarta-1862.jpg\" alt=\"\" width=\"962\" height=\"807\" srcset=\"https:\/\/www.kristinestadshistoria.fi\/wp-content\/uploads\/2023\/03\/Tomtkarta-1862.jpg 962w, https:\/\/www.kristinestadshistoria.fi\/wp-content\/uploads\/2023\/03\/Tomtkarta-1862-300x252.jpg 300w, https:\/\/www.kristinestadshistoria.fi\/wp-content\/uploads\/2023\/03\/Tomtkarta-1862-768x644.jpg 768w\" sizes=\"auto, (max-width: 962px) 100vw, 962px\" \/><figcaption id=\"caption-attachment-25596\" class=\"wp-caption-text\">S\u00e5 h\u00e4r s\u00e5g original planteckningen ut som Otto Wendelin l\u00e4t g\u00f6ra \u00e5r 1862. Inf\u00e4lld i h\u00f6gra h\u00f6rnet hans egen namnteckning.<\/figcaption><\/figure>\n<h3><strong>Brandf\u00f6rs\u00e4kringen \u00e5r 1919.<\/strong><\/h3>\n<figure id=\"attachment_29596\" aria-describedby=\"caption-attachment-29596\" style=\"width: 1190px\" class=\"wp-caption alignnone\"><img loading=\"lazy\" decoding=\"async\" class=\"size-full wp-image-29596\" src=\"https:\/\/www.kristinestadshistoria.fi\/wp-content\/uploads\/2025\/03\/Tomtkarta-1919-Foreningsbanken.jpg\" alt=\"\" width=\"1190\" height=\"1071\" srcset=\"https:\/\/www.kristinestadshistoria.fi\/wp-content\/uploads\/2025\/03\/Tomtkarta-1919-Foreningsbanken.jpg 1190w, https:\/\/www.kristinestadshistoria.fi\/wp-content\/uploads\/2025\/03\/Tomtkarta-1919-Foreningsbanken-300x270.jpg 300w, https:\/\/www.kristinestadshistoria.fi\/wp-content\/uploads\/2025\/03\/Tomtkarta-1919-Foreningsbanken-1024x922.jpg 1024w, https:\/\/www.kristinestadshistoria.fi\/wp-content\/uploads\/2025\/03\/Tomtkarta-1919-Foreningsbanken-768x691.jpg 768w\" sizes=\"auto, (max-width: 1190px) 100vw, 1190px\" \/><figcaption id=\"caption-attachment-29596\" class=\"wp-caption-text\">\u00c5r 1919 tecknade den nybildade F\u00f6reningsbanken en ny brandf\u00f6rs\u00e4kring p\u00e5 alla byggnader p\u00e5 deras tomt vid Salutorget. Den h\u00e4r tomtkarta bifogades till f\u00f6rs\u00e4kringsbrevet. Samtliga aff\u00e4rslokaler har renoverats under \u00e5ret och f\u00e5tt nya murar och i huvudbyggnadens \u00f6stra \u00e4nda hade tv\u00e5 aff\u00e4rsutrymmen inretts i k\u00e4llarv\u00e5ningen, allts\u00e5 d\u00e4r restaurangen Crazy Cat finns i dag.<\/figcaption><\/figure>\n<h2><strong>Brandf\u00f6rs\u00e4kringarna 1922 och 1924.<\/strong><\/h2>\n<p>Den nya \u00e4garen F\u00f6reningsbanken hade gjort stora f\u00f6rb\u00e4ttringar i huvudbyggnaden och de tecknade en ny brandf\u00f6rs\u00e4kring den 12 maj 1922. Inflationen var h\u00f6g vid denna tid och eftersom f\u00f6rs\u00e4kringarna inte var bundna till n\u00e5got index, s\u00e5 m\u00e5ste f\u00f6rs\u00e4kringarna justeras med j\u00e4mna mellanrum. Byggnaderna v\u00e4rde ber\u00e4knas nu till 780 000 men de f\u00f6rs\u00e4krade f\u00f6r endast 293 800 mark.<\/p>\n<p>Den 17 juni 1924 korrigerades f\u00f6rs\u00e4kringen igen och d\u00e5 v\u00e4rderades alla byggnader till 901 000 mark och nu f\u00f6rs\u00e4krades de f\u00f6r 472 300 mark.<\/p>\n","protected":false},"excerpt":{"rendered":"<p>Sammanst\u00e4llt av Lasse Backlund. Uppgifterna \u00e4r tagna ur Riksarkivets brandf\u00f6rs\u00e4kringsbrev. F\u00f6rs\u00e4kring 1834. \u00c5r 1832 bildades \u201dAllm\u00e4nna Brandstodsbolaget i Finland\u201d i Helsingfors och redan \u00e5r 1834 f\u00f6rs\u00e4krade Simon Anders Wendelin sin g\u00e5rd vid R\u00e5dhustorget, p\u00e5 Strandgatan 38. F\u00f6rs\u00e4kringsans\u00f6kan skulle g\u00f6ras till <a class=\"more-link\" href=\"https:\/\/www.kristinestadshistoria.fi\/?page_id=25348\">Forts\u00e4tt l\u00e4sa <span class=\"screen-reader-text\">  Den f\u00f6rs\u00e4krade g\u00e5rden p\u00e5 tomterna 127 och 128<\/span><span class=\"meta-nav\">&rarr;<\/span><\/a><\/p>\n","protected":false},"author":1,"featured_media":0,"parent":19793,"menu_order":10,"comment_status":"closed","ping_status":"closed","template":"","meta":{"footnotes":""},"class_list":["post-25348","page","type-page","status-publish","hentry"],"_links":{"self":[{"href":"https:\/\/www.kristinestadshistoria.fi\/index.php?rest_route=\/wp\/v2\/pages\/25348","targetHints":{"allow":["GET"]}}],"collection":[{"href":"https:\/\/www.kristinestadshistoria.fi\/index.php?rest_route=\/wp\/v2\/pages"}],"about":[{"href":"https:\/\/www.kristinestadshistoria.fi\/index.php?rest_route=\/wp\/v2\/types\/page"}],"author":[{"embeddable":true,"href":"https:\/\/www.kristinestadshistoria.fi\/index.php?rest_route=\/wp\/v2\/users\/1"}],"replies":[{"embeddable":true,"href":"https:\/\/www.kristinestadshistoria.fi\/index.php?rest_route=%2Fwp%2Fv2%2Fcomments&post=25348"}],"version-history":[{"count":8,"href":"https:\/\/www.kristinestadshistoria.fi\/index.php?rest_route=\/wp\/v2\/pages\/25348\/revisions"}],"predecessor-version":[{"id":29597,"href":"https:\/\/www.kristinestadshistoria.fi\/index.php?rest_route=\/wp\/v2\/pages\/25348\/revisions\/29597"}],"up":[{"embeddable":true,"href":"https:\/\/www.kristinestadshistoria.fi\/index.php?rest_route=\/wp\/v2\/pages\/19793"}],"wp:attachment":[{"href":"https:\/\/www.kristinestadshistoria.fi\/index.php?rest_route=%2Fwp%2Fv2%2Fmedia&parent=25348"}],"curies":[{"name":"wp","href":"https:\/\/api.w.org\/{rel}","templated":true}]}}