{"id":25336,"date":"2023-02-23T00:08:27","date_gmt":"2023-02-22T22:08:27","guid":{"rendered":"https:\/\/www.kristinestadshistoria.fi\/?page_id=25336"},"modified":"2025-01-06T09:31:21","modified_gmt":"2025-01-06T07:31:21","slug":"den-forsakrade-garden-nr-144","status":"publish","type":"page","link":"https:\/\/www.kristinestadshistoria.fi\/?page_id=25336","title":{"rendered":"Den f\u00f6rs\u00e4krade g\u00e5rden nr 144."},"content":{"rendered":"<p><span style=\"color: #000080;\"><strong>Sammanst\u00e4llt av Lasse Backlund och uppgifterna \u00e4r tagna ur riksarkivets samlingar.<\/strong><\/span><\/p>\n<p>\u00c5r 1834 tog d\u00e5varande g\u00e5rds\u00e4garen Anders Zacharias Holmstr\u00f6m en f\u00f6rs\u00e4kring i Allm\u00e4nna Brandstodsbolaget i Finland. Detta hade grundats 1832 i Helsingfors. Holmstr\u00f6m f\u00f6rs\u00e4krade samtliga 8 byggnader p\u00e5 tomten 144 och han uppgav d\u00e5 f\u00f6ljande:<\/p>\n<figure id=\"attachment_25333\" aria-describedby=\"caption-attachment-25333\" style=\"width: 1295px\" class=\"wp-caption alignnone\"><img loading=\"lazy\" decoding=\"async\" class=\"size-full wp-image-25333\" src=\"https:\/\/www.kristinestadshistoria.fi\/wp-content\/uploads\/2023\/02\/Tomtkarta-1834.jpg\" alt=\"\" width=\"1295\" height=\"509\" srcset=\"https:\/\/www.kristinestadshistoria.fi\/wp-content\/uploads\/2023\/02\/Tomtkarta-1834.jpg 1295w, https:\/\/www.kristinestadshistoria.fi\/wp-content\/uploads\/2023\/02\/Tomtkarta-1834-300x118.jpg 300w, https:\/\/www.kristinestadshistoria.fi\/wp-content\/uploads\/2023\/02\/Tomtkarta-1834-1024x402.jpg 1024w, https:\/\/www.kristinestadshistoria.fi\/wp-content\/uploads\/2023\/02\/Tomtkarta-1834-768x302.jpg 768w\" sizes=\"auto, (max-width: 1295px) 100vw, 1295px\" \/><figcaption id=\"caption-attachment-25333\" class=\"wp-caption-text\">\u00c5r 1834 fanns det 8 olika byggnader p\u00e5 tomten nr 144. Nr 1 och 2 \u00e4r boningshus medan de andra \u00e4r uthus och magasin.<\/figcaption><\/figure>\n<p>Byggnad 1: tr\u00e4dbyggnad uppf\u00f6rd av nytt timmer i tv\u00e5 v\u00e5ningar \u00e5r 1812. Br\u00e4dfodrad 1813, m\u00e5lad med r\u00f6d f\u00e4rg och f\u00f6rsedd med ett tak av br\u00e4der. Byggnaden hade d\u00e5 8 rum i nedre v\u00e5ningen och 6 rum i den \u00f6vre. I nedre v\u00e5ningen fanns det 4 kakelugnar, i k\u00f6ket en r\u00f6rspis och en mindre stekugn. I \u00f6vre v\u00e5ningen fanns det 5 kakelugnar. I k\u00e4llarv\u00e5ningen fanns det en v\u00e4lvd k\u00e4llare och dit ledde en stentrappa. Byggnaden f\u00f6rs\u00e4krades till 6\u00a0300 rubel silver.<\/p>\n<p>Byggnad 2: tr\u00e4dbyggnad uppf\u00f6rd av nytt timmer \u00e5r 1814. D\u00e4r fanns en dr\u00e4ngstuga och en kammare med en bakugn. Byggnaden var inte br\u00e4dfodrad men r\u00f6dm\u00e5lad och den var f\u00f6rsedd med br\u00e4dtak. Byggnaden f\u00f6rs\u00e4krades till 1 100 rubel silver.<\/p>\n<p>Byggnad 3: byggnad i f\u00f6rsvarligt skick i tv\u00e5 delar med en ink\u00f6rsport, byggt 1809. R\u00f6dm\u00e5lad men inte br\u00e4dfodrad och f\u00f6rsedd med n\u00e4vertak med takved. I den norra delen fanns en kammare och ett br\u00e4nnhus med en inmurad st\u00f6rre kopparpanna och i den s\u00f6dra delen tv\u00e5 vagnslider. Mellan dessa fanns en \u00f6verbyggd ink\u00f6rsport. Byggnaden f\u00f6rs\u00e4krades till 750 rubel silver.<\/p>\n<p>Byggnad 4: S\u00e4desmagasin uppf\u00f6rt av nytt timmer 1815, br\u00e4dfodrad och r\u00f6dm\u00e5lad. Byggd p\u00e5 ett underlag av stockar. Byggnaden f\u00f6rs\u00e4krades till 200 rubel silver.<\/p>\n<p>Byggnad 5: uthus i f\u00f6rsvarligt skick, byggt 1806, br\u00e4dfodrat och r\u00f6dm\u00e5lat. Taket av n\u00e4ver med takved. Byggnaden f\u00f6rs\u00e4krades till 200 rubel silver.<\/p>\n<p>Byggnad 6: magasin byggd av timmer \u00e5r 1816, f\u00f6rsett med n\u00e4vertak med takved. D\u00e4r fanns b\u00e5de stall och spillhus. Byggnaden f\u00f6rs\u00e4krades till 650 rubel silver.<\/p>\n<p>Byggnad 7: uthus byggt av timmer 1811, inneh\u00e5llande f\u00e4hus och foderlada. F\u00f6rsett med n\u00e4vertak och takved. Byggnaden f\u00f6rs\u00e4krades till 350 rubel silver.<\/p>\n<p>Byggnad 8: ett skjul som var \u00f6ppet p\u00e5 den s\u00f6dra sidan, byggt \u00e5r 1810. Byggnaden f\u00f6rs\u00e4krades till 50rubel silver.<\/p>\n<p>F\u00f6rutom dessa 8 byggnader, s\u00e5 f\u00f6rs\u00e4krades ink\u00f6rsporten till 20 rubel och staketet runt tr\u00e4dg\u00e5rden till 20 rubel.<\/p>\n<p><strong>\u00c5r 1846<\/strong> f\u00f6rnyades f\u00f6rs\u00e4kringen och vid granskning s\u00e5 framkom att v\u00e4rdet p\u00e5 huvudbyggnaden har stigit eftersom taket nu var f\u00f6rsedd med svart, glaserat kakel. I fyra rum hade det satts upp franska tapeter och de tv\u00e5 byggnaderna vid V\u00e4stra L\u00e5nggatan hade nu rivits.<\/p>\n<p>F\u00f6rs\u00e4kringen f\u00f6rnyades regelbundet och d\u00e5 Carl Wilhelm Krepelin \u00e5r 1850 \u00f6vertog g\u00e5rden, s\u00e5 fortsatte han med samma f\u00f6rs\u00e4kring. Han meddelade varje g\u00e5ng d\u00e5 f\u00f6rs\u00e4kringen f\u00f6rnyades att det p\u00e5 g\u00e5rden fanns 2 brandstegar, 2 handsprutor, 2 svablar, 2 brandhakar, 2 brand\u00e4mbare och ytterligare en portativ slangspruta.<\/p>\n<p>Sj\u00f6mannen Anders Lager fortsatte att h\u00e5lla f\u00f6rs\u00e4kringen i kraft d\u00e5 han \u00f6vertog g\u00e5rden \u00e5r 1891.<\/p>\n<h3><strong>Brandf\u00f6rs\u00e4kringen \u00e5r 1916.<\/strong><\/h3>\n<p>\u00c5r 1916 tecknade bryggerim\u00e4staren Sven Skade en ny brandf\u00f6rs\u00e4kring p\u00e5 alla byggnader.<\/p>\n<figure id=\"attachment_29159\" aria-describedby=\"caption-attachment-29159\" style=\"width: 847px\" class=\"wp-caption alignnone\"><img loading=\"lazy\" decoding=\"async\" class=\"size-full wp-image-29159\" src=\"https:\/\/www.kristinestadshistoria.fi\/wp-content\/uploads\/2024\/10\/Tomtkarta-1916.jpg\" alt=\"\" width=\"847\" height=\"502\" srcset=\"https:\/\/www.kristinestadshistoria.fi\/wp-content\/uploads\/2024\/10\/Tomtkarta-1916.jpg 847w, https:\/\/www.kristinestadshistoria.fi\/wp-content\/uploads\/2024\/10\/Tomtkarta-1916-300x178.jpg 300w, https:\/\/www.kristinestadshistoria.fi\/wp-content\/uploads\/2024\/10\/Tomtkarta-1916-768x455.jpg 768w\" sizes=\"auto, (max-width: 847px) 100vw, 847px\" \/><figcaption id=\"caption-attachment-29159\" class=\"wp-caption-text\">S\u00e5 h\u00e4r s\u00e5g den planteckning ut, som bryggerim\u00e4staren Sven Skade fogade till brandf\u00f6rs\u00e4kringen \u00e5r 1916.<\/figcaption><\/figure>\n<p>Nr 1. Ett bostadshus uppf\u00f6rt \u00e5r 1812, s\u00f6dra gaveln br\u00e4dfodrad medan alla andra v\u00e4ggar var rappade med kalkbruk. Byggnaden f\u00f6rs\u00e4krades f\u00f6r 18 750 mark.<\/p>\n<p>Nr 2. Ett bostadshus uppf\u00f6rt \u00e5r 1814, f\u00f6rs\u00e4krades f\u00f6r 4 830 mark.<\/p>\n<p>Nr 3. Uthus med f\u00e4hus, stall och foderlada, uppf\u00f6rt \u00e5r 1811 och det f\u00f6rs\u00e4krades f\u00f6r 2 190 mark.<\/p>\n<p>Nr 4. Ett h\u00e4rbre eller f\u00f6rr\u00e5dsbod, uppf\u00f6rd av stock \u00e5r 1815, f\u00f6rs\u00e4krades f\u00f6r 1 170 mark.<\/p>\n<p>Nr 5. Ett uthus uppf\u00f6rt under \u00e5ren 1806 och 1816, inneh\u00e5llande stall och spillningskast och f\u00f6rs\u00e4krat f\u00f6r 7 560 mark<\/p>\n<p>Nr 6. Ett vedlider av br\u00e4der, uppf\u00f6rt \u00e5r 1870 och f\u00f6rs\u00e4krat f\u00f6r 200 mark.<\/p>\n<p>Alla byggnader med plank och ink\u00f6rsportar f\u00f6rs\u00e4krades f\u00f6r totalt 34 800 mark.<\/p>\n<h3><strong>Brandf\u00f6rs\u00e4kringen 1919<\/strong><\/h3>\n<p><strong>\u00c5r 1919, den 15 augusti<\/strong> tecknade handlanden Viktor Koskinen en ny brandf\u00f6rs\u00e4kring p\u00e5 alla byggnader p\u00e5 sin g\u00e5rd. N\u00e5gra st\u00f6rre f\u00f6rb\u00e4ttringar hade inte gjorts men p\u00e5 grund av den h\u00f6ga inflationen, s\u00e5 hade byggnaderna f\u00e5tt ett h\u00f6gre v\u00e4rde. Byggnaderna f\u00f6rs\u00e4krades nu f\u00f6r 58 200 mark mot 34 800 \u00e5r 1916.<\/p>\n","protected":false},"excerpt":{"rendered":"<p>Sammanst\u00e4llt av Lasse Backlund och uppgifterna \u00e4r tagna ur riksarkivets samlingar. \u00c5r 1834 tog d\u00e5varande g\u00e5rds\u00e4garen Anders Zacharias Holmstr\u00f6m en f\u00f6rs\u00e4kring i Allm\u00e4nna Brandstodsbolaget i Finland. Detta hade grundats 1832 i Helsingfors. Holmstr\u00f6m f\u00f6rs\u00e4krade samtliga 8 byggnader p\u00e5 tomten 144 <a class=\"more-link\" href=\"https:\/\/www.kristinestadshistoria.fi\/?page_id=25336\">Forts\u00e4tt l\u00e4sa <span class=\"screen-reader-text\">  Den f\u00f6rs\u00e4krade g\u00e5rden nr 144.<\/span><span class=\"meta-nav\">&rarr;<\/span><\/a><\/p>\n","protected":false},"author":1,"featured_media":0,"parent":21172,"menu_order":10,"comment_status":"closed","ping_status":"closed","template":"","meta":{"footnotes":""},"class_list":["post-25336","page","type-page","status-publish","hentry"],"_links":{"self":[{"href":"https:\/\/www.kristinestadshistoria.fi\/index.php?rest_route=\/wp\/v2\/pages\/25336","targetHints":{"allow":["GET"]}}],"collection":[{"href":"https:\/\/www.kristinestadshistoria.fi\/index.php?rest_route=\/wp\/v2\/pages"}],"about":[{"href":"https:\/\/www.kristinestadshistoria.fi\/index.php?rest_route=\/wp\/v2\/types\/page"}],"author":[{"embeddable":true,"href":"https:\/\/www.kristinestadshistoria.fi\/index.php?rest_route=\/wp\/v2\/users\/1"}],"replies":[{"embeddable":true,"href":"https:\/\/www.kristinestadshistoria.fi\/index.php?rest_route=%2Fwp%2Fv2%2Fcomments&post=25336"}],"version-history":[{"count":8,"href":"https:\/\/www.kristinestadshistoria.fi\/index.php?rest_route=\/wp\/v2\/pages\/25336\/revisions"}],"predecessor-version":[{"id":29470,"href":"https:\/\/www.kristinestadshistoria.fi\/index.php?rest_route=\/wp\/v2\/pages\/25336\/revisions\/29470"}],"up":[{"embeddable":true,"href":"https:\/\/www.kristinestadshistoria.fi\/index.php?rest_route=\/wp\/v2\/pages\/21172"}],"wp:attachment":[{"href":"https:\/\/www.kristinestadshistoria.fi\/index.php?rest_route=%2Fwp%2Fv2%2Fmedia&parent=25336"}],"curies":[{"name":"wp","href":"https:\/\/api.w.org\/{rel}","templated":true}]}}