{"id":24899,"date":"2022-12-16T18:20:48","date_gmt":"2022-12-16T16:20:48","guid":{"rendered":"https:\/\/www.kristinestadshistoria.fi\/?page_id=24899"},"modified":"2022-12-16T18:25:23","modified_gmt":"2022-12-16T16:25:23","slug":"paul-olin-1884-1926","status":"publish","type":"page","link":"https:\/\/www.kristinestadshistoria.fi\/?page_id=24899","title":{"rendered":"Paul Olin (1884-1926)."},"content":{"rendered":"<p><span style=\"color: #000080;\"><strong>Sammanst\u00e4llt av Lasse Backlund i december 2022:<\/strong><\/span><\/p>\n<p><strong>Syd-\u00d6sterbotten 21.7.1926:<\/strong><\/p>\n<p>I l\u00f6rdags avled i Amsterdam efter en h\u00e4ftig lunginflammation sj\u00f6kapten Paul Mikael Olin. Den i sina b\u00e4sta \u00e5r s\u00e5 of\u00f6rmodat bortryckte, har de senare \u00e5ren mycket vistats utrikes eller i landets huvudstad. Alla, som l\u00e4rde k\u00e4nna honom, skall med saknad minnas hans v\u00e4nfasta och sympatiska v\u00e4sen. N\u00e4rmast s\u00f6rjes han av syskon.<\/p>\n<p><img loading=\"lazy\" decoding=\"async\" class=\"alignnone size-full wp-image-24901\" src=\"https:\/\/www.kristinestadshistoria.fi\/wp-content\/uploads\/2022\/12\/Olin-Paul-Mikael-dodsannons.jpg\" alt=\"\" width=\"362\" height=\"632\" srcset=\"https:\/\/www.kristinestadshistoria.fi\/wp-content\/uploads\/2022\/12\/Olin-Paul-Mikael-dodsannons.jpg 362w, https:\/\/www.kristinestadshistoria.fi\/wp-content\/uploads\/2022\/12\/Olin-Paul-Mikael-dodsannons-172x300.jpg 172w\" sizes=\"auto, (max-width: 362px) 100vw, 362px\" \/><\/p>\n<p><strong>Syd-\u00d6sterbotten 28.7.1926:<\/strong><\/p>\n<p>Om kapten Paul Olin, vars d\u00f6dsfall vi tidigare i korthet omn\u00e4mnt, har vi numera erh\u00e5llit f\u00f6ljande nekrolog:<\/p>\n<p>\u00c5ter har landets bef\u00e4lhavark\u00e5r f\u00f6rlorat en av sina dugligaste och mest bepr\u00f6vade m\u00e4n, i det att kaptenen p\u00e5 s\/s Mercator Paul Olin hastigt avled den 17 juli 1926 p\u00e5 sjukhus i Amsterdam i dubbelsidig lunginflammation. Sjukdomen hade \u00f6verraskat honom redan ute p\u00e5 Atlanten och trots att ambulansb\u00e5t m\u00f6tte ute i Engelska kanalen kunde intet g\u00f6ras.<\/p>\n<p>\u00d6sterbottning och utg\u00e5ngen fr\u00e5n en gammal sj\u00f6kaptenssl\u00e4kt, f\u00f6ljde han sin faders levnadsbana och m\u00f6nstrade som jungman p\u00e5 fregattskeppet \u201dSylfid&#8221; \u00e5r 1902, efter att ha avslutat 6:te klassen i Vasa Svenska Lyceum. I 6 \u00e5r pl\u00f6jde han v\u00e4rldshaven i alla t\u00e4nkbara riktningar, mest p\u00e5 utl\u00e4ndska k\u00f6lar, varunder han avancerade till \u201dquatermaster&#8221; och styrman. \u00a0\u00c5r 1908 anl\u00e4nde han \u00e5ter till hemlandet och avlade \u00e5ret d\u00e4rp\u00e5 styrmansexamen vid Navigationsskolan i Helsingfors. H\u00e4refter hade han anst\u00e4llning som styrman p\u00e5 s\/s Hyllos, s\/s Heros, s\/s Vesta tills han \u00e5r 1911 avlade kaptensexamen i samma skola. Sedermera hade han anst\u00e4llning som f\u00f6rsta styrman p\u00e5 skolskeppet \u201dGlenard&#8221;, s\/s Hyllos, s\/s Heros, s\/s Fallada och p\u00e5 s\/s V\u00e4in\u00e4m\u00f6inen.<\/p>\n<p>Alltsedan Finland\u2014Amerika Linjen startades 1916 stod kapten Paul Olin anst\u00e4lld i detta bolags tj\u00e4nst, f\u00f6rst s\u00e5som styrman p\u00e5 dess stora \u00e5ngare s\/s Navigator och sedan 1919 s\u00e5som bef\u00e4lhavare p\u00e5 densamma \u00e4nda till h\u00f6sten 1925 d\u00e5 bolaget f\u00f6rstorade sin flotta genom ink\u00f6p av tv\u00e5 nya stora \u00e5ngare, varvid bef\u00e4let p\u00e5 den st\u00f6rsta s\/s Mercator \u00f6vertogs av kapten Olin. D\u00e5 han nu s\u00e5 pl\u00f6tsligt bortrycktes befann han sig p\u00e5 sin f\u00f6rsta resa p\u00e5 bolagets nya trade Sydamerika\u2014Finland.<\/p>\n<p>P\u00e5 egen b\u00e5t och insvept i dess flagga skall hans kvarlevor i dagarna n\u00e5 hemlandet och i sin hemstad Kristinestad i \u00d6sterbotten skall hans stoft b\u00e4ddas i familjegravens ro. M\u00e5nga \u00e4r de yrkeskamrater, f\u00f6re detta passagerare och v\u00e4nner, b\u00e5de hemma och i utlandet, som med saknad och h\u00f6gaktning ska bevara minnet av kapten Paul Olin s\u00e5som \u201dGrand Captain Gentleman&#8221;. En stoltare, mera v\u00e4rdig representant f\u00f6r det fria Finland, vars f\u00e4rger han f\u00f6rt l\u00e5ngt ute i v\u00e4rlden, har man sv\u00e5rt att finna.<\/p>\n<p><strong>Syd-\u00d6sterbotten 31.7.1926:<\/strong><\/p>\n<p><strong>PAUL OLIN. In memoriam<\/strong>.<\/p>\n<p>Budskapet om Paul Olins bortg\u00e5ng, har v\u00e4ckt sorg och f\u00f6rst\u00e4mning i hans stora v\u00e4nkrets. Ingen av oss kan \u00e4nnu fatta, att han, den goda, trofasta kamraten \u00e4r borta. Det hade \u00e5terst\u00e5tt en kort tid och vi hade haft f\u00f6rm\u00e5nen \u00e5ter f\u00e5 se Dig, v\u00e4nnen Paul, och k\u00e4nna Ditt v\u00e4nfasta handslag, men den H\u00f6gste, som r\u00e5der \u00f6verallt, hade annorlunda menat. L\u00e5ngt borta fr\u00e5n Dina k\u00e4ra egna, br\u00f6ts Du av en h\u00e4ftig sjukdom och i fr\u00e4mmande hamn l\u00e4mnade Du det jordiska livet, f\u00f6r att inl\u00f6pa i den hamn, d\u00e4r evighetens ro finns.<\/p>\n<p>Ja, v\u00e4nnen Paul, Du finns inte mer, men vi har s\u00e5 mycket att minnas om Dig, Du goda, fl\u00e4rdfria m\u00e4nniska. I morgon f\u00f6rs Paul Olin till den sista vilan i sin k\u00e4ra hemstads jord, vilken han alltid f\u00f6rblivit trogen. Alla som l\u00e4rt k\u00e4nna den \u00e4kta sj\u00f6mannen och pr\u00e4ktiga kamraten, s\u00f6rjer honom djupt. Men drottning Kristinas stad, har \u00e4ven sorg, ty en av de f\u00e5 sj\u00f6kaptener, vilka numera utg\u00e5tt h\u00e4rifr\u00e5n, har nu i sina b\u00e4sta \u00e5r kallats bort.\u00a0Och inte l\u00e5ngt fr\u00e5n sj\u00f6n, \u00e4r v\u00e4nnen Pauls grav redd. M\u00e5 de v\u00e5gor, som rullar in mot stranden bringa honom en sista h\u00e4lsning fr\u00e5n de hav, han i m\u00e5nga \u00e5r med heder pl\u00f6jt.<\/p>\n<p>G. L.<\/p>\n","protected":false},"excerpt":{"rendered":"<p>Sammanst\u00e4llt av Lasse Backlund i december 2022: Syd-\u00d6sterbotten 21.7.1926: I l\u00f6rdags avled i Amsterdam efter en h\u00e4ftig lunginflammation sj\u00f6kapten Paul Mikael Olin. Den i sina b\u00e4sta \u00e5r s\u00e5 of\u00f6rmodat bortryckte, har de senare \u00e5ren mycket vistats utrikes eller i landets <a class=\"more-link\" href=\"https:\/\/www.kristinestadshistoria.fi\/?page_id=24899\">Forts\u00e4tt l\u00e4sa <span class=\"screen-reader-text\">  Paul Olin (1884-1926).<\/span><span class=\"meta-nav\">&rarr;<\/span><\/a><\/p>\n","protected":false},"author":1,"featured_media":0,"parent":24894,"menu_order":50,"comment_status":"closed","ping_status":"closed","template":"","meta":{"footnotes":""},"class_list":["post-24899","page","type-page","status-publish","hentry"],"_links":{"self":[{"href":"https:\/\/www.kristinestadshistoria.fi\/index.php?rest_route=\/wp\/v2\/pages\/24899","targetHints":{"allow":["GET"]}}],"collection":[{"href":"https:\/\/www.kristinestadshistoria.fi\/index.php?rest_route=\/wp\/v2\/pages"}],"about":[{"href":"https:\/\/www.kristinestadshistoria.fi\/index.php?rest_route=\/wp\/v2\/types\/page"}],"author":[{"embeddable":true,"href":"https:\/\/www.kristinestadshistoria.fi\/index.php?rest_route=\/wp\/v2\/users\/1"}],"replies":[{"embeddable":true,"href":"https:\/\/www.kristinestadshistoria.fi\/index.php?rest_route=%2Fwp%2Fv2%2Fcomments&post=24899"}],"version-history":[{"count":2,"href":"https:\/\/www.kristinestadshistoria.fi\/index.php?rest_route=\/wp\/v2\/pages\/24899\/revisions"}],"predecessor-version":[{"id":24902,"href":"https:\/\/www.kristinestadshistoria.fi\/index.php?rest_route=\/wp\/v2\/pages\/24899\/revisions\/24902"}],"up":[{"embeddable":true,"href":"https:\/\/www.kristinestadshistoria.fi\/index.php?rest_route=\/wp\/v2\/pages\/24894"}],"wp:attachment":[{"href":"https:\/\/www.kristinestadshistoria.fi\/index.php?rest_route=%2Fwp%2Fv2%2Fmedia&parent=24899"}],"curies":[{"name":"wp","href":"https:\/\/api.w.org\/{rel}","templated":true}]}}