{"id":24894,"date":"2022-12-16T17:47:11","date_gmt":"2022-12-16T15:47:11","guid":{"rendered":"https:\/\/www.kristinestadshistoria.fi\/?page_id=24894"},"modified":"2026-02-26T23:05:05","modified_gmt":"2026-02-26T21:05:05","slug":"slakten-olin-i-kristinestad","status":"publish","type":"page","link":"https:\/\/www.kristinestadshistoria.fi\/?page_id=24894","title":{"rendered":"Sl\u00e4kten Olin i Kristinestad."},"content":{"rendered":"<p><span style=\"color: #000080;\"><strong>Sammanst\u00e4llt av Lasse Backlund i december 2022. Uppgifterna \u00e4r tagna ur Rafael Olins sl\u00e4ktutredningar, d\u00f6dsannonserna och artiklarna \u00e4r tagna ur gamla tidningar.<\/strong><\/span><\/p>\n<p><strong>Christian Olin<\/strong> (1800-1881) f\u00f6ddes den 15 januari 1800 i \u00c5bo och han var son till skepparen Fredrik Olin och Sofia (f.Hauholin), b\u00e5da fr\u00e5n \u00c5bo.<\/p>\n<p>I slutet av 1820-talet flyttade sj\u00f6mannen Christian Olin till Kristinestad och han bodde f\u00f6rsta tiden p\u00e5 hyra i sj\u00f6mannen Johan Bergs g\u00e5rd p\u00e5 Strandgatan 8.<\/p>\n<p>\u00c5r 1831 gifte han sig med Brita <u>Christina<\/u> Redlig eller Elfstr\u00f6m (1806-1900), som kallades Stina. De bodde det f\u00f6rsta \u00e5ret i sj\u00f6man Bergs g\u00e5rd tills de f\u00f6rv\u00e4rvade en fj\u00e4rdedel av tomten 189 vid \u00d6stra L\u00e5nggatan 3. S\u00e4ljare var en av br\u00f6derna Forsstr\u00f6m. Christian arbetade sedan som tj\u00e4rvr\u00e4kare i Kristinestad.<\/p>\n<h5><strong>Christian och Christina Olin fick flera barn:<\/strong><\/h5>\n<p>a). Christina Sofia Olin (1832-1837).<\/p>\n<p>b). Christian August (1834-1880). Skeppare, som \u00e5r 1866 gifte sig med Karolina Wilhelmina H\u00e4ggblad (1840-1906) och de fick 5 barn.<\/p>\n<p>c). Aurora Elisabeth Olin (1837-1897). Aurora gifte sig 1864 med bryggerim\u00e4staren Petter Henrik B\u00e5ge (1836-1880) och de fick tv\u00e5 barn.<\/p>\n<p>d). Carl Henrik Olin (1841-1847).<\/p>\n<p>e). Sofia Wilhelmina \u201dMimmi\u201d Olin (1843-1935).<\/p>\n<p>f). Johan Wilhelm Olin (1846-1919). Sj\u00f6kapten, sedan handlande som \u00e5r 1881 gifte sig med Ingeborg Paulina Salin (1855-1890). Kolla hans annonser <a href=\"https:\/\/www.kristinestadshistoria.fi\/?page_id=20761\"><span style=\"text-decoration: underline;\"><span style=\"color: #000080; text-decoration: underline;\"><strong>H\u00c4R,<\/strong><\/span><\/span><\/a> eller tidningsartiklar <a href=\"https:\/\/www.kristinestadshistoria.fi\/?page_id=20743\"><span style=\"text-decoration: underline;\"><span style=\"color: #000080;\"><strong>H\u00c4R!<\/strong><\/span><\/span><\/a><\/p>\n<h5><strong>De fick 6 barn:<\/strong><\/h5>\n<p>1). Wilhelm Rafael (1882-1917). Apotekare, som \u00e5r 1912 gifte sig med Olga Katri Johanna Nordlund (1890-1972) fr\u00e5n N\u00e4rpes. Deras son Carl-Erik (1914-2010) som kallades &#8221;Ecka&#8221; var ocks\u00e5 apotekare, bland annat i Lapptr\u00e4sk p\u00e5 1960-talet.<\/p>\n<p>2). Paul Mikael (1884-1926). Sj\u00f6kapten, ogift och barnl\u00f6s. L\u00e4s mera <a href=\"https:\/\/www.kristinestadshistoria.fi\/?page_id=24899\"><span style=\"text-decoration: underline;\"><span style=\"color: #000080;\"><strong>H\u00c4R!<\/strong><\/span><\/span><\/a><\/p>\n<p>3). Johan Edgar Olin (1885-1885).<\/p>\n<p>4). Jarl Christian Olin (1886-1978). Han var gift tv\u00e5 g\u00e5nger och var bosatt i s\u00f6dra Finland.<\/p>\n<p>5). <span style=\"text-decoration: underline;\">Matti<\/span> Eero G\u00f6ran Olin (1888-1948). Arkitekt, som \u00e5r 1916 gifte sig med tulltj\u00e4nstemannen Elsa Maria Jacobsson (f. i Nykarleby 1887-1978 i Helsingfors).<\/p>\n<p>6). Rut Naima Olin (1890-1988). Hon gifte sig 1917 med Ossian Martens (1890-1950).<\/p>\n<p>g). Emma Kristina Olin (1848-1939). \u00c5r 1870 gifte hon sig med Karl Henrik Ulfves (1844-1913) fr\u00e5n Lappfj\u00e4rd och han arbetade som inspektor p\u00e5 olika glasbruk i landet.<\/p>\n<p>&nbsp;<\/p>\n<p>&nbsp;<\/p>\n","protected":false},"excerpt":{"rendered":"<p>Sammanst\u00e4llt av Lasse Backlund i december 2022. Uppgifterna \u00e4r tagna ur Rafael Olins sl\u00e4ktutredningar, d\u00f6dsannonserna och artiklarna \u00e4r tagna ur gamla tidningar. Christian Olin (1800-1881) f\u00f6ddes den 15 januari 1800 i \u00c5bo och han var son till skepparen Fredrik Olin <a class=\"more-link\" href=\"https:\/\/www.kristinestadshistoria.fi\/?page_id=24894\">Forts\u00e4tt l\u00e4sa <span class=\"screen-reader-text\">  Sl\u00e4kten Olin i Kristinestad.<\/span><span class=\"meta-nav\">&rarr;<\/span><\/a><\/p>\n","protected":false},"author":1,"featured_media":0,"parent":22412,"menu_order":150,"comment_status":"closed","ping_status":"closed","template":"","meta":{"footnotes":""},"class_list":["post-24894","page","type-page","status-publish","hentry"],"_links":{"self":[{"href":"https:\/\/www.kristinestadshistoria.fi\/index.php?rest_route=\/wp\/v2\/pages\/24894","targetHints":{"allow":["GET"]}}],"collection":[{"href":"https:\/\/www.kristinestadshistoria.fi\/index.php?rest_route=\/wp\/v2\/pages"}],"about":[{"href":"https:\/\/www.kristinestadshistoria.fi\/index.php?rest_route=\/wp\/v2\/types\/page"}],"author":[{"embeddable":true,"href":"https:\/\/www.kristinestadshistoria.fi\/index.php?rest_route=\/wp\/v2\/users\/1"}],"replies":[{"embeddable":true,"href":"https:\/\/www.kristinestadshistoria.fi\/index.php?rest_route=%2Fwp%2Fv2%2Fcomments&post=24894"}],"version-history":[{"count":8,"href":"https:\/\/www.kristinestadshistoria.fi\/index.php?rest_route=\/wp\/v2\/pages\/24894\/revisions"}],"predecessor-version":[{"id":30673,"href":"https:\/\/www.kristinestadshistoria.fi\/index.php?rest_route=\/wp\/v2\/pages\/24894\/revisions\/30673"}],"up":[{"embeddable":true,"href":"https:\/\/www.kristinestadshistoria.fi\/index.php?rest_route=\/wp\/v2\/pages\/22412"}],"wp:attachment":[{"href":"https:\/\/www.kristinestadshistoria.fi\/index.php?rest_route=%2Fwp%2Fv2%2Fmedia&parent=24894"}],"curies":[{"name":"wp","href":"https:\/\/api.w.org\/{rel}","templated":true}]}}