{"id":24175,"date":"2022-09-17T08:44:06","date_gmt":"2022-09-17T05:44:06","guid":{"rendered":"https:\/\/www.kristinestadshistoria.fi\/?page_id=24175"},"modified":"2025-05-31T16:31:45","modified_gmt":"2025-05-31T13:31:45","slug":"slakten-lindberg","status":"publish","type":"page","link":"https:\/\/www.kristinestadshistoria.fi\/?page_id=24175","title":{"rendered":"Sl\u00e4kten Lindberg"},"content":{"rendered":"<p><span style=\"color: #000080;\"><strong>Sammanst\u00e4llt av Lasse Backlund i september 2022.<\/strong><\/span><\/p>\n<p><strong>Stadsbetj\u00e4nten Matts Lindberg<\/strong> f\u00f6ddes 15.10.1850 i Stor\u00e5 och han var gift med Johanna Byman, som var f\u00f6dd i Munsala 24.6.1842. Lindberg flyttade fr\u00e5n Stor\u00e5 till Kristinestad 1873 och under en l\u00e5ng tid bodde familjen p\u00e5 hyra i skolg\u00e5rden i Norrstan. Han verkade i staden \u00e4nda till 1894, d\u00e5 han med sin familj flyttade till Helsingfors.<\/p>\n<p>Matts och Johanna fick 5 d\u00f6ttrar:<\/p>\n<p>1). <span style=\"text-decoration: underline;\">Ida<\/span> Johanna, f\u00f6dd 23.7.1874. Hon var gift med restaurat\u00f6ren Nikolai Noschis och bodde i Helsingfors. Hon var verksam inom Helsingfors restaurangv\u00e4sen i n\u00e4stan 40 \u00e5r tillsammans med sin man Nikolai. De innehade den p\u00e5 sin tid h\u00f6gt uppskattade J\u00e4rnv\u00e4gsrestaurangen och Ida var Nikolajs &#8221;n\u00e4rmaste man&#8221;. Hon sk\u00f6tte fr\u00e4mst ink\u00f6pssidan med omtanke och sakkunskap. Efter Nikolais d\u00f6d 1932 sk\u00f6tte hon ensam om J\u00e4rnv\u00e4gsrestaurangen fram till 1937, d\u00e5 hon drog sig tillbaka. Ida avled i Helsingfors den 12 december 1958, 84 \u00e5r gammal.<\/p>\n<p>2). Hilma Sofia, f\u00f6dd 7.7.1877.<\/p>\n<p>3). Lilly, f\u00f6dd 6.10.1880.<\/p>\n<p>4). <u>Anna<\/u> Maria, f\u00f6dd 28.12.1882. Anna gifte sig 1910 med sj\u00f6kaptenen Knut Alfred Gr\u00f6nlund, som var f\u00f6dd 24.3.1871. \u00c5r 1916 \u00e5terv\u00e4nde Anna ensam till Kristinestad och hon blev lagligen skild fr\u00e5n sin man \u00e5r 1926. Hon bodde sedan i Kristinestad och hon gifte inte om sig. Anna \u00e5tertog sitt tidigare sl\u00e4ktnamn Lindberg.<\/p>\n<p>5). Lydia, f\u00f6dd 25.2.1886. Hon flyttade med sin familj till Helsingfors 1894 men \u00e5terv\u00e4nde till Kristinestad 1904. \u00c5r 1918, den 25 juli k\u00f6pte Lydia Lindeberg tomterna 108 och 109 med den stora g\u00e5rden p\u00e5 V\u00e4stra L\u00e5nggatan 14 av sin sv\u00e5ger, restaurat\u00f6ren Nikolai Noschis, som var gift med Lydias syster Ida. \u00c5r 1923, den 24 januari \u00f6verl\u00e4t Lydia Lindberg h\u00e4lften av tomterna och halva g\u00e5rden \u00e5t sin syster Anna Lindberg, med villkoret att Anna ocks\u00e5 \u00f6vertog h\u00e4lften av l\u00e5net som fanns p\u00e5 g\u00e5rden. \u00c5r 1925 gifte sig Lydia med barberaren Eliel Peltonen, som var f\u00f6dd i Jakobstad \u00e5r 1895. De tog d\u00e5 namnet \u00c5kerfelt. \u00c5r 1935 skilde hon sig men beh\u00f6ll sl\u00e4ktnamnet \u00c5kerfelt.<\/p>\n<figure id=\"attachment_24182\" aria-describedby=\"caption-attachment-24182\" style=\"width: 437px\" class=\"wp-caption alignnone\"><img loading=\"lazy\" decoding=\"async\" class=\"size-full wp-image-24182\" src=\"https:\/\/www.kristinestadshistoria.fi\/wp-content\/uploads\/2022\/09\/19221125-Matts-Lindbergs-dodsannons.jpg\" alt=\"\" width=\"437\" height=\"429\" srcset=\"https:\/\/www.kristinestadshistoria.fi\/wp-content\/uploads\/2022\/09\/19221125-Matts-Lindbergs-dodsannons.jpg 437w, https:\/\/www.kristinestadshistoria.fi\/wp-content\/uploads\/2022\/09\/19221125-Matts-Lindbergs-dodsannons-300x295.jpg 300w\" sizes=\"auto, (max-width: 437px) 100vw, 437px\" \/><figcaption id=\"caption-attachment-24182\" class=\"wp-caption-text\">Tidigare stadstj\u00e4naren Matts Lindberg avled hos sina d\u00f6ttrar i Kristinestad den 22 november 1922. Annonsen ur Syd-\u00d6sterbotten.<\/figcaption><\/figure>\n<figure id=\"attachment_29862\" aria-describedby=\"caption-attachment-29862\" style=\"width: 841px\" class=\"wp-caption alignnone\"><img loading=\"lazy\" decoding=\"async\" class=\"size-full wp-image-29862\" src=\"https:\/\/www.kristinestadshistoria.fi\/wp-content\/uploads\/2025\/05\/19320613-Noschis-dodsannons-i-HBL.jpg\" alt=\"\" width=\"841\" height=\"698\" srcset=\"https:\/\/www.kristinestadshistoria.fi\/wp-content\/uploads\/2025\/05\/19320613-Noschis-dodsannons-i-HBL.jpg 841w, https:\/\/www.kristinestadshistoria.fi\/wp-content\/uploads\/2025\/05\/19320613-Noschis-dodsannons-i-HBL-300x249.jpg 300w, https:\/\/www.kristinestadshistoria.fi\/wp-content\/uploads\/2025\/05\/19320613-Noschis-dodsannons-i-HBL-768x637.jpg 768w\" sizes=\"auto, (max-width: 841px) 100vw, 841px\" \/><figcaption id=\"caption-attachment-29862\" class=\"wp-caption-text\">Ida Lindbergs man Nikolai Noschis d\u00f6dsannons i Hbl 13 juni 1932.<\/figcaption><\/figure>\n","protected":false},"excerpt":{"rendered":"<p>Sammanst\u00e4llt av Lasse Backlund i september 2022. Stadsbetj\u00e4nten Matts Lindberg f\u00f6ddes 15.10.1850 i Stor\u00e5 och han var gift med Johanna Byman, som var f\u00f6dd i Munsala 24.6.1842. Lindberg flyttade fr\u00e5n Stor\u00e5 till Kristinestad 1873 och under en l\u00e5ng tid bodde <a class=\"more-link\" href=\"https:\/\/www.kristinestadshistoria.fi\/?page_id=24175\">Forts\u00e4tt l\u00e4sa <span class=\"screen-reader-text\">  Sl\u00e4kten Lindberg<\/span><span class=\"meta-nav\">&rarr;<\/span><\/a><\/p>\n","protected":false},"author":1,"featured_media":0,"parent":18049,"menu_order":2,"comment_status":"closed","ping_status":"closed","template":"","meta":{"footnotes":""},"class_list":["post-24175","page","type-page","status-publish","hentry"],"_links":{"self":[{"href":"https:\/\/www.kristinestadshistoria.fi\/index.php?rest_route=\/wp\/v2\/pages\/24175","targetHints":{"allow":["GET"]}}],"collection":[{"href":"https:\/\/www.kristinestadshistoria.fi\/index.php?rest_route=\/wp\/v2\/pages"}],"about":[{"href":"https:\/\/www.kristinestadshistoria.fi\/index.php?rest_route=\/wp\/v2\/types\/page"}],"author":[{"embeddable":true,"href":"https:\/\/www.kristinestadshistoria.fi\/index.php?rest_route=\/wp\/v2\/users\/1"}],"replies":[{"embeddable":true,"href":"https:\/\/www.kristinestadshistoria.fi\/index.php?rest_route=%2Fwp%2Fv2%2Fcomments&post=24175"}],"version-history":[{"count":8,"href":"https:\/\/www.kristinestadshistoria.fi\/index.php?rest_route=\/wp\/v2\/pages\/24175\/revisions"}],"predecessor-version":[{"id":29863,"href":"https:\/\/www.kristinestadshistoria.fi\/index.php?rest_route=\/wp\/v2\/pages\/24175\/revisions\/29863"}],"up":[{"embeddable":true,"href":"https:\/\/www.kristinestadshistoria.fi\/index.php?rest_route=\/wp\/v2\/pages\/18049"}],"wp:attachment":[{"href":"https:\/\/www.kristinestadshistoria.fi\/index.php?rest_route=%2Fwp%2Fv2%2Fmedia&parent=24175"}],"curies":[{"name":"wp","href":"https:\/\/api.w.org\/{rel}","templated":true}]}}