{"id":23961,"date":"2022-07-31T23:38:20","date_gmt":"2022-07-31T20:38:20","guid":{"rendered":"https:\/\/www.kristinestadshistoria.fi\/?page_id=23961"},"modified":"2022-07-31T23:54:43","modified_gmt":"2022-07-31T20:54:43","slug":"hugo-stendahls-tragiska-dodsfall","status":"publish","type":"page","link":"https:\/\/www.kristinestadshistoria.fi\/?page_id=23961","title":{"rendered":"Hugo Stendahls tragiska d\u00f6dsfall."},"content":{"rendered":"<p><strong><span style=\"color: #000080;\">Sammanst\u00e4llt av Lasse Backlund i juli 2022 enligt artikel i Vasabladet 15.7.1924. Hugo Stendahl (1885-1924) var Johan Erik Stendahls barnbarn och var p\u00e5 sin tid en framg\u00e5ngsrik aff\u00e4rsman i Vasa, tillsammans med sin bror Gunnar.<\/span><\/strong><\/p>\n<h4><strong>Drunkningsolycka.<\/strong><\/h4>\n<p>I g\u00e5r p\u00e5 eftermiddagen intr\u00e4ffade en beklaglig drunkningsolycka i Strokaviken vid Sundomlandet, f\u00f6r vilken en av Vasa stads mest k\u00e4nda aff\u00e4rsm\u00e4n Hugo Selim Stendahl blev offret. H\u00e4ndelsef\u00f6rloppet vid olycksh\u00e4ndelsen var f\u00f6ljande: Hugo Stendahls motorb\u00e5t, som tidigare p\u00e5 dagen haft maskinskada, f\u00f6r vilken mont\u00f6r anlitats, hade vederb\u00f6rligen och lyckligt provk\u00f6rts, och f\u00f6rde kort f\u00f6re olyckan Stendahl och hans 11 \u00e5riga son mot deras sommarhem i Strokaviken. Gossen styrde b\u00e5ten och hans far sk\u00f6tte maskinen. D\u00e5 de hunnit n\u00e4stan fram, gick rodret p\u00e5 n\u00e5got s\u00e4tt s\u00f6nder och gossen, som skadades av rorpinnen slungades bakl\u00e4nges \u00f6ver bord. Fadern st\u00e4llde \u00f6gonblickligen maskinen p\u00e5 frikoppling, kastade av sig rocken och hoppade \u00f6ver bord. Han lyckades \u00e4ven f\u00e5 tag p\u00e5 gossen och b\u00f6rjade simma med honom till stranden. Pl\u00f6tsligt sj\u00f6nk han emellertid till bottnen, sannolikt tr\u00e4ffad av ett slaganfall. Den f\u00f6rskr\u00e4ckte gossen b\u00f6rjade d\u00e5 ropa s\u00e5 h\u00e5rt, att folk kom tillskyndande, som b\u00e4rgade honom och hans faders d\u00f6da kropp.<\/p>\n<p>Den s\u00e5 snabbt och tragiskt bortg\u00e5ngne var en man i sina b\u00e4sta \u00e5r. F\u00f6dd 1885 genomgick han 5 klasser i Vasa lyceum och \u00e4gnade sig d\u00e4refter \u00e5t aff\u00e4rsmannabanan. Under ett ca 2-\u00e5rigt bes\u00f6k i Amerika \u00f6kade han sin praktiska erfarenhet p\u00e5 gebietet och \u00e5terv\u00e4nde d\u00e4rp\u00e5 till Vasa, d\u00e4r han med undantag f\u00f6r en kortare tid, d\u00e5 han var anst\u00e4lld hos en firma i Helsingfors, bedrivit en v\u00e4lk\u00e4nd agenturaff\u00e4r i kompanjonskap med sin broder Gunnar. Hugo Stendahl hade h\u00e4r skaffat sig en stor v\u00e4n- och kamratkrets, som i honom s\u00e5g en s\u00e4llsynt hurtig \u00f6ppen, varmhj\u00e4rtad och harmonisk natur med stora fonder av levande k\u00e4nsla i sitt v\u00e4sen. Ivrig s\u00e5ngare tillh\u00f6rde han en f\u00f6ljd av \u00e5r Brages s\u00e5ngk\u00f6r, d\u00e4r han var av de b\u00e4rande krafterna. I de sporadiskt h\u00e4r verkande mansk\u00f6rerna har han \u00e4ven tagit flitig del.<\/p>\n<p>Den s\u00e5 sorgligt bortg\u00e5ngne mannen s\u00f6rjes av maka, f\u00f6dd Backman, och en son samt en stor v\u00e4nkrets, som st\u00e5r h\u00e4pen och bedr\u00f6vad \u00f6ver liemannens denna g\u00e5ng till synes s\u00e5 meningsl\u00f6sa och f\u00f6r tidiga sk\u00f6rd.<\/p>\n<p><img loading=\"lazy\" decoding=\"async\" class=\"alignnone size-full wp-image-23965\" src=\"https:\/\/www.kristinestadshistoria.fi\/wp-content\/uploads\/2022\/07\/Stendahl-Hugos-dodsannons-2.jpg\" alt=\"\" width=\"783\" height=\"424\" srcset=\"https:\/\/www.kristinestadshistoria.fi\/wp-content\/uploads\/2022\/07\/Stendahl-Hugos-dodsannons-2.jpg 783w, https:\/\/www.kristinestadshistoria.fi\/wp-content\/uploads\/2022\/07\/Stendahl-Hugos-dodsannons-2-300x162.jpg 300w, https:\/\/www.kristinestadshistoria.fi\/wp-content\/uploads\/2022\/07\/Stendahl-Hugos-dodsannons-2-768x416.jpg 768w\" sizes=\"auto, (max-width: 783px) 100vw, 783px\" \/><\/p>\n<p><span style=\"color: #000080;\"><strong>Jordf\u00e4stningen den 18.7.1924 bevakades av Vasabladet som skrev s\u00e5 h\u00e4r dagen d\u00e4rp\u00e5:\u00a0<\/strong><\/span><\/p>\n<p>I g\u00e5r p\u00e5 eftermiddagen jordf\u00e4stes p\u00e5 stadens begravningsplats stoftet av den under s\u00e5 sorgliga omst\u00e4ndigheter bortg\u00e5ngne aff\u00e4rsmannen Hugo Stendahl i n\u00e4rvaro av anh\u00f6riga, sl\u00e4kt och v\u00e4nner samt en talrik allm\u00e4nhet. Sedan den l\u00e5nga processionen anl\u00e4nt till gravg\u00e5rden, bars den vita, vackert blomstersirade kistan till graven av den avlidnes broder Gunnar Stendahl, sv\u00e5grar O. A. Blomqvist, A. Th. och E. Backman samt herrar H. M. Steenstrup, K. Vaselius, T. v. Troil och T. Erenius.<\/p>\n<p>Kistan s\u00e4nktes i graven, varp\u00e5 en manskvartett sj\u00f6ng \u201dJag g\u00e5r mot d\u00f6den\u201d och sedan f\u00f6rr\u00e4ttades jordf\u00e4stningen av pastor A. Gr\u00f6nblad, som i k\u00e4nsligt utformade, gripande ord erinrade om den avlidnes \u00f6ppna, glada v\u00e4sen, hans v\u00e4nfasthet och sj\u00e4lvuppoffrande sinnelag, vilket tog sig ett s\u00e5 vackert uttryck i hans sista handling, d\u00e5 han gav livet f\u00f6r det k\u00e4raste han \u00e4gde, sin son. \u00a0Officianten riktade vidare varma tr\u00f6stens ord till de n\u00e4rmast s\u00f6rjande och invigde s\u00e5 stoftet till den eviga vilan. Efter den h\u00f6gtidliga akten utf\u00f6rde s\u00e5ngarna \u201dJag g\u00e5r till himlen\u201d, varp\u00e5 en imponerande riklig blomsterhyllning f\u00f6ljde.<\/p>\n<p>Utom fr\u00e5n de n\u00e4rmast s\u00f6rjande, maka, son, syskon, sv\u00e5grar och sv\u00e4gerskor samt andra sl\u00e4ktingar nedlades kransar bl. a. fr\u00e5n f\u00f6rs\u00e4kringsbolagen Verdandi och Sampo i \u00c5bo, flera utl\u00e4ndska aff\u00e4rsfirmor, Vasa Handels AB, Agentf\u00f6reningen i Vasa, Viktor Ek AB, Gamlakarleby Handels AB, Caffekompaniets styrelse och personal, Vasa Brage, AB Nordfors i \u00c5bo, \u00e4vensom fr\u00e5n ett stort antal enskilda umg\u00e4ngesv\u00e4nner och bekanta. Efter blomsterhyllningen utf\u00f6rde s\u00e5ngarna \u00e4nnu \u201dDet spredes mer og mer\u201d. Sedan skingrades den allvarsst\u00e4mda allm\u00e4nheten i den stilla och solklara natten.<\/p>\n","protected":false},"excerpt":{"rendered":"<p>Sammanst\u00e4llt av Lasse Backlund i juli 2022 enligt artikel i Vasabladet 15.7.1924. Hugo Stendahl (1885-1924) var Johan Erik Stendahls barnbarn och var p\u00e5 sin tid en framg\u00e5ngsrik aff\u00e4rsman i Vasa, tillsammans med sin bror Gunnar. Drunkningsolycka. I g\u00e5r p\u00e5 eftermiddagen <a class=\"more-link\" href=\"https:\/\/www.kristinestadshistoria.fi\/?page_id=23961\">Forts\u00e4tt l\u00e4sa <span class=\"screen-reader-text\">  Hugo Stendahls tragiska d\u00f6dsfall.<\/span><span class=\"meta-nav\">&rarr;<\/span><\/a><\/p>\n","protected":false},"author":1,"featured_media":0,"parent":20539,"menu_order":1,"comment_status":"closed","ping_status":"closed","template":"","meta":{"footnotes":""},"class_list":["post-23961","page","type-page","status-publish","hentry"],"_links":{"self":[{"href":"https:\/\/www.kristinestadshistoria.fi\/index.php?rest_route=\/wp\/v2\/pages\/23961","targetHints":{"allow":["GET"]}}],"collection":[{"href":"https:\/\/www.kristinestadshistoria.fi\/index.php?rest_route=\/wp\/v2\/pages"}],"about":[{"href":"https:\/\/www.kristinestadshistoria.fi\/index.php?rest_route=\/wp\/v2\/types\/page"}],"author":[{"embeddable":true,"href":"https:\/\/www.kristinestadshistoria.fi\/index.php?rest_route=\/wp\/v2\/users\/1"}],"replies":[{"embeddable":true,"href":"https:\/\/www.kristinestadshistoria.fi\/index.php?rest_route=%2Fwp%2Fv2%2Fcomments&post=23961"}],"version-history":[{"count":5,"href":"https:\/\/www.kristinestadshistoria.fi\/index.php?rest_route=\/wp\/v2\/pages\/23961\/revisions"}],"predecessor-version":[{"id":23967,"href":"https:\/\/www.kristinestadshistoria.fi\/index.php?rest_route=\/wp\/v2\/pages\/23961\/revisions\/23967"}],"up":[{"embeddable":true,"href":"https:\/\/www.kristinestadshistoria.fi\/index.php?rest_route=\/wp\/v2\/pages\/20539"}],"wp:attachment":[{"href":"https:\/\/www.kristinestadshistoria.fi\/index.php?rest_route=%2Fwp%2Fv2%2Fmedia&parent=23961"}],"curies":[{"name":"wp","href":"https:\/\/api.w.org\/{rel}","templated":true}]}}