{"id":23840,"date":"2022-06-22T12:39:47","date_gmt":"2022-06-22T09:39:47","guid":{"rendered":"https:\/\/www.kristinestadshistoria.fi\/?page_id=23840"},"modified":"2022-06-22T14:38:24","modified_gmt":"2022-06-22T11:38:24","slug":"bleckslagare-och-kottrokare-johan-gustafsson-i-kristinestad","status":"publish","type":"page","link":"https:\/\/www.kristinestadshistoria.fi\/?page_id=23840","title":{"rendered":"Bleckslagare och k\u00f6ttr\u00f6kare Johan Gustafsson i Kristinestad."},"content":{"rendered":"<p><span style=\"color: #000080;\"><b>Sammanst\u00e4llt av Lasse Backlund i juni 2022.<\/b><\/span><\/p>\n<p>Torparsonen Johan Gustav Gustafsson f\u00f6ddes p\u00e5 Edesbacka hemman i Merikarvia 2.7.1851 och han var f\u00f6rsta g\u00e5ngen gift d\u00e4r med Greta Heikintyt\u00e4r Orre, som var f\u00f6dd 1858. Hon dog barnl\u00f6s i mars 1891 och \u00e4nklingen Johan Gustav flyttade i augusti samma \u00e5r till Kristinestad.<\/p>\n<p>Han gifte sig f\u00f6ljande g\u00e5ng i staden med \u00e4nkan Maja Lisa Talvitie fr\u00e5n Kauhajoki. Hon dog barnl\u00f6s.<\/p>\n<p>Johan Gustav gifte sig f\u00f6r tredje g\u00e5ngen 22.9.1901 med Justiina Nortunen, som var f\u00f6dd 5.8.1874 i Kauhajoki. De fick 3 barn, som alla var f\u00f6dda i Kristinestad:<\/p>\n<p>1). <u>Hilja<\/u> Alexandra, f\u00f6dd 10.6.1903. Hon gift sig 19.6.1926 med Paavo Johannes L\u00e4hteenm\u00e4ki fr\u00e5n Sideby. De skilde sig 6.11.1933 och hon flyttade d\u00e5 tillbaka till staden och fortsatte att anv\u00e4nda sl\u00e4ktnamnet L\u00e4hteenm\u00e4ki. Vid arvsskiftet 1943 efter sin mor Justiina erh\u00f6ll Hilja den norra g\u00e5rden p\u00e5 \u00d6stra L\u00e5nggatan 32. D\u00e5 Hilja flyttade till Sverige bytte hon sl\u00e4ktnamn till Gustafsson.<\/p>\n<p>2). <u>V\u00e4in\u00f6<\/u> Johannes, f\u00f6dd 13.12.1905. Han gifte sig 13.12.1929 med Dagny Viola Palmberg, f\u00f6dd 23.10.1911. Vid arvsskiftet 1943 efter sin mor Justiina erh\u00f6ll V\u00e4in\u00f6 Nortamo den s\u00f6dra g\u00e5rden p\u00e5 \u00d6stra L\u00e5nggatan 32.<\/p>\n<p>3). <u>Eino<\/u> Arvid, f\u00f6dd 19.3.1907. Han gifte sig 6.10.1935 med Hilma Elvira Kuusela, f\u00f6dd 27.2.1908 och de anv\u00e4nde sl\u00e4ktnamnet Koskenniska.<\/p>\n<p>Justiina Gustafsson bytte efter makens d\u00f6d sitt sl\u00e4ktnamn till Nortamo.<\/p>\n<p>Johan Gustaf Gustafsson dog i Kristinestad 22.6.1916 och hustrun Justiina Nortamo dog 1.10.1942.<\/p>\n<p>&nbsp;<\/p>\n","protected":false},"excerpt":{"rendered":"<p>Sammanst\u00e4llt av Lasse Backlund i juni 2022. Torparsonen Johan Gustav Gustafsson f\u00f6ddes p\u00e5 Edesbacka hemman i Merikarvia 2.7.1851 och han var f\u00f6rsta g\u00e5ngen gift d\u00e4r med Greta Heikintyt\u00e4r Orre, som var f\u00f6dd 1858. Hon dog barnl\u00f6s i mars 1891 och <a class=\"more-link\" href=\"https:\/\/www.kristinestadshistoria.fi\/?page_id=23840\">Forts\u00e4tt l\u00e4sa <span class=\"screen-reader-text\">  Bleckslagare och k\u00f6ttr\u00f6kare Johan Gustafsson i Kristinestad.<\/span><span class=\"meta-nav\">&rarr;<\/span><\/a><\/p>\n","protected":false},"author":1,"featured_media":0,"parent":19698,"menu_order":1,"comment_status":"closed","ping_status":"closed","template":"","meta":{"footnotes":""},"class_list":["post-23840","page","type-page","status-publish","hentry"],"_links":{"self":[{"href":"https:\/\/www.kristinestadshistoria.fi\/index.php?rest_route=\/wp\/v2\/pages\/23840","targetHints":{"allow":["GET"]}}],"collection":[{"href":"https:\/\/www.kristinestadshistoria.fi\/index.php?rest_route=\/wp\/v2\/pages"}],"about":[{"href":"https:\/\/www.kristinestadshistoria.fi\/index.php?rest_route=\/wp\/v2\/types\/page"}],"author":[{"embeddable":true,"href":"https:\/\/www.kristinestadshistoria.fi\/index.php?rest_route=\/wp\/v2\/users\/1"}],"replies":[{"embeddable":true,"href":"https:\/\/www.kristinestadshistoria.fi\/index.php?rest_route=%2Fwp%2Fv2%2Fcomments&post=23840"}],"version-history":[{"count":3,"href":"https:\/\/www.kristinestadshistoria.fi\/index.php?rest_route=\/wp\/v2\/pages\/23840\/revisions"}],"predecessor-version":[{"id":23844,"href":"https:\/\/www.kristinestadshistoria.fi\/index.php?rest_route=\/wp\/v2\/pages\/23840\/revisions\/23844"}],"up":[{"embeddable":true,"href":"https:\/\/www.kristinestadshistoria.fi\/index.php?rest_route=\/wp\/v2\/pages\/19698"}],"wp:attachment":[{"href":"https:\/\/www.kristinestadshistoria.fi\/index.php?rest_route=%2Fwp%2Fv2%2Fmedia&parent=23840"}],"curies":[{"name":"wp","href":"https:\/\/api.w.org\/{rel}","templated":true}]}}