{"id":23405,"date":"2022-03-28T23:03:57","date_gmt":"2022-03-28T20:03:57","guid":{"rendered":"https:\/\/www.kristinestadshistoria.fi\/?page_id=23405"},"modified":"2024-06-17T17:05:42","modified_gmt":"2024-06-17T14:05:42","slug":"rafael-olins-foton","status":"publish","type":"page","link":"https:\/\/www.kristinestadshistoria.fi\/?page_id=23405","title":{"rendered":"Rafael Olins foton."},"content":{"rendered":"<p><img loading=\"lazy\" decoding=\"async\" class=\"alignnone size-full wp-image-23457\" src=\"https:\/\/www.kristinestadshistoria.fi\/wp-content\/uploads\/2022\/04\/Rafael-Olins-sjalvportratt.jpg\" alt=\"\" width=\"2471\" height=\"1502\" srcset=\"https:\/\/www.kristinestadshistoria.fi\/wp-content\/uploads\/2022\/04\/Rafael-Olins-sjalvportratt.jpg 2471w, https:\/\/www.kristinestadshistoria.fi\/wp-content\/uploads\/2022\/04\/Rafael-Olins-sjalvportratt-300x182.jpg 300w, https:\/\/www.kristinestadshistoria.fi\/wp-content\/uploads\/2022\/04\/Rafael-Olins-sjalvportratt-1024x622.jpg 1024w, https:\/\/www.kristinestadshistoria.fi\/wp-content\/uploads\/2022\/04\/Rafael-Olins-sjalvportratt-768x467.jpg 768w, https:\/\/www.kristinestadshistoria.fi\/wp-content\/uploads\/2022\/04\/Rafael-Olins-sjalvportratt-1536x934.jpg 1536w, https:\/\/www.kristinestadshistoria.fi\/wp-content\/uploads\/2022\/04\/Rafael-Olins-sjalvportratt-2048x1245.jpg 2048w\" sizes=\"auto, (max-width: 2471px) 100vw, 2471px\" \/><\/p>\n<p>Rafael Olin (1937-2004) var son till chauff\u00f6ren John Olin, som stupade i Salla under forts\u00e4ttningskriget \u00e5r 1942. Han mor G\u00f6ta gifte d\u00e5 om sig med Helmer Jaskari och Rafael och hans bror fick sedan tv\u00e5 halvbr\u00f6der till. Rafael utbildade sig till elektriker men var ocks\u00e5 en inbiten fotograf. Detta intresse ledde till att han \u00e5r 1961 fick anst\u00e4llning som pressfotograf p\u00e5 Vasabladet. Han frilansade ocks\u00e5 \u00e5t andra tidningar under en l\u00e5ng tid och hans fotosamling best\u00e5r av mer \u00e4n 100 000 foton fr\u00e5n hela \u00d6sterbotten. En stor del av hans foton finns arkiverade p\u00e5 SLS:s arkiv i Vasa.<\/p>\n<p>\u00c5r 1971 under en semesterresa i Italien b\u00f6rjade han upptr\u00e4da som sv\u00e4rdslukare och han bosatte sig d\u00e4r. Han dog i Italien \u00e5r 2004 och l\u00e4mnade efter sig tv\u00e5 barn.<\/p>\n<p>Om du vill se en del av dessa foton som ber\u00f6r dagens Kristinestad, s\u00e5 skall du klicka p\u00e5 ett album h\u00e4r under.<\/p>\n<h4><a href=\"https:\/\/www.kristinestadshistoria.fi\/?page_id=23408\"><strong>Album 1.<\/strong><\/a><\/h4>\n","protected":false},"excerpt":{"rendered":"<p>Rafael Olin (1937-2004) var son till chauff\u00f6ren John Olin, som stupade i Salla under forts\u00e4ttningskriget \u00e5r 1942. Han mor G\u00f6ta gifte d\u00e5 om sig med Helmer Jaskari och Rafael och hans bror fick sedan tv\u00e5 halvbr\u00f6der till. Rafael utbildade sig <a class=\"more-link\" href=\"https:\/\/www.kristinestadshistoria.fi\/?page_id=23405\">Forts\u00e4tt l\u00e4sa <span class=\"screen-reader-text\">  Rafael Olins foton.<\/span><span class=\"meta-nav\">&rarr;<\/span><\/a><\/p>\n","protected":false},"author":1,"featured_media":0,"parent":21390,"menu_order":20,"comment_status":"closed","ping_status":"closed","template":"","meta":{"footnotes":""},"class_list":["post-23405","page","type-page","status-publish","hentry"],"_links":{"self":[{"href":"https:\/\/www.kristinestadshistoria.fi\/index.php?rest_route=\/wp\/v2\/pages\/23405","targetHints":{"allow":["GET"]}}],"collection":[{"href":"https:\/\/www.kristinestadshistoria.fi\/index.php?rest_route=\/wp\/v2\/pages"}],"about":[{"href":"https:\/\/www.kristinestadshistoria.fi\/index.php?rest_route=\/wp\/v2\/types\/page"}],"author":[{"embeddable":true,"href":"https:\/\/www.kristinestadshistoria.fi\/index.php?rest_route=\/wp\/v2\/users\/1"}],"replies":[{"embeddable":true,"href":"https:\/\/www.kristinestadshistoria.fi\/index.php?rest_route=%2Fwp%2Fv2%2Fcomments&post=23405"}],"version-history":[{"count":5,"href":"https:\/\/www.kristinestadshistoria.fi\/index.php?rest_route=\/wp\/v2\/pages\/23405\/revisions"}],"predecessor-version":[{"id":27628,"href":"https:\/\/www.kristinestadshistoria.fi\/index.php?rest_route=\/wp\/v2\/pages\/23405\/revisions\/27628"}],"up":[{"embeddable":true,"href":"https:\/\/www.kristinestadshistoria.fi\/index.php?rest_route=\/wp\/v2\/pages\/21390"}],"wp:attachment":[{"href":"https:\/\/www.kristinestadshistoria.fi\/index.php?rest_route=%2Fwp%2Fv2%2Fmedia&parent=23405"}],"curies":[{"name":"wp","href":"https:\/\/api.w.org\/{rel}","templated":true}]}}