{"id":23005,"date":"2022-01-09T23:55:22","date_gmt":"2022-01-09T21:55:22","guid":{"rendered":"https:\/\/www.kristinestadshistoria.fi\/?page_id=23005"},"modified":"2022-01-10T00:05:42","modified_gmt":"2022-01-09T22:05:42","slug":"samskolans-arkitekt-lars-sonck-1870-1956","status":"publish","type":"page","link":"https:\/\/www.kristinestadshistoria.fi\/?page_id=23005","title":{"rendered":"Samskolans arkitekt Lars Sonck (1870-1956)."},"content":{"rendered":"<figure id=\"attachment_23008\" aria-describedby=\"caption-attachment-23008\" style=\"width: 541px\" class=\"wp-caption alignnone\"><img loading=\"lazy\" decoding=\"async\" class=\" wp-image-23008\" src=\"https:\/\/www.kristinestadshistoria.fi\/wp-content\/uploads\/2022\/01\/Lars-Sonck-fran-Wikipedia-800px-Lars_Sonck.jpg\" alt=\"\" width=\"541\" height=\"719\" srcset=\"https:\/\/www.kristinestadshistoria.fi\/wp-content\/uploads\/2022\/01\/Lars-Sonck-fran-Wikipedia-800px-Lars_Sonck.jpg 800w, https:\/\/www.kristinestadshistoria.fi\/wp-content\/uploads\/2022\/01\/Lars-Sonck-fran-Wikipedia-800px-Lars_Sonck-226x300.jpg 226w, https:\/\/www.kristinestadshistoria.fi\/wp-content\/uploads\/2022\/01\/Lars-Sonck-fran-Wikipedia-800px-Lars_Sonck-770x1024.jpg 770w, https:\/\/www.kristinestadshistoria.fi\/wp-content\/uploads\/2022\/01\/Lars-Sonck-fran-Wikipedia-800px-Lars_Sonck-768x1021.jpg 768w\" sizes=\"auto, (max-width: 541px) 100vw, 541px\" \/><figcaption id=\"caption-attachment-23008\" class=\"wp-caption-text\">Arkitekt Lars Sonck (1870-1956).<\/figcaption><\/figure>\n<p>Lars f\u00f6ddes i K\u00e4lvi\u00e4 i \u00d6sterbotten och han var son till kyrkoherden Knut Emil Sonck, som var f\u00f6dd i B\u00f6tom \u00e5r 1822. Pappa Knut Emil var pr\u00e4st i flera f\u00f6rsamlingar, bland annat Kauhajoki, Teuva och Lappfj\u00e4rd. Efter dessa f\u00f6rsamlingar fick han tj\u00e4nst p\u00e5 Berg\u00f6 1863 och \u00e5r 1867 blev han kaplan i K\u00e4lvi\u00e4, d\u00e4r sedan Lars f\u00f6ddes \u00e5r 1870.<\/p>\n<p>D\u00e5 Lars var 7 \u00e5r gammal flyttade familjen till Finstr\u00f6m p\u00e5 \u00c5land, d\u00e4r fadern blev kyrkoherde och han blev sedan prost d\u00e4r 1882.<\/p>\n<p>\u00c5r 1886 b\u00f6rjade Lars i realskolan i \u00c5bo och redan d\u00e4r visade han intresse f\u00f6r hantverk och arkitektur. Han gick sedan teknisk skola och f\u00e4rdig arkitekt blev han \u00e5r 1894. Det stora lyftet fick han direkt d\u00e5 han samma \u00e5r vann den nya Mikaelkyrkans arkitektt\u00e4vling i \u00c5bo. Den viktigaste byggnaden som Lars Sonck ritade var domkyrkan i centrala Tammerfors men han har ocks\u00e5 ritat m\u00e5nga andra k\u00e4nda byggnader, s\u00e5som skolor, bost\u00e4der, vattentorn och offentliga byggnader.<\/p>\n<p>Ungef\u00e4r \u00e5r 1923 fick Lars Sonck i uppdrag att rita en ny samskolbyggnad i Kristinestad och under \u00e5ren 1924-1925 uppf\u00f6rdes den p\u00e5 Kasberget bakom stadens r\u00e5dhus. Enligt byggnadsn\u00e4mndens ordf\u00f6rande var Lars Sonck mycket hj\u00e4lpsam ocks\u00e5 under byggnadstiden och hans arvode skulle ha varit l\u00e5gt.<\/p>\n<p>Byggnaden \u00e4r st\u00e5tlig och synlig p\u00e5 l\u00e5ngt h\u00e5ll, oberoende varifr\u00e5n man kommer. Den har varit m\u00e5lad i flera olika f\u00e4rger, allt fr\u00e5n vitt till ljusbl\u00e5tt och brunt till gr\u00e5tt.<\/p>\n<p>Lars Sonck avled i Helsingfors \u00e5r 1956 och han skulle vara n\u00f6jd om han visste att byggnaden fortfarande anv\u00e4nds f\u00f6r sitt ursprungliga \u00e4ndam\u00e5l. Den \u00e4r till stor del i originalskick och den kommer inom n\u00e5gra \u00e5r att fylla j\u00e4mna 100.<\/p>\n<p>&nbsp;<\/p>\n","protected":false},"excerpt":{"rendered":"<p>Lars f\u00f6ddes i K\u00e4lvi\u00e4 i \u00d6sterbotten och han var son till kyrkoherden Knut Emil Sonck, som var f\u00f6dd i B\u00f6tom \u00e5r 1822. Pappa Knut Emil var pr\u00e4st i flera f\u00f6rsamlingar, bland annat Kauhajoki, Teuva och Lappfj\u00e4rd. Efter dessa f\u00f6rsamlingar fick <a class=\"more-link\" href=\"https:\/\/www.kristinestadshistoria.fi\/?page_id=23005\">Forts\u00e4tt l\u00e4sa <span class=\"screen-reader-text\">  Samskolans arkitekt Lars Sonck (1870-1956).<\/span><span class=\"meta-nav\">&rarr;<\/span><\/a><\/p>\n","protected":false},"author":1,"featured_media":0,"parent":22948,"menu_order":3,"comment_status":"closed","ping_status":"closed","template":"","meta":{"footnotes":""},"class_list":["post-23005","page","type-page","status-publish","hentry"],"_links":{"self":[{"href":"https:\/\/www.kristinestadshistoria.fi\/index.php?rest_route=\/wp\/v2\/pages\/23005","targetHints":{"allow":["GET"]}}],"collection":[{"href":"https:\/\/www.kristinestadshistoria.fi\/index.php?rest_route=\/wp\/v2\/pages"}],"about":[{"href":"https:\/\/www.kristinestadshistoria.fi\/index.php?rest_route=\/wp\/v2\/types\/page"}],"author":[{"embeddable":true,"href":"https:\/\/www.kristinestadshistoria.fi\/index.php?rest_route=\/wp\/v2\/users\/1"}],"replies":[{"embeddable":true,"href":"https:\/\/www.kristinestadshistoria.fi\/index.php?rest_route=%2Fwp%2Fv2%2Fcomments&post=23005"}],"version-history":[{"count":3,"href":"https:\/\/www.kristinestadshistoria.fi\/index.php?rest_route=\/wp\/v2\/pages\/23005\/revisions"}],"predecessor-version":[{"id":23010,"href":"https:\/\/www.kristinestadshistoria.fi\/index.php?rest_route=\/wp\/v2\/pages\/23005\/revisions\/23010"}],"up":[{"embeddable":true,"href":"https:\/\/www.kristinestadshistoria.fi\/index.php?rest_route=\/wp\/v2\/pages\/22948"}],"wp:attachment":[{"href":"https:\/\/www.kristinestadshistoria.fi\/index.php?rest_route=%2Fwp%2Fv2%2Fmedia&parent=23005"}],"curies":[{"name":"wp","href":"https:\/\/api.w.org\/{rel}","templated":true}]}}