{"id":21866,"date":"2021-08-26T23:40:50","date_gmt":"2021-08-26T20:40:50","guid":{"rendered":"https:\/\/www.kristinestadshistoria.fi\/?page_id=21866"},"modified":"2021-08-27T18:43:35","modified_gmt":"2021-08-27T15:43:35","slug":"k-j-mansfield","status":"publish","type":"page","link":"https:\/\/www.kristinestadshistoria.fi\/?page_id=21866","title":{"rendered":"K. J. Mansfield."},"content":{"rendered":"<p>Karl Johan Mannfolk, som kallades &#8221;Mann-Karl&#8221;,\u00a0 f\u00f6ddes \u00e5r 1880 p\u00e5 Mannfolk hemman i Gottb\u00f6le i N\u00e4rpes och han var son till bonden Matts Andersson och Maria Andersdotter. Under \u00e5ren 1898-1907 och 1909-1910 vistades han i Amerika och d\u00e4r anv\u00e4nde han namnet Charles Mansfield. Mellan de tv\u00e5 perioderna i Amerika bodde han med sin familj p\u00e5 Simons hemman i B\u00f6le.<\/p>\n<p>I Amerika tr\u00e4ffade han sin hustru Johanna &#8221;Hanna&#8221; M\u00e5rtensdotter Sigfrids, som var f\u00f6dd i Oravais. Med Johanna fick Charles 10 barn och \u00e5tminstone ett var f\u00f6tt i Minnesota i Amerika. Johanna dog \u00e5r 1936 och han gifte efter det om sig med Anna Julina H\u00e4ggblom (f.1897) men det \u00e4ktenskapet var barnl\u00f6st. Det ser ut som att Mansfield och hans andra hustru Anna skulle ha bott i B\u00e4ckliden.<\/p>\n<p>Karl Johan Mansfield dog i juni 1968.<\/p>\n<figure id=\"attachment_21865\" aria-describedby=\"caption-attachment-21865\" style=\"width: 623px\" class=\"wp-caption alignnone\"><img loading=\"lazy\" decoding=\"async\" class=\"size-full wp-image-21865\" src=\"https:\/\/www.kristinestadshistoria.fi\/wp-content\/uploads\/2021\/08\/19680703-Mansfields-dodsannons.jpg\" alt=\"\" width=\"623\" height=\"471\" srcset=\"https:\/\/www.kristinestadshistoria.fi\/wp-content\/uploads\/2021\/08\/19680703-Mansfields-dodsannons.jpg 623w, https:\/\/www.kristinestadshistoria.fi\/wp-content\/uploads\/2021\/08\/19680703-Mansfields-dodsannons-300x227.jpg 300w\" sizes=\"auto, (max-width: 623px) 100vw, 623px\" \/><figcaption id=\"caption-attachment-21865\" class=\"wp-caption-text\">Mansfields d\u00f6dsannons i Kask\u00f6 Tidning 3.7.1968.<\/figcaption><\/figure>\n","protected":false},"excerpt":{"rendered":"<p>Karl Johan Mannfolk, som kallades &#8221;Mann-Karl&#8221;,\u00a0 f\u00f6ddes \u00e5r 1880 p\u00e5 Mannfolk hemman i Gottb\u00f6le i N\u00e4rpes och han var son till bonden Matts Andersson och Maria Andersdotter. Under \u00e5ren 1898-1907 och 1909-1910 vistades han i Amerika och d\u00e4r anv\u00e4nde han <a class=\"more-link\" href=\"https:\/\/www.kristinestadshistoria.fi\/?page_id=21866\">Forts\u00e4tt l\u00e4sa <span class=\"screen-reader-text\">  K. J. Mansfield.<\/span><span class=\"meta-nav\">&rarr;<\/span><\/a><\/p>\n","protected":false},"author":1,"featured_media":0,"parent":21856,"menu_order":1,"comment_status":"closed","ping_status":"closed","template":"","meta":{"footnotes":""},"class_list":["post-21866","page","type-page","status-publish","hentry"],"_links":{"self":[{"href":"https:\/\/www.kristinestadshistoria.fi\/index.php?rest_route=\/wp\/v2\/pages\/21866","targetHints":{"allow":["GET"]}}],"collection":[{"href":"https:\/\/www.kristinestadshistoria.fi\/index.php?rest_route=\/wp\/v2\/pages"}],"about":[{"href":"https:\/\/www.kristinestadshistoria.fi\/index.php?rest_route=\/wp\/v2\/types\/page"}],"author":[{"embeddable":true,"href":"https:\/\/www.kristinestadshistoria.fi\/index.php?rest_route=\/wp\/v2\/users\/1"}],"replies":[{"embeddable":true,"href":"https:\/\/www.kristinestadshistoria.fi\/index.php?rest_route=%2Fwp%2Fv2%2Fcomments&post=21866"}],"version-history":[{"count":4,"href":"https:\/\/www.kristinestadshistoria.fi\/index.php?rest_route=\/wp\/v2\/pages\/21866\/revisions"}],"predecessor-version":[{"id":21875,"href":"https:\/\/www.kristinestadshistoria.fi\/index.php?rest_route=\/wp\/v2\/pages\/21866\/revisions\/21875"}],"up":[{"embeddable":true,"href":"https:\/\/www.kristinestadshistoria.fi\/index.php?rest_route=\/wp\/v2\/pages\/21856"}],"wp:attachment":[{"href":"https:\/\/www.kristinestadshistoria.fi\/index.php?rest_route=%2Fwp%2Fv2%2Fmedia&parent=21866"}],"curies":[{"name":"wp","href":"https:\/\/api.w.org\/{rel}","templated":true}]}}