{"id":21390,"date":"2021-07-21T08:37:42","date_gmt":"2021-07-21T05:37:42","guid":{"rendered":"http:\/\/www.kristinestadshistoria.fi\/?page_id=21390"},"modified":"2023-07-10T22:55:11","modified_gmt":"2023-07-10T19:55:11","slug":"fotosamlingar","status":"publish","type":"page","link":"https:\/\/www.kristinestadshistoria.fi\/?page_id=21390","title":{"rendered":"Fotosamlingar."},"content":{"rendered":"<p>H\u00e4r finns samlade b\u00e5de nya och lite \u00e4ldre foton fr\u00e5n Kristinestad och dess omnejd. Klicka h\u00e4r under p\u00e5 en passande kategori.<\/p>\n<h4><strong>Gamla foton och vykort fr\u00e5n Kristinestad:<\/strong><\/h4>\n<h5><a href=\"https:\/\/www.kristinestadshistoria.fi\/?page_id=21419\"><strong>-Samling 1, blandade fotografier 1 &#8211; 50.<\/strong><\/a><\/h5>\n<h5><a href=\"https:\/\/www.kristinestadshistoria.fi\/?page_id=26823\"><strong>-Samling 2, blandade fotografier fr\u00e5n 51 och fram\u00e5t<\/strong><\/a><\/h5>\n<h4><a href=\"https:\/\/www.kristinestadshistoria.fi\/?page_id=23405\"><strong>-Rafael Olin foton<\/strong><\/a><\/h4>\n<p>&nbsp;<\/p>\n<p>&nbsp;<\/p>\n<h4><strong>Nya foton fr\u00e5n Kristinestad:<\/strong><\/h4>\n<h4><a href=\"https:\/\/www.kristinestadshistoria.fi\/?page_id=21435\"><strong>-byggnaderna runt Salutorget<\/strong><\/a><\/h4>\n<h4><a href=\"https:\/\/www.kristinestadshistoria.fi\/?page_id=21631\"><strong>-byggnaderna vid R\u00e5dhusparken och &#8211; gatan<\/strong><\/a><\/h4>\n<h6>&nbsp;<\/h6>\n<h6>&nbsp;<\/h6>\n<p>&nbsp;<\/p>\n<h6><a class=\"fasc-button fasc-size-medium fasc-type-glossy fasc-rounded-medium\" style=\"background-color: #33809e; color: #ffffff;\" href=\"https:\/\/www.lassebacklund.fi\/?page_id=47\">Foton fr\u00e5n Lappfj\u00e4rd och Dagsmark<\/a><\/h6>\n<h6>&nbsp;<\/h6>\n<p>&nbsp;<\/p>\n<h6>&nbsp;<\/h6>\n<h6>&nbsp;<\/h6>\n","protected":false},"excerpt":{"rendered":"<p>H\u00e4r finns samlade b\u00e5de nya och lite \u00e4ldre foton fr\u00e5n Kristinestad och dess omnejd. Klicka h\u00e4r under p\u00e5 en passande kategori. Gamla foton och vykort fr\u00e5n Kristinestad: -Samling 1, blandade fotografier 1 &#8211; 50. -Samling 2, blandade fotografier fr\u00e5n 51 <a class=\"more-link\" href=\"https:\/\/www.kristinestadshistoria.fi\/?page_id=21390\">Forts\u00e4tt l\u00e4sa <span class=\"screen-reader-text\">  Fotosamlingar.<\/span><span class=\"meta-nav\">&rarr;<\/span><\/a><\/p>\n","protected":false},"author":1,"featured_media":0,"parent":0,"menu_order":1,"comment_status":"closed","ping_status":"closed","template":"","meta":{"footnotes":""},"class_list":["post-21390","page","type-page","status-publish","hentry"],"_links":{"self":[{"href":"https:\/\/www.kristinestadshistoria.fi\/index.php?rest_route=\/wp\/v2\/pages\/21390","targetHints":{"allow":["GET"]}}],"collection":[{"href":"https:\/\/www.kristinestadshistoria.fi\/index.php?rest_route=\/wp\/v2\/pages"}],"about":[{"href":"https:\/\/www.kristinestadshistoria.fi\/index.php?rest_route=\/wp\/v2\/types\/page"}],"author":[{"embeddable":true,"href":"https:\/\/www.kristinestadshistoria.fi\/index.php?rest_route=\/wp\/v2\/users\/1"}],"replies":[{"embeddable":true,"href":"https:\/\/www.kristinestadshistoria.fi\/index.php?rest_route=%2Fwp%2Fv2%2Fcomments&post=21390"}],"version-history":[{"count":17,"href":"https:\/\/www.kristinestadshistoria.fi\/index.php?rest_route=\/wp\/v2\/pages\/21390\/revisions"}],"predecessor-version":[{"id":26825,"href":"https:\/\/www.kristinestadshistoria.fi\/index.php?rest_route=\/wp\/v2\/pages\/21390\/revisions\/26825"}],"wp:attachment":[{"href":"https:\/\/www.kristinestadshistoria.fi\/index.php?rest_route=%2Fwp%2Fv2%2Fmedia&parent=21390"}],"curies":[{"name":"wp","href":"https:\/\/api.w.org\/{rel}","templated":true}]}}

<p>Här finns samlade både nya och lite äldre foton från Kristinestad och dess omnejd. Klicka här under på en passande kategori.</p>
<h4><strong>Gamla foton och vykort från Kristinestad:</strong></h4>
<h5><a href="https://www.kristinestadshistoria.fi/?page_id=21419"><strong>-Samling 1, blandade fotografier 1 &#8211; 50.</strong></a></h5>
<h5><a href="https://www.kristinestadshistoria.fi/?page_id=26823"><strong>-Samling 2, blandade fotografier från 51 och framåt</strong></a></h5>
<h4><a href="https://www.kristinestadshistoria.fi/?page_id=23405"><strong>-Rafael Olin foton</strong></a></h4>
<p>&nbsp;</p>
<p>&nbsp;</p>
<h4><strong>Nya foton från Kristinestad:</strong></h4>
<h4><a href="https://www.kristinestadshistoria.fi/?page_id=21435"><strong>-byggnaderna runt Salutorget</strong></a></h4>
<h4><a href="https://www.kristinestadshistoria.fi/?page_id=21631"><strong>-byggnaderna vid Rådhusparken och &#8211; gatan</strong></a></h4>
<h6>&nbsp;</h6>
<h6>&nbsp;</h6>
<p>&nbsp;</p>
<h6><a class="fasc-button fasc-size-medium fasc-type-glossy fasc-rounded-medium" style="background-color: #33809e; color: #ffffff;" href="https://www.lassebacklund.fi/?page_id=47">Foton från Lappfjärd och Dagsmark</a></h6>
<h6>&nbsp;</h6>
<p>&nbsp;</p>
<h6>&nbsp;</h6>
<h6>&nbsp;</h6>

<p>Här finns samlade både nya och lite äldre foton från Kristinestad och dess omnejd. Klicka här under på en passande kategori. Gamla foton och vykort från Kristinestad: -Samling 1, blandade fotografier 1 &#8211; 50. -Samling 2, blandade fotografier från 51 <a class="more-link" href="https://www.kristinestadshistoria.fi/?page_id=21390">Fortsätt läsa <span class="screen-reader-text">  Fotosamlingar.</span><span class="meta-nav">&rarr;</span></a></p>
