{"id":21143,"date":"2021-06-21T08:53:20","date_gmt":"2021-06-21T05:53:20","guid":{"rendered":"https:\/\/www.lassebacklund.fi\/?page_id=21143"},"modified":"2025-10-29T22:23:36","modified_gmt":"2025-10-29T20:23:36","slug":"mathilda-lindroos-och-hennes-testamente","status":"publish","type":"page","link":"https:\/\/www.kristinestadshistoria.fi\/?page_id=21143","title":{"rendered":"Mathilda Lindroos och hennes testamente."},"content":{"rendered":"<p><span style=\"color: #000080;\"><strong>Sammanst\u00e4llt av Lasse Backlund i juni 2021:<\/strong><\/span><\/p>\n<figure id=\"attachment_21147\" aria-describedby=\"caption-attachment-21147\" style=\"width: 350px\" class=\"wp-caption alignnone\"><img loading=\"lazy\" decoding=\"async\" class=\"size-full wp-image-21147\" src=\"https:\/\/www.lassebacklund.fi\/wp-content\/uploads\/2021\/06\/Lindroos-Mathildas-dodsannons.jpg\" alt=\"\" width=\"350\" height=\"842\" srcset=\"https:\/\/www.kristinestadshistoria.fi\/wp-content\/uploads\/2021\/06\/Lindroos-Mathildas-dodsannons.jpg 350w, https:\/\/www.kristinestadshistoria.fi\/wp-content\/uploads\/2021\/06\/Lindroos-Mathildas-dodsannons-125x300.jpg 125w\" sizes=\"auto, (max-width: 350px) 100vw, 350px\" \/><figcaption id=\"caption-attachment-21147\" class=\"wp-caption-text\">Den h\u00e4r d\u00f6dsannonsen var inf\u00f6rd i Hufvudstadsbladet av den n\u00e4rmaste arvingen Elsa Lindroos, som var Mathildas brorsdotter.<\/figcaption><\/figure>\n<p><strong><span style=\"color: #000080;\">HBL 2.9.1913:<\/span><\/strong><\/p>\n<h4><strong>D\u00f6dsfall<\/strong>.<\/h4>\n<p>I en \u00e5lder av 68 \u00e5r avled i Helsingfors ig\u00e5r efter en l\u00e4ngre tids sjukdom fr\u00f6ken Mathilda Lindroos. F\u00f6dd i Kristinestad, d\u00e4r hennes fader \u00e4gde en guldsmedsaff\u00e4r, kom Mathilda Lindroos redan i unga \u00e5r till Helsingfors, och konditionerade i 10 \u00e5rs tid p\u00e5 Albion Lumpmagasin, som d\u00e5 \u00e4gdes av sin grundl\u00e4ggare, fr\u00f6ken G. S. Rydman.<\/p>\n<p>Utrustad med ett klart f\u00f6rst\u00e5nd och s\u00e4ker aff\u00e4rsmannablick, ins\u00e5g hon i god tid nyttan av att arbeta f\u00f6r egen r\u00e4kning och risk och startade d\u00e4rf\u00f6r under sommaren 1880 i eget namn en sko- och manufakturaff\u00e4r h\u00e4rst\u00e4des. V\u00e4nlig, anspr\u00e5ksl\u00f6s, driftig och f\u00f6rsiktig som hon var, lyckades det henne att sm\u00e5ningom upparbeta den i sin b\u00f6rjan s\u00e5 ringa handeln till en av ortens mest omtyckta aff\u00e4rer i branschen. Med stor framg\u00e5ng ledde hon sin aff\u00e4r 23 \u00e5rs tid, tills hon s\u00e5lde densamma till ett aktiebolag. F\u00e5 kvinnor i v\u00e5rt land har det lyckats att med tv\u00e5 tomma h\u00e4nder arbeta sig upp till en s\u00e5 stor f\u00f6rm\u00f6genhet som Mathilda Lindroos. Hon f\u00f6rstod inte endast att f\u00f6rtj\u00e4na pengar, hon f\u00f6rstod ocks\u00e5 att f\u00f6rr\u00e4nta och f\u00f6rvalta dem.<\/p>\n<p>D\u00e4runder gl\u00f6mde hon dock aldrig sina lidande medm\u00e4nniskor, som i henne hade den mest deltagande och hj\u00e4lpsamma v\u00e4n. Med frikostig hand underst\u00f6dde hon v\u00e4lg\u00f6renhetsf\u00f6reningar b\u00e5de h\u00e4r och i sin hemstad Kristinestad. S\u00e4rskilt l\u00e5g f\u00f6reningen \u201dDe gamlas v\u00e4nner\u201d bland vars stiftare hon var, henne varmt om hj\u00e4rtat. Som direktionsmedlem kvarstod hon i f\u00f6reningen \u00e4nda till sin nu timade d\u00f6d. I tysthet och utan att sj\u00e4lv framh\u00e4va sig ut\u00f6vade hon ocks\u00e5 stor v\u00e4lg\u00f6renhet.<\/p>\n<p><span style=\"color: #000080;\"><strong>HBL 6.9.1913:<\/strong><\/span><\/p>\n<p>Avlidna fr\u00f6ken Matilda Lindroos begravdes i g\u00e5r p\u00e5 gamla lutherska kyrkog\u00e5rden under stor anslutning fr\u00e5n v\u00e4nner och allm\u00e4nhet. Akten f\u00f6rr\u00e4ttades i gravkapellet, d\u00e4r orgelmusik utf\u00f6rdes av orgelnisten W. Nordb\u00e4ck samt s\u00e5ng av en f\u00f6r tillf\u00e4llet bildad manskvartett. Griftetalet h\u00f6lls i ansl\u00e5ende ordalag av pastor Alarik Forsblom. Sedan kvartetten sjungit yttermera en s\u00e5ng, bars kistan under orgelns toner till griften, d\u00e4r \u00e4nnu n\u00e5gra s\u00e5nger utf\u00f6rdes. P\u00e5 gravkullen nedlades en ovanligt stor m\u00e4ngd minnesblommor, vittnande om den v\u00e4nskap och k\u00e4rlek den d\u00f6da f\u00f6rv\u00e4rvat sig under sin str\u00e4vsamma levnad.<\/p>\n<p>D\u00e5 kamrer A. Rikberg nedlade en krans p\u00e5 egna och m\u00e5nga landsm\u00e4ns v\u00e4gnar yttrade han f\u00f6ljande ord:<\/p>\n<h6>Hvad r\u00e4tt du t\u00e4nkt, hvad du i k\u00e4rlek vill,<\/h6>\n<h6>Hvad sk\u00f6nt du dr\u00f6mt, kan ej af tiden h\u00e4rjas.<\/h6>\n<h6>Det \u00e4r en sk\u00f6rd, som undan honom b\u00e4rgas,<\/h6>\n<h6>Ty den h\u00f6r evigheten icke till.<\/h6>\n<h6><\/h6>\n<p>Dessa skaldens ord synas mig vara synnerligen v\u00e4l till\u00e4mpliga p\u00e5 Matilda Lindroos person. Matilda Lindroos h\u00f6rde till de m\u00e4nniskor, vars liv inte flutit ut i sanden. Fl\u00e4rdfri och anspr\u00e5ksl\u00f6s till sin natur, var hon stor i handling, en handling, som gick ut p\u00e5 att g\u00f6ra livet ljust f\u00f6r andra. Vi, hennes v\u00e4nner, som p\u00e5 n\u00e4ra h\u00e5ll f\u00e5tt en djupare inblick i hennes v\u00e4sen, kan vittna om hennes varma hj\u00e4rta och om den stora r\u00e4ttr\u00e5dighet, som f\u00f6restavade varje hennes handling. De fr\u00f6n, som hon uts\u00e5tt i v\u00e4rlden, har redan burit riklig frukt och kommer s\u00e4kert ocks\u00e5 fram\u00f6ver att g\u00f6ra det. Men d\u00e5 det goda, som gjorts, kanske i \u00e4nnu h\u00f6gre grad verkar in\u00e5t p\u00e5 den handlande sj\u00e4lv, kan vi tro att den sj\u00e4l, vars jordiska boning vi i dag b\u00e4ddar i gravens g\u00f6mma, g\u00e5tt en rikare utveckling till m\u00f6tes, med ny s\u00e5dd och nya sk\u00f6rdar.<\/p>\n<p>P\u00e5 f\u00f6reningen De gamlas v\u00e4nners v\u00e4gnar nedlade kapten Oskar Wasastjerna en krans, och \u00e4gnade varma minnesord \u00e5t den d\u00f6da och hennes intresse s\u00e4rskilt f\u00f6r De gamlas v\u00e4nners skyddslingar. Doktorinnan Alfhild Lind\u00e9n nedlade en krans p\u00e5 Mariaf\u00f6reningens v\u00e4gnar samt uttalade dess varma tack f\u00f6r vad den d\u00f6da gjort f\u00f6r f\u00f6reningen och dess syften. Vidare nedlades kransar fr\u00e5n den d\u00f6das forna bitr\u00e4den, en annan s\u00e5dan fr\u00e5n nuvarande innehavaren av firman M. Lindroos. Vidare frambars kransar fr\u00e5n Ida och Arvid Zilliacus, Fina och Olof Christiansen, Dagmar och P. Sergelius, Ingrid och Fredrik Turing, Jenny och Kristian Mads\u00e9n, familjerna Anna Rydman, Savonius m.fl.<\/p>\n<p><span style=\"color: #000080;\"><strong>K\u00e5seri i HBL 7.9.1913:<\/strong><\/span><\/p>\n<p>Det stod i g\u00e5r i bladet n\u00e5gonting, som s\u00e4kerligen fyllt m\u00e5nga, m\u00e5nga l\u00e4sare med samma k\u00e4nsla av v\u00f6rdnadsfull tacksamhet som f\u00f6r undertecknad. En notis om en gammal dam, som donerat i det n\u00e4rmaste hela sin under ett str\u00e4vsamt liv f\u00f6rv\u00e4rvade, ansenliga f\u00f6rm\u00f6genhet f\u00f6r v\u00e4lg\u00f6rande \u00e4ndam\u00e5l. Bakom fr\u00f6ken Mathilda Lindroos\u2019 testamentariska dispositioner sp\u00e5ras det varma hj\u00e4rtat hos en m\u00e4nniska, som g\u00e5tt genom livet med \u00f6ppna \u00f6gon, sett lidandet i dess m\u00e5nga former och \u00f6nskat bidra till dess lindrande i m\u00e5n av sin f\u00f6rm\u00e5ga. M\u00e5nga, de flesta, sl\u00f6sar bort sina \u00e4godelar utan tanke p\u00e5 dem, som befinner sig fj\u00e4rran fr\u00e5n livets solsida. Men f\u00f6r varje g\u00e5ng ett budskap bringas om en slutuppg\u00f6relse med livet s\u00e5dan som den nyssn\u00e4mnda k\u00e4nns det som en frisk fl\u00e4kt skulle bl\u00e5sa bort vardagsdammet, och sinnet blir s\u00e5 underligt varmt.<\/p>\n<p>Vem var den gamla? Hur m\u00e5nga k\u00e4nde henne? Det svaras, att hennes aff\u00e4r var en av de b\u00e4st sk\u00f6tta och b\u00e4st renommerade i sin bransch, och att hon s\u00e5lunda var k\u00e4nd av m\u00e5nga.\u00a0L\u00e5t vara! Men \u00e4r det inte som om man f\u00f6rst nu skulle f\u00e5tt sikte p\u00e5 den \u00e4rev\u00f6rdiga damen? Hon hade ett l\u00e5ngt m\u00f6dosamt liv bakom sig. M\u00e5nga kom och gick genom d\u00f6rrarna till hennes butik. Men f\u00f6rst nu k\u00e4nner vi r\u00e4tt det hj\u00e4rta, som med hennes d\u00f6d upph\u00f6rt att sl\u00e5. F\u00f6rst nu vet vi, att v\u00e5rt samh\u00e4lle med henne f\u00f6rlorat en personlighet till vilken vi st\u00e5t i tacksamhetsskuld f\u00f6r mera \u00e4n de betydande testamentariska dispositionerna f\u00f6r hennes vackra f\u00f6red\u00f6me.<\/p>\n<figure id=\"attachment_21145\" aria-describedby=\"caption-attachment-21145\" style=\"width: 277px\" class=\"wp-caption alignnone\"><img loading=\"lazy\" decoding=\"async\" class=\"size-full wp-image-21145\" src=\"https:\/\/www.lassebacklund.fi\/wp-content\/uploads\/2021\/06\/Lindroos-donation.png\" alt=\"\" width=\"277\" height=\"366\" srcset=\"https:\/\/www.kristinestadshistoria.fi\/wp-content\/uploads\/2021\/06\/Lindroos-donation.png 277w, https:\/\/www.kristinestadshistoria.fi\/wp-content\/uploads\/2021\/06\/Lindroos-donation-227x300.png 227w\" sizes=\"auto, (max-width: 277px) 100vw, 277px\" \/><figcaption id=\"caption-attachment-21145\" class=\"wp-caption-text\">Det var ingen liten donation som Mathilda Lindroos gjorde via sitt testamente som hon skrev just f\u00f6re sin d\u00f6d 1913. Den h\u00e4r tiden s\u00e5ldes en liten stadsg\u00e5rd f\u00f6r ungef\u00e4r 2 &#8211; 3 000 och en st\u00f6rre f\u00f6r mer \u00e4n 10 000 mark.<\/figcaption><\/figure>\n<p><span style=\"color: #000080;\"><strong>Syd-\u00d6sterbotten 11.10.1913:<\/strong><\/span><\/p>\n<p>Fr\u00f6ken Matilda Lindroos donationer till Kristinestad uppg\u00e5r till minst 55,000 mark. Vid stadsfullm\u00e4ktiges sammantr\u00e4de i torsdags f\u00f6redrogs transsumt ur avlidne fr\u00f6ken Matilda Lindroos&#8217; den 28 juni 1913 uppr\u00e4ttade testamente, enligt vilket vid testatorns d\u00f6d ett belopp om 25,000 mark skall \u00f6verl\u00e4mnas till staden Kristinestad att f\u00f6rvaltas och f\u00f6rr\u00e4ntas intill dess en f\u00f6rening eller sammanslutning f\u00f6r inr\u00e4ttande av ett hem f\u00f6r \u00e5lderstigna fruntimmer i denna stad kommit till st\u00e5nd, d\u00e5 kapitalet j\u00e4mte r\u00e4nta b\u00f6r till sagda f\u00f6rening eller sammanslutning utbetalas.<\/p>\n<p>Dessutom inneh\u00e5ller testamentet f\u00f6ljande till f\u00f6rm\u00e5n f\u00f6r Kristinestad gjorda dispositioner. Sedan i testamentet s\u00e4rskilt angivna belopp ur boet utbetalats, bildas av \u00e5terstoden en fond, som f\u00f6rvaltas av kamreren Axel Rikberg och sekreteraren Immanuel Sawonius, och av vilken r\u00e4ntorna f\u00f6r olika \u00e4ndam\u00e5l begagnas. Sedan testatorns n\u00e4rmaste arvinge har avlidit, skall, d\u00e4rest denna efterl\u00e4mnat br\u00f6starvingar, ett belopp av ytterligare 10,000 mark ur fonden till Kristinestad utbetalas till f\u00f6rm\u00e5n f\u00f6r hemmet f\u00f6r \u00e5lderstigna fruntimmer d\u00e4rst\u00e4des, samt 20,000 mark till samma stad f\u00f6r bildande av en fond, vars r\u00e4ntor \u00e5rligen skall anv\u00e4ndas till stipendier \u00e5t kvinnliga elever fr\u00e5n s\u00f6dra \u00d6sterbotten f\u00f6r genomg\u00e5ende av yrkesskola. Om n\u00e4mnda arvinge avlider utan att efterl\u00e4mna br\u00f6starvingar, men \u00f6verlevs av make, erh\u00e5ller hemmet f\u00f6r \u00e5lderstigna fruntimmer i Kristinestad 25,000 mark samt fonden f\u00f6r yrkesstipendier 40,000 mark. I fullm\u00e4ktige hedrade testatorns minne genom uppstigning. \u00c5t dr\u00e4tselkammaren \u00f6verl\u00e4mnades att bevaka testamentet.<\/p>\n<p><strong>\u00c5r 1962, i maj<\/strong> besl\u00f6t stadsfullm\u00e4ktige att avkastningen av Mathildas fond tillsvidare skulle ges till den kvinnliga hemsl\u00f6jdsskolan, som helt saknade pengar att ge till stipendier.<\/p>\n<figure id=\"attachment_21146\" aria-describedby=\"caption-attachment-21146\" style=\"width: 517px\" class=\"wp-caption alignnone\"><img loading=\"lazy\" decoding=\"async\" class=\"size-full wp-image-21146\" src=\"https:\/\/www.lassebacklund.fi\/wp-content\/uploads\/2021\/06\/Lindroos-Mathildas-bild-i-HBL-7.9.13.jpg\" alt=\"\" width=\"517\" height=\"780\" srcset=\"https:\/\/www.kristinestadshistoria.fi\/wp-content\/uploads\/2021\/06\/Lindroos-Mathildas-bild-i-HBL-7.9.13.jpg 517w, https:\/\/www.kristinestadshistoria.fi\/wp-content\/uploads\/2021\/06\/Lindroos-Mathildas-bild-i-HBL-7.9.13-199x300.jpg 199w\" sizes=\"auto, (max-width: 517px) 100vw, 517px\" \/><figcaption id=\"caption-attachment-21146\" class=\"wp-caption-text\">&#8221;Den varmhj\u00e4rtade donatrisen&#8221; skrev Hufvudstadsbladet under Mathildas stora bild 7.9.1913.<\/figcaption><\/figure>\n","protected":false},"excerpt":{"rendered":"<p>Sammanst\u00e4llt av Lasse Backlund i juni 2021: HBL 2.9.1913: D\u00f6dsfall. I en \u00e5lder av 68 \u00e5r avled i Helsingfors ig\u00e5r efter en l\u00e4ngre tids sjukdom fr\u00f6ken Mathilda Lindroos. F\u00f6dd i Kristinestad, d\u00e4r hennes fader \u00e4gde en guldsmedsaff\u00e4r, kom Mathilda Lindroos <a class=\"more-link\" href=\"https:\/\/www.kristinestadshistoria.fi\/?page_id=21143\">Forts\u00e4tt l\u00e4sa <span class=\"screen-reader-text\">  Mathilda Lindroos och hennes testamente.<\/span><span class=\"meta-nav\">&rarr;<\/span><\/a><\/p>\n","protected":false},"author":1,"featured_media":0,"parent":19675,"menu_order":1,"comment_status":"closed","ping_status":"closed","template":"","meta":{"footnotes":""},"class_list":["post-21143","page","type-page","status-publish","hentry"],"_links":{"self":[{"href":"https:\/\/www.kristinestadshistoria.fi\/index.php?rest_route=\/wp\/v2\/pages\/21143","targetHints":{"allow":["GET"]}}],"collection":[{"href":"https:\/\/www.kristinestadshistoria.fi\/index.php?rest_route=\/wp\/v2\/pages"}],"about":[{"href":"https:\/\/www.kristinestadshistoria.fi\/index.php?rest_route=\/wp\/v2\/types\/page"}],"author":[{"embeddable":true,"href":"https:\/\/www.kristinestadshistoria.fi\/index.php?rest_route=\/wp\/v2\/users\/1"}],"replies":[{"embeddable":true,"href":"https:\/\/www.kristinestadshistoria.fi\/index.php?rest_route=%2Fwp%2Fv2%2Fcomments&post=21143"}],"version-history":[{"count":4,"href":"https:\/\/www.kristinestadshistoria.fi\/index.php?rest_route=\/wp\/v2\/pages\/21143\/revisions"}],"predecessor-version":[{"id":30380,"href":"https:\/\/www.kristinestadshistoria.fi\/index.php?rest_route=\/wp\/v2\/pages\/21143\/revisions\/30380"}],"up":[{"embeddable":true,"href":"https:\/\/www.kristinestadshistoria.fi\/index.php?rest_route=\/wp\/v2\/pages\/19675"}],"wp:attachment":[{"href":"https:\/\/www.kristinestadshistoria.fi\/index.php?rest_route=%2Fwp%2Fv2%2Fmedia&parent=21143"}],"curies":[{"name":"wp","href":"https:\/\/api.w.org\/{rel}","templated":true}]}}