{"id":21051,"date":"2021-06-13T21:16:35","date_gmt":"2021-06-13T18:16:35","guid":{"rendered":"https:\/\/www.lassebacklund.fi\/?page_id=21051"},"modified":"2026-02-24T21:15:04","modified_gmt":"2026-02-24T19:15:04","slug":"formannen-och-museimannen-ake-weckstrom","status":"publish","type":"page","link":"https:\/\/www.kristinestadshistoria.fi\/?page_id=21051","title":{"rendered":"Formannen och museimannen \u00c5ke Weckstr\u00f6m"},"content":{"rendered":"<p><span style=\"color: #000080;\">Sammanst\u00e4llt av Lasse Backlund i juni 2021:<\/span><\/p>\n<p>Charles <strong><u>\u00c5ke<\/u><\/strong> Wilhelm <strong><u>Weckstr\u00f6m<\/u><\/strong> f\u00f6ddes \u00e5r 1909 i Kristinestad och han var son till tulluppsyningsmannen Alfred Weckstr\u00f6m (f\u00f6dd i staden 1837-1879) och Greta, som p\u00e5 riktigt hette Margareta (f\u00f6dd Mikander i Lappfj\u00e4rd 1839-1906). \u00c5ke f\u00f6ddes i g\u00e5rden p\u00e5 V\u00e4stra L\u00e5nggatan 53, som hans farfar, sj\u00f6mannen Carl Johan Weckstr\u00f6m hade f\u00f6rv\u00e4rvat p\u00e5 1870-talet av familjen Holmudd.<\/p>\n<p>Alfred och Greta fick 8 barn, som alla levde till vuxen \u00e5lder. Av dessa dog 4 i relativt unga \u00e5r medan de andra levde till h\u00f6g \u00e5lder.<\/p>\n<p>\u00c5r 1932 gifte sig \u00c5ke Weckstr\u00f6m med fiskaredottern Anni Stenlund (1911-1977) fr\u00e5n Alesundet. Anni var dotter till fiskaren Johannes Stenlund (1887-1953) och Maria Augusta (f\u00f6dd Granath i Dagsmark 1887-1960).<\/p>\n<p>De f\u00f6rv\u00e4rvade sedan det s\u00f6dra bryggeriet, som kallades Toivo och d\u00e4r bodde de s\u00e5 l\u00e4nge de levde. Toivo bryggeriet avslutade verksamheten 1932 men efter det anv\u00e4nde Bock i Vasa utrymmet som lager fram till 1935.<\/p>\n<p>Redan i unga \u00e5r var \u00c5ke intresserad av gamla f\u00f6rem\u00e5l och han b\u00f6rjade samla p\u00e5 allt m\u00f6jligt gammalt. Han var en v\u00e4lk\u00e4nd bes\u00f6kare p\u00e5 auktioner som h\u00f6lls i staden och han kom \u00f6ver m\u00e5nga fina antikviteter, verktyg, m\u00f6bler, k\u00e4rl, apoteksf\u00f6rem\u00e5l och allt annat m\u00f6jligt.<\/p>\n<p>P\u00e5 1950-talet hade han samlat p\u00e5 sig s\u00e5 m\u00e5nga f\u00f6rem\u00e5l att han b\u00f6rjade se sig om efter ett utrymme f\u00f6r ett kommande museum. Ett s\u00e5dant hittade han ocks\u00e5 men d\u00e5 var ute p\u00e5 en holme utanf\u00f6r staden, s\u00e5 r\u00e4knade han ut att riktigt m\u00e5nga bes\u00f6kare skulle det inte bli d\u00e4r.<\/p>\n<p>Men d\u00e5 Turistf\u00f6reningen i Finland \u00e5r 1960 ville avyttra villan Carlsro, som de hade \u00e4gt sedan \u00e5r 1945, s\u00e5 s\u00e5g han sin chans. Under auktionen som f\u00f6rsiggick p\u00e5 Stadshotellet, s\u00e5 gav \u00c5ke det h\u00f6gsta budet men det r\u00e4ckte inte f\u00f6r s\u00e4ljarna. Men efter extra f\u00f6rhandlingar h\u00f6jde \u00c5ke budet och s\u00e5 kunde han k\u00f6pa villan och alla andra byggnader f\u00f6r 550\u00a0000 mark.<\/p>\n<figure id=\"attachment_30247\" aria-describedby=\"caption-attachment-30247\" style=\"width: 964px\" class=\"wp-caption alignnone\"><img loading=\"lazy\" decoding=\"async\" class=\"size-full wp-image-30247\" src=\"https:\/\/www.kristinestadshistoria.fi\/wp-content\/uploads\/2025\/09\/19610627-oppnas-1-juli.jpg\" alt=\"\" width=\"964\" height=\"354\" srcset=\"https:\/\/www.kristinestadshistoria.fi\/wp-content\/uploads\/2025\/09\/19610627-oppnas-1-juli.jpg 964w, https:\/\/www.kristinestadshistoria.fi\/wp-content\/uploads\/2025\/09\/19610627-oppnas-1-juli-300x110.jpg 300w, https:\/\/www.kristinestadshistoria.fi\/wp-content\/uploads\/2025\/09\/19610627-oppnas-1-juli-768x282.jpg 768w\" sizes=\"auto, (max-width: 964px) 100vw, 964px\" \/><figcaption id=\"caption-attachment-30247\" class=\"wp-caption-text\">\u00c5r 1961, den 1 juli kunde s\u00e5 formannen \u00c5ke Weckstr\u00f6m \u00f6ppna sitt sommarmuseum p\u00e5 Carlsro.<\/figcaption><\/figure>\n<p>Som forman var \u00c5ke v\u00e4lk\u00e4nd i staden men det \u00e4r nog som museiman som han blev k\u00e4nd i en st\u00f6rre krets. Till sj\u00e4lvst\u00e4ndighetsdagen 1971 f\u00f6r\u00e4rades \u00c5ke medaljen &#8221;Finlands Lejons ordens f\u00f6rtj\u00e4nstkors&#8221;. \u00c5r 1982 blev han utsedd till \u00c5rets Kulturaktivist i Kristinestad och den utm\u00e4rkelsen var han v\u00e4l v\u00e4rd. Man kan bara spekulera i vad som skulle ha h\u00e4nt med villan Carlsro om inte \u00c5ke hade tagit hand om den. Lyckligtvis gick det som det gick och tack var \u00c5ke har staden ett eget museum som \u00e4r lite ut\u00f6ver det vanliga.<\/p>\n<p>\u00c5r 1989, ett par veckor f\u00f6re julen dog \u00c5ke pl\u00f6tsligt i sitt hem och en stor personlighet gick ur tiden.<\/p>\n<figure id=\"attachment_21047\" aria-describedby=\"caption-attachment-21047\" style=\"width: 2560px\" class=\"wp-caption alignnone\"><img loading=\"lazy\" decoding=\"async\" class=\"size-full wp-image-21047\" src=\"https:\/\/www.lassebacklund.fi\/wp-content\/uploads\/2021\/06\/20-Ake-pa-Carlsros-gard-2-scaled.jpg\" alt=\"\" width=\"2560\" height=\"1920\" srcset=\"https:\/\/www.kristinestadshistoria.fi\/wp-content\/uploads\/2021\/06\/20-Ake-pa-Carlsros-gard-2-scaled.jpg 2560w, https:\/\/www.kristinestadshistoria.fi\/wp-content\/uploads\/2021\/06\/20-Ake-pa-Carlsros-gard-2-300x225.jpg 300w, https:\/\/www.kristinestadshistoria.fi\/wp-content\/uploads\/2021\/06\/20-Ake-pa-Carlsros-gard-2-1024x768.jpg 1024w, https:\/\/www.kristinestadshistoria.fi\/wp-content\/uploads\/2021\/06\/20-Ake-pa-Carlsros-gard-2-768x576.jpg 768w, https:\/\/www.kristinestadshistoria.fi\/wp-content\/uploads\/2021\/06\/20-Ake-pa-Carlsros-gard-2-1536x1152.jpg 1536w, https:\/\/www.kristinestadshistoria.fi\/wp-content\/uploads\/2021\/06\/20-Ake-pa-Carlsros-gard-2-2048x1536.jpg 2048w\" sizes=\"auto, (max-width: 2560px) 100vw, 2560px\" \/><figcaption id=\"caption-attachment-21047\" class=\"wp-caption-text\">Det finns s\u00e4kert en och annan bes\u00f6kare som hajar till n\u00e4r de ser \u00c5ke med h\u00e4sten p\u00e5 g\u00e5rdsplanen till Carlsro men det \u00e4r ju bara en v\u00e4lgjord modell. Det \u00e4r endast k\u00e4rran med vattentunnan som \u00e4r \u00e4kta.<\/figcaption><\/figure>\n<figure id=\"attachment_30570\" aria-describedby=\"caption-attachment-30570\" style=\"width: 339px\" class=\"wp-caption alignnone\"><img loading=\"lazy\" decoding=\"async\" class=\"size-full wp-image-30570\" src=\"https:\/\/www.kristinestadshistoria.fi\/wp-content\/uploads\/2025\/12\/Ake-Weckstrom-med-hast.-foto-Carlsro.jpg\" alt=\"\" width=\"339\" height=\"459\" srcset=\"https:\/\/www.kristinestadshistoria.fi\/wp-content\/uploads\/2025\/12\/Ake-Weckstrom-med-hast.-foto-Carlsro.jpg 339w, https:\/\/www.kristinestadshistoria.fi\/wp-content\/uploads\/2025\/12\/Ake-Weckstrom-med-hast.-foto-Carlsro-222x300.jpg 222w\" sizes=\"auto, (max-width: 339px) 100vw, 339px\" \/><figcaption id=\"caption-attachment-30570\" class=\"wp-caption-text\">\u00c5ke Weckstr\u00f6m med h\u00e4st och vattentunna p\u00e5 Strandgatan utanf\u00f6r H\u00f6gbacks aff\u00e4r p\u00e5 v\u00e4g mot torget. Fotot fr\u00e5n stadens museum Carlsro.<\/figcaption><\/figure>\n<figure id=\"attachment_23354\" aria-describedby=\"caption-attachment-23354\" style=\"width: 1600px\" class=\"wp-caption alignnone\"><img loading=\"lazy\" decoding=\"async\" class=\"size-full wp-image-23354\" src=\"https:\/\/www.kristinestadshistoria.fi\/wp-content\/uploads\/2022\/03\/Ake-Weckstrom-vid-Carlsro-1967_C3_96TA_112_ota112-8_foto_06556.jpg\" alt=\"\" width=\"1600\" height=\"1003\" srcset=\"https:\/\/www.kristinestadshistoria.fi\/wp-content\/uploads\/2022\/03\/Ake-Weckstrom-vid-Carlsro-1967_C3_96TA_112_ota112-8_foto_06556.jpg 1600w, https:\/\/www.kristinestadshistoria.fi\/wp-content\/uploads\/2022\/03\/Ake-Weckstrom-vid-Carlsro-1967_C3_96TA_112_ota112-8_foto_06556-300x188.jpg 300w, https:\/\/www.kristinestadshistoria.fi\/wp-content\/uploads\/2022\/03\/Ake-Weckstrom-vid-Carlsro-1967_C3_96TA_112_ota112-8_foto_06556-1024x642.jpg 1024w, https:\/\/www.kristinestadshistoria.fi\/wp-content\/uploads\/2022\/03\/Ake-Weckstrom-vid-Carlsro-1967_C3_96TA_112_ota112-8_foto_06556-768x481.jpg 768w, https:\/\/www.kristinestadshistoria.fi\/wp-content\/uploads\/2022\/03\/Ake-Weckstrom-vid-Carlsro-1967_C3_96TA_112_ota112-8_foto_06556-1536x963.jpg 1536w\" sizes=\"auto, (max-width: 1600px) 100vw, 1600px\" \/><figcaption id=\"caption-attachment-23354\" class=\"wp-caption-text\">\u00c5r 1967 invigde \u00c5ke guldsmed Sandelins guldsmedsmuseum, som inrymde i den gamla dr\u00e4ngstugan vid parkeringsplatsen. Det var ju Alexander Sandelin som redan p\u00e5 1800-talet \u00f6ppnade sin aff\u00e4r och som sonen Georg sedan tog \u00f6ver. Georg gick i pension \u00e5r 1966 och donerade d\u00e5 alla smidesverktyg till Carlsro. Fotot taget av Rafael Olin, ur SLS:s arkiv.<\/figcaption><\/figure>\n<figure id=\"attachment_23353\" aria-describedby=\"caption-attachment-23353\" style=\"width: 1280px\" class=\"wp-caption alignnone\"><img loading=\"lazy\" decoding=\"async\" class=\"size-full wp-image-23353\" src=\"https:\/\/www.kristinestadshistoria.fi\/wp-content\/uploads\/2022\/03\/Ake-Weckstrom-med-hast-pa-Strandgatan-Vbl-23.5.1953-Rafael-Olin_C3_96TA_112_ota112-14_foto_01315.jpg\" alt=\"\" width=\"1280\" height=\"1272\" srcset=\"https:\/\/www.kristinestadshistoria.fi\/wp-content\/uploads\/2022\/03\/Ake-Weckstrom-med-hast-pa-Strandgatan-Vbl-23.5.1953-Rafael-Olin_C3_96TA_112_ota112-14_foto_01315.jpg 1280w, https:\/\/www.kristinestadshistoria.fi\/wp-content\/uploads\/2022\/03\/Ake-Weckstrom-med-hast-pa-Strandgatan-Vbl-23.5.1953-Rafael-Olin_C3_96TA_112_ota112-14_foto_01315-300x298.jpg 300w, https:\/\/www.kristinestadshistoria.fi\/wp-content\/uploads\/2022\/03\/Ake-Weckstrom-med-hast-pa-Strandgatan-Vbl-23.5.1953-Rafael-Olin_C3_96TA_112_ota112-14_foto_01315-1024x1018.jpg 1024w, https:\/\/www.kristinestadshistoria.fi\/wp-content\/uploads\/2022\/03\/Ake-Weckstrom-med-hast-pa-Strandgatan-Vbl-23.5.1953-Rafael-Olin_C3_96TA_112_ota112-14_foto_01315-150x150.jpg 150w, https:\/\/www.kristinestadshistoria.fi\/wp-content\/uploads\/2022\/03\/Ake-Weckstrom-med-hast-pa-Strandgatan-Vbl-23.5.1953-Rafael-Olin_C3_96TA_112_ota112-14_foto_01315-768x763.jpg 768w\" sizes=\"auto, (max-width: 1280px) 100vw, 1280px\" \/><figcaption id=\"caption-attachment-23353\" class=\"wp-caption-text\">\u00c5ke och hans h\u00e4st var en vanlig syn p\u00e5 stadens gator i tiderna. Vbl:s fotograf Rafael Olin m\u00f6tte \u00c5ke vid Strandgatan 26, d\u00e4r Utterg\u00e5rden syns l\u00e4ngre bak. Fotot ur SLS:s arkiv.<\/figcaption><\/figure>\n<figure id=\"attachment_21833\" aria-describedby=\"caption-attachment-21833\" style=\"width: 713px\" class=\"wp-caption alignnone\"><img loading=\"lazy\" decoding=\"async\" class=\" wp-image-21833\" src=\"https:\/\/www.kristinestadshistoria.fi\/wp-content\/uploads\/2021\/08\/Ake-Weckstrom-vid-grinden.jpg\" alt=\"\" width=\"713\" height=\"925\" srcset=\"https:\/\/www.kristinestadshistoria.fi\/wp-content\/uploads\/2021\/08\/Ake-Weckstrom-vid-grinden.jpg 385w, https:\/\/www.kristinestadshistoria.fi\/wp-content\/uploads\/2021\/08\/Ake-Weckstrom-vid-grinden-231x300.jpg 231w\" sizes=\"auto, (max-width: 713px) 100vw, 713px\" \/><figcaption id=\"caption-attachment-21833\" class=\"wp-caption-text\">Enligt Kristinestads Tidning s\u00e5 skulle \u00c5ke Weckstr\u00f6m ha erh\u00e5llit folkbildningsmedaljen av Svenska Folkskolans V\u00e4nner \u00e5r 1983.<\/figcaption><\/figure>\n<figure id=\"attachment_21043\" aria-describedby=\"caption-attachment-21043\" style=\"width: 1613px\" class=\"wp-caption alignnone\"><img loading=\"lazy\" decoding=\"async\" class=\"size-full wp-image-21043\" src=\"https:\/\/www.lassebacklund.fi\/wp-content\/uploads\/2021\/06\/Ake-utanfor-Carlsro.jpg\" alt=\"\" width=\"1613\" height=\"1087\" srcset=\"https:\/\/www.kristinestadshistoria.fi\/wp-content\/uploads\/2021\/06\/Ake-utanfor-Carlsro.jpg 1613w, https:\/\/www.kristinestadshistoria.fi\/wp-content\/uploads\/2021\/06\/Ake-utanfor-Carlsro-300x202.jpg 300w, https:\/\/www.kristinestadshistoria.fi\/wp-content\/uploads\/2021\/06\/Ake-utanfor-Carlsro-1024x690.jpg 1024w, https:\/\/www.kristinestadshistoria.fi\/wp-content\/uploads\/2021\/06\/Ake-utanfor-Carlsro-768x518.jpg 768w, https:\/\/www.kristinestadshistoria.fi\/wp-content\/uploads\/2021\/06\/Ake-utanfor-Carlsro-1536x1035.jpg 1536w\" sizes=\"auto, (max-width: 1613px) 100vw, 1613px\" \/><figcaption id=\"caption-attachment-21043\" class=\"wp-caption-text\">\u00c5r 1984 blev museimannen \u00c5ke Weckstr\u00f6m utsedd till \u00c5rets kulturaktivist i Kristinestad, en utm\u00e4rkelse som han k\u00e4nde sig ganska hedrad av. Fotot l\u00e5nat fr\u00e5n Carlsro museum.<\/figcaption><\/figure>\n<figure id=\"attachment_21048\" aria-describedby=\"caption-attachment-21048\" style=\"width: 862px\" class=\"wp-caption alignnone\"><img loading=\"lazy\" decoding=\"async\" class=\"size-full wp-image-21048\" src=\"https:\/\/www.lassebacklund.fi\/wp-content\/uploads\/2021\/06\/21-Ake-med-vattentunnan-pa-Strandgatan-Rafael-Olin.jpg\" alt=\"\" width=\"862\" height=\"744\" srcset=\"https:\/\/www.kristinestadshistoria.fi\/wp-content\/uploads\/2021\/06\/21-Ake-med-vattentunnan-pa-Strandgatan-Rafael-Olin.jpg 862w, https:\/\/www.kristinestadshistoria.fi\/wp-content\/uploads\/2021\/06\/21-Ake-med-vattentunnan-pa-Strandgatan-Rafael-Olin-300x259.jpg 300w, https:\/\/www.kristinestadshistoria.fi\/wp-content\/uploads\/2021\/06\/21-Ake-med-vattentunnan-pa-Strandgatan-Rafael-Olin-768x663.jpg 768w\" sizes=\"auto, (max-width: 862px) 100vw, 862px\" \/><figcaption id=\"caption-attachment-21048\" class=\"wp-caption-text\">Forman \u00c5ke Weckstr\u00f6m med vattentunnan p\u00e5 Strandgatan utanf\u00f6r H\u00f6gbacks k\u00f6ttaff\u00e4r p\u00e5 v\u00e4g mot torget. Fotot l\u00e5nat av Rafael Olin.<\/figcaption><\/figure>\n<figure id=\"attachment_21049\" aria-describedby=\"caption-attachment-21049\" style=\"width: 1920px\" class=\"wp-caption alignnone\"><img loading=\"lazy\" decoding=\"async\" class=\"size-full wp-image-21049\" src=\"https:\/\/www.lassebacklund.fi\/wp-content\/uploads\/2021\/06\/22-Ake-pa-malning-scaled.jpg\" alt=\"\" width=\"1920\" height=\"2560\" srcset=\"https:\/\/www.kristinestadshistoria.fi\/wp-content\/uploads\/2021\/06\/22-Ake-pa-malning-scaled.jpg 1920w, https:\/\/www.kristinestadshistoria.fi\/wp-content\/uploads\/2021\/06\/22-Ake-pa-malning-225x300.jpg 225w, https:\/\/www.kristinestadshistoria.fi\/wp-content\/uploads\/2021\/06\/22-Ake-pa-malning-768x1024.jpg 768w, https:\/\/www.kristinestadshistoria.fi\/wp-content\/uploads\/2021\/06\/22-Ake-pa-malning-1152x1536.jpg 1152w, https:\/\/www.kristinestadshistoria.fi\/wp-content\/uploads\/2021\/06\/22-Ake-pa-malning-1536x2048.jpg 1536w\" sizes=\"auto, (max-width: 1920px) 100vw, 1920px\" \/><figcaption id=\"caption-attachment-21049\" class=\"wp-caption-text\">\u00c5ke Weckstr\u00f6ms portr\u00e4tt fr\u00e5n hans eget museum Carlsro.<\/figcaption><\/figure>\n<figure id=\"attachment_21050\" aria-describedby=\"caption-attachment-21050\" style=\"width: 2560px\" class=\"wp-caption alignnone\"><img loading=\"lazy\" decoding=\"async\" class=\"size-full wp-image-21050\" src=\"https:\/\/www.lassebacklund.fi\/wp-content\/uploads\/2021\/06\/23-foto-Jens-Ole-Hedman-scaled.jpg\" alt=\"\" width=\"2560\" height=\"1772\" srcset=\"https:\/\/www.kristinestadshistoria.fi\/wp-content\/uploads\/2021\/06\/23-foto-Jens-Ole-Hedman-scaled.jpg 2560w, https:\/\/www.kristinestadshistoria.fi\/wp-content\/uploads\/2021\/06\/23-foto-Jens-Ole-Hedman-300x208.jpg 300w, https:\/\/www.kristinestadshistoria.fi\/wp-content\/uploads\/2021\/06\/23-foto-Jens-Ole-Hedman-1024x709.jpg 1024w, https:\/\/www.kristinestadshistoria.fi\/wp-content\/uploads\/2021\/06\/23-foto-Jens-Ole-Hedman-768x532.jpg 768w, https:\/\/www.kristinestadshistoria.fi\/wp-content\/uploads\/2021\/06\/23-foto-Jens-Ole-Hedman-1536x1063.jpg 1536w, https:\/\/www.kristinestadshistoria.fi\/wp-content\/uploads\/2021\/06\/23-foto-Jens-Ole-Hedman-2048x1417.jpg 2048w\" sizes=\"auto, (max-width: 2560px) 100vw, 2560px\" \/><figcaption id=\"caption-attachment-21050\" class=\"wp-caption-text\">Vykort med st\u00e5tliga villan Carlsro, foto av Jens-Ole Hedman.<\/figcaption><\/figure>\n<figure id=\"attachment_21055\" aria-describedby=\"caption-attachment-21055\" style=\"width: 508px\" class=\"wp-caption alignnone\"><img loading=\"lazy\" decoding=\"async\" class=\"wp-image-21055 size-full\" src=\"https:\/\/www.lassebacklund.fi\/wp-content\/uploads\/2021\/06\/24-Akes-dodsannons.jpg\" alt=\"\" width=\"508\" height=\"449\" srcset=\"https:\/\/www.kristinestadshistoria.fi\/wp-content\/uploads\/2021\/06\/24-Akes-dodsannons.jpg 508w, https:\/\/www.kristinestadshistoria.fi\/wp-content\/uploads\/2021\/06\/24-Akes-dodsannons-300x265.jpg 300w\" sizes=\"auto, (max-width: 508px) 100vw, 508px\" \/><figcaption id=\"caption-attachment-21055\" class=\"wp-caption-text\">\u00c5kes d\u00f6dsannons inf\u00f6rd i Syd-\u00d6sterbotten 30.12.1989.<\/figcaption><\/figure>\n","protected":false},"excerpt":{"rendered":"<p>Sammanst\u00e4llt av Lasse Backlund i juni 2021: Charles \u00c5ke Wilhelm Weckstr\u00f6m f\u00f6ddes \u00e5r 1909 i Kristinestad och han var son till tulluppsyningsmannen Alfred Weckstr\u00f6m (f\u00f6dd i staden 1837-1879) och Greta, som p\u00e5 riktigt hette Margareta (f\u00f6dd Mikander i Lappfj\u00e4rd 1839-1906). <a class=\"more-link\" href=\"https:\/\/www.kristinestadshistoria.fi\/?page_id=21051\">Forts\u00e4tt l\u00e4sa <span class=\"screen-reader-text\">  Formannen och museimannen \u00c5ke Weckstr\u00f6m<\/span><span class=\"meta-nav\">&rarr;<\/span><\/a><\/p>\n","protected":false},"author":1,"featured_media":0,"parent":21033,"menu_order":1,"comment_status":"closed","ping_status":"closed","template":"","meta":{"footnotes":""},"class_list":["post-21051","page","type-page","status-publish","hentry"],"_links":{"self":[{"href":"https:\/\/www.kristinestadshistoria.fi\/index.php?rest_route=\/wp\/v2\/pages\/21051","targetHints":{"allow":["GET"]}}],"collection":[{"href":"https:\/\/www.kristinestadshistoria.fi\/index.php?rest_route=\/wp\/v2\/pages"}],"about":[{"href":"https:\/\/www.kristinestadshistoria.fi\/index.php?rest_route=\/wp\/v2\/types\/page"}],"author":[{"embeddable":true,"href":"https:\/\/www.kristinestadshistoria.fi\/index.php?rest_route=\/wp\/v2\/users\/1"}],"replies":[{"embeddable":true,"href":"https:\/\/www.kristinestadshistoria.fi\/index.php?rest_route=%2Fwp%2Fv2%2Fcomments&post=21051"}],"version-history":[{"count":11,"href":"https:\/\/www.kristinestadshistoria.fi\/index.php?rest_route=\/wp\/v2\/pages\/21051\/revisions"}],"predecessor-version":[{"id":30666,"href":"https:\/\/www.kristinestadshistoria.fi\/index.php?rest_route=\/wp\/v2\/pages\/21051\/revisions\/30666"}],"up":[{"embeddable":true,"href":"https:\/\/www.kristinestadshistoria.fi\/index.php?rest_route=\/wp\/v2\/pages\/21033"}],"wp:attachment":[{"href":"https:\/\/www.kristinestadshistoria.fi\/index.php?rest_route=%2Fwp%2Fv2%2Fmedia&parent=21051"}],"curies":[{"name":"wp","href":"https:\/\/api.w.org\/{rel}","templated":true}]}}