{"id":20894,"date":"2021-05-26T22:43:36","date_gmt":"2021-05-26T19:43:36","guid":{"rendered":"https:\/\/www.lassebacklund.fi\/?page_id=20894"},"modified":"2021-05-26T22:43:36","modified_gmt":"2021-05-26T19:43:36","slug":"borgmastare-daniel-mattens-i-kristinestad","status":"publish","type":"page","link":"https:\/\/www.kristinestadshistoria.fi\/?page_id=20894","title":{"rendered":"Borgm\u00e4stare Daniel Mattens i Kristinestad.\u00a0"},"content":{"rendered":"<p><span style=\"color: #000080;\">Artikel av Sten Stensson i Syd-\u00d6sterbotten 7.8.1912. Renskrivet av Lasse Backlund i maj 2021:<\/span><\/p>\n<p>Av allt att d\u00f6ma var fadern av tysk b\u00f6rd. Hans namn var Johan Mattens. Kirurg under m\u00e5nga \u00e5r vid Nylands dragoner var han i tillf\u00e4lle att ge sonen en v\u00e5rdad uppfostran. Efter vid \u00c5bo akademi avlagd studentexamen fortsatte han sedan d\u00e4r sina studier med juridiken som huvud\u00e4mne.<\/p>\n<p>Borgm\u00e4starbefattningen i Kristinestad erh\u00f6ll han \u00e5r 1774, och d\u00e5 det fyra \u00e5r senare var fr\u00e5ga om val till den d\u00e5 sammantr\u00e4dande riksdagen, hedrades han \u00e4venledes med detta f\u00f6rtroende.\u00a0Det var i slutet av 1778, som denna riksdag sammantr\u00e4dde. En hel del \u00e4renden f\u00f6rel\u00e5g till behandling under densamma, som, enligt vad konungen redan i trontalet gav tillk\u00e4nna, n\u00e4rmast var samlad f\u00f6r att utr\u00f6na vilka l\u00e4mpliga \u00e5tg\u00e4rder man borde vidtaga f\u00f6r lindrande av den n\u00f6d, som p\u00e5 sina st\u00e4llen med anledning av n\u00e4rmast f\u00f6reg\u00e5ende \u00e5rs d\u00e5liga sk\u00f6rdef\u00f6rh\u00e5llanden var r\u00e5dande.<\/p>\n<p>Strax efter att riksdagen hade sammantr\u00e4tt nedkom drottningen med en son, sedermera konung Gustaf IV Adolf. Gl\u00e4djen h\u00e4r\u00f6ver var synnerligen stor s\u00e5v\u00e4l hos konungen, som st\u00e4nderna. Kungen inbj\u00f6d st\u00e4nderna till att bli faddrar \u00e5t den nyf\u00f6dde v\u00e4rldsmedborgaren och med anledning av det besl\u00f6t st\u00e4nderna att ge en fadderg\u00e5va av 300,000 daler silver, ett belopp som konungen med anledning av n\u00f6den, beg\u00e4rde f\u00e5 neds\u00e4tta med en tredjedel. H\u00e4rigenom tillvann han sig stora sympatier fr\u00e5n allmogens sida, som i honom s\u00e5g en mild och r\u00e4ttvis konung, som ville sitt folks och sitt lands stora framg\u00e5ngar och v\u00e4l.<\/p>\n<p>\u00c4nnu mera stadf\u00e4stades man i denna sin tro genom den mildring i r\u00e5dande lagar, som konungen vid samma riksdag f\u00f6reslog. Han p\u00e5pekade n\u00e4mligen behovet av d\u00f6dsstraffets avskaffande f\u00f6r trolldom och vidskepelse samt f\u00f6r barnamord, vilket ocks\u00e5 blev riksdagens beslut.<\/p>\n<p>\u00c4ven till den riksdag, som \u00e5r 1786 samlades hedrades borgm\u00e4stare Mattens med f\u00f6rtroendet att vara ombud f\u00f6r Kristinestad. Den f\u00f6rn\u00e4msta fr\u00e5ga, som man under samma riksdag hade att behandla r\u00f6rde sig om den s\u00e5 kallade passevolansavgiften, som f\u00f6ranledde en l\u00e5ngvarig och delvis ganska h\u00e4ftig diskussion. Denna avgift skulle ju erl\u00e4ggas av de rusth\u00e5llare, som under marscher och t\u00e5g var skyldiga att skjutsa ryttare till vissa best\u00e4mda platser. Nu ville man ytterligare att roteh\u00e5llarna skulle inber\u00e4knas bland dessa, vilket v\u00e4ckte ett stort och ganska allm\u00e4nt motst\u00e5nd. \u00a0Inte minst var detta f\u00f6rh\u00e5llandet bland oppositionsm\u00e4nnen inom det adliga st\u00e5ndet, vilka ocks\u00e5 genomdrev att f\u00f6rslaget till konungens stora f\u00f6rargelse, blev f\u00f6rkastat.<\/p>\n<p>Borgm\u00e4stare Mattens hedrades under sin riksdagsmannatid med flera k\u00e4nda f\u00f6rtroendeuppdrag. Ansluten till hovpartiet, som han var, fick han \u00e4ven \u00e5tskilliga vederm\u00e4len fr\u00e5n detta h\u00e5ll. Till dessa kan man s\u00e4rskilt r\u00e4kna assessorstiteln och den titel av lagman, som han framp\u00e5 1800- talet fick ta emot. Han avled f\u00f6rst \u00e5r 1822.<\/p>\n<p>&nbsp;<\/p>\n","protected":false},"excerpt":{"rendered":"<p>Artikel av Sten Stensson i Syd-\u00d6sterbotten 7.8.1912. Renskrivet av Lasse Backlund i maj 2021: Av allt att d\u00f6ma var fadern av tysk b\u00f6rd. Hans namn var Johan Mattens. Kirurg under m\u00e5nga \u00e5r vid Nylands dragoner var han i tillf\u00e4lle att <a class=\"more-link\" href=\"https:\/\/www.kristinestadshistoria.fi\/?page_id=20894\">Forts\u00e4tt l\u00e4sa <span class=\"screen-reader-text\">  Borgm\u00e4stare Daniel Mattens i Kristinestad.\u00a0<\/span><span class=\"meta-nav\">&rarr;<\/span><\/a><\/p>\n","protected":false},"author":1,"featured_media":0,"parent":20581,"menu_order":4,"comment_status":"closed","ping_status":"closed","template":"","meta":{"footnotes":""},"class_list":["post-20894","page","type-page","status-publish","hentry"],"_links":{"self":[{"href":"https:\/\/www.kristinestadshistoria.fi\/index.php?rest_route=\/wp\/v2\/pages\/20894","targetHints":{"allow":["GET"]}}],"collection":[{"href":"https:\/\/www.kristinestadshistoria.fi\/index.php?rest_route=\/wp\/v2\/pages"}],"about":[{"href":"https:\/\/www.kristinestadshistoria.fi\/index.php?rest_route=\/wp\/v2\/types\/page"}],"author":[{"embeddable":true,"href":"https:\/\/www.kristinestadshistoria.fi\/index.php?rest_route=\/wp\/v2\/users\/1"}],"replies":[{"embeddable":true,"href":"https:\/\/www.kristinestadshistoria.fi\/index.php?rest_route=%2Fwp%2Fv2%2Fcomments&post=20894"}],"version-history":[{"count":1,"href":"https:\/\/www.kristinestadshistoria.fi\/index.php?rest_route=\/wp\/v2\/pages\/20894\/revisions"}],"predecessor-version":[{"id":20895,"href":"https:\/\/www.kristinestadshistoria.fi\/index.php?rest_route=\/wp\/v2\/pages\/20894\/revisions\/20895"}],"up":[{"embeddable":true,"href":"https:\/\/www.kristinestadshistoria.fi\/index.php?rest_route=\/wp\/v2\/pages\/20581"}],"wp:attachment":[{"href":"https:\/\/www.kristinestadshistoria.fi\/index.php?rest_route=%2Fwp%2Fv2%2Fmedia&parent=20894"}],"curies":[{"name":"wp","href":"https:\/\/api.w.org\/{rel}","templated":true}]}}