{"id":20883,"date":"2021-05-26T17:26:23","date_gmt":"2021-05-26T14:26:23","guid":{"rendered":"https:\/\/www.lassebacklund.fi\/?page_id=20883"},"modified":"2021-05-26T17:26:23","modified_gmt":"2021-05-26T14:26:23","slug":"borgmastare-nils-wetterblad-i-kristinestad","status":"publish","type":"page","link":"https:\/\/www.kristinestadshistoria.fi\/?page_id=20883","title":{"rendered":"Borgm\u00e4stare Nils Wetterblad i Kristinestad."},"content":{"rendered":"<p><span style=\"color: #000080;\">Artikel skriven av Sten Stensson i Syd-\u00d6sterbotten 27.7.1912. Renskrivet av Lasse Backlund i maj 2021:<\/span><\/p>\n<p>D\u00e5 borgm\u00e4stare Parment \u00e5r 1743 blev befordrad till annan befattning g\u00e4llde det att utse annan innehavare av det v\u00e4laktade borgm\u00e4star\u00e4mbetet i Kristinestad. Helt s\u00e4kert hade man flera personer p\u00e5 f\u00f6rslag, men stannade man omsider f\u00f6r notarien Nils Wetterblad. Han var finne till b\u00f6rden, f\u00f6dd i Gamla Karleby och son till d\u00e4rvarande tullinspekt\u00f6ren med samma namn. Sina studier hade han genomg\u00e5tt i \u00c5bo.<\/p>\n<p>N\u00e4r det ett par \u00e5r senare blev fr\u00e5ga om att utse ombud till riksdagen, som \u00e5r 1746 skulle sammantr\u00e4da, besl\u00f6t man att v\u00e4lja borgm\u00e4stare Wetterblad till innehavare av detta uppdrag. Man hade under de b\u00e5da \u00e5r han f\u00f6rest\u00e5tt borgm\u00e4starsysslan kommit underfund med att han var en dugande man, en kraft med vilken man \u00e4venledes i politiskt avseende skulle komma att r\u00e4kna. \u00a0H\u00e4rutinnan k\u00e4nde man inte heller n\u00e5gon missr\u00e4kning. I annat fall skulle han inte g\u00e5ng efter annan hedrats med \u00e5terval. Hattarna var under denna riksdag i majoriteten.<\/p>\n<p>Genom det nederlag, som de lidit vid n\u00e4rmast f\u00f6reg\u00e5ende riksdag, d\u00e5 angreppen i v\u00e5ldsamma former skett fr\u00e5n motpartiet, hade man beslutat att under begagnande av vilka medel som helst \u00e5ter s\u00f6ka komma i majoritet. Inte minst genom r\u00f6stk\u00f6p och r\u00f6stv\u00e4rvning hade man n\u00e5tt detta m\u00e5l. De underst\u00f6d, som fr\u00e5n fransk sida f\u00f6r detta \u00e4ndam\u00e5l utdelats, hade med anledning av ryska krigets olyckliga utg\u00e5ng indragits. Nu synes man emellertid \u00e5ter ha l\u00f6ssl\u00e4ppt desamma, med resultat som ovan angivits.<\/p>\n<p>Som vanligt riktade man f\u00f6rsta attacken mot r\u00e5det, som efter n\u00e5gon strid ans\u00e5g sig f\u00f6ranl\u00e5ten att tr\u00e4da tillbaka. \u00a0D\u00e4refter v\u00e4nde man sig mot vissa detta n\u00e4rst\u00e5ende personer. S\u00e4rskilt blev tv\u00e5 mera framst\u00e5ende Stockholmsk\u00f6pm\u00e4n Springer och Hedman synnerligen h\u00e4ftigt angripna. I all synnerhet den f\u00f6rstn\u00e4mnde, som anklagades f\u00f6r det han inte endast nattetid umg\u00e5tts i ryske ministerns hus i Stockholm och med honom haft hemliga sammankomster, utan ocks\u00e5 av honom emottagit mutor att sedan utdelas till andra. \u00a0Efter l\u00e4ngre \u00f6verl\u00e4ggningar av den kommission, som hade denna sak omband d\u00f6mdes Springer till f\u00e4ngelse.<\/p>\n<p>Efter denna mer \u00e4n vanligt stormiga riksdags slut dr\u00f6jde det \u00e4nda till \u00e5r 1760 innan vi \u00e5ter finner borgm\u00e4stare Wetterblad i riksdagen. Hattarna hade d\u00e5 \u00e5ter lyckats komma i majoritet. Denna riksdag hade n\u00e4rmast blivit sammankallad med anledning av det Pommerska kriget, som till att b\u00f6rja med tett sig n\u00e4stan lika olyckligt som det vilket 1741 g\u00e5tt av stapeln. Den ena bef\u00e4lhavaren efter den andra hade tvingats att avg\u00e5. \u00a0Men slutligen hade man lyckats tillk\u00e4mpa sig ett gott resultat, och n\u00e4r freden \u00e4ntligen sl\u00f6ts skedde det p\u00e5 ett f\u00f6r Sverige synnerligen f\u00f6rdelaktigt s\u00e4tt.<\/p>\n<p>Med anledning d\u00e4rav blev d\u00e4rf\u00f6r en del av de svenska och finska officerare, som deltagit i samma krig tilldelade s\u00e4rskilda utm\u00e4rkelser. N\u00e4sta g\u00e5ng borgm\u00e4stare Wetterblad deltog i det politiska livet var under riksdagen 1765\u201466. Under n\u00e4rmast f\u00f6reg\u00e5ende riksdag hade hattpartiets makt mer och mer vacklat. Nu fann man att m\u00f6ssorna helt och h\u00e5llet tagit makten. En av dess fr\u00e4mste m\u00e4n blev inom kort den bekante generalen Puhlin, som f\u00f6rut varit hatt, men genom ov\u00e4nskap inom partiet blivit utvoterad.<\/p>\n<p>M\u00f6ssorna anst\u00e4llde vid denna riksdag en skarp protest mot v\u00e4xeldeputationen och dennas s\u00e4tt att sk\u00f6ta finanserna. Tv\u00e5 av dess mera framst\u00e5ende medlemmar \u2014 Kierman och Lefnbure &#8211; blev anklagade och d\u00f6mda till f\u00e4ngelsestraff. \u00c4ven mot en del offentliga inr\u00e4ttningar f\u00f6ranstaltade man en skarp protest. S\u00e4rskilt var detta f\u00f6rh\u00e5llandet med dem, som disponerat manufakturl\u00e5nefonden. Man fann n\u00e4mligen att en hel m\u00e4ngd manufakturidkande hattar erh\u00e5llit stora l\u00e5n, vilka aldrig blivit inbetalda. Under b\u00f6rjan av \u00e5r 1767 avled borgm\u00e4stare Wetterblad. Annars skalle han helt s\u00e4kert f\u00e5tt sitt riksdagsmannauppdrag \u00e4nnu en g\u00e5ng f\u00f6rnyat.<\/p>\n","protected":false},"excerpt":{"rendered":"<p>Artikel skriven av Sten Stensson i Syd-\u00d6sterbotten 27.7.1912. Renskrivet av Lasse Backlund i maj 2021: D\u00e5 borgm\u00e4stare Parment \u00e5r 1743 blev befordrad till annan befattning g\u00e4llde det att utse annan innehavare av det v\u00e4laktade borgm\u00e4star\u00e4mbetet i Kristinestad. Helt s\u00e4kert hade <a class=\"more-link\" href=\"https:\/\/www.kristinestadshistoria.fi\/?page_id=20883\">Forts\u00e4tt l\u00e4sa <span class=\"screen-reader-text\">  Borgm\u00e4stare Nils Wetterblad i Kristinestad.<\/span><span class=\"meta-nav\">&rarr;<\/span><\/a><\/p>\n","protected":false},"author":1,"featured_media":0,"parent":20581,"menu_order":2,"comment_status":"closed","ping_status":"closed","template":"","meta":{"footnotes":""},"class_list":["post-20883","page","type-page","status-publish","hentry"],"_links":{"self":[{"href":"https:\/\/www.kristinestadshistoria.fi\/index.php?rest_route=\/wp\/v2\/pages\/20883","targetHints":{"allow":["GET"]}}],"collection":[{"href":"https:\/\/www.kristinestadshistoria.fi\/index.php?rest_route=\/wp\/v2\/pages"}],"about":[{"href":"https:\/\/www.kristinestadshistoria.fi\/index.php?rest_route=\/wp\/v2\/types\/page"}],"author":[{"embeddable":true,"href":"https:\/\/www.kristinestadshistoria.fi\/index.php?rest_route=\/wp\/v2\/users\/1"}],"replies":[{"embeddable":true,"href":"https:\/\/www.kristinestadshistoria.fi\/index.php?rest_route=%2Fwp%2Fv2%2Fcomments&post=20883"}],"version-history":[{"count":1,"href":"https:\/\/www.kristinestadshistoria.fi\/index.php?rest_route=\/wp\/v2\/pages\/20883\/revisions"}],"predecessor-version":[{"id":20884,"href":"https:\/\/www.kristinestadshistoria.fi\/index.php?rest_route=\/wp\/v2\/pages\/20883\/revisions\/20884"}],"up":[{"embeddable":true,"href":"https:\/\/www.kristinestadshistoria.fi\/index.php?rest_route=\/wp\/v2\/pages\/20581"}],"wp:attachment":[{"href":"https:\/\/www.kristinestadshistoria.fi\/index.php?rest_route=%2Fwp%2Fv2%2Fmedia&parent=20883"}],"curies":[{"name":"wp","href":"https:\/\/api.w.org\/{rel}","templated":true}]}}