{"id":19511,"date":"2021-02-17T23:54:48","date_gmt":"2021-02-17T21:54:48","guid":{"rendered":"https:\/\/www.lassebacklund.fi\/?page_id=19511"},"modified":"2021-02-17T23:54:48","modified_gmt":"2021-02-17T21:54:48","slug":"sekelminnen-ur-kristinestads-historia","status":"publish","type":"page","link":"https:\/\/www.kristinestadshistoria.fi\/?page_id=19511","title":{"rendered":"Sekelminnen ur Kristinestads historia."},"content":{"rendered":"<p><span style=\"color: #000080;\">Artiklar publicerade den 13 och 16 mars 1909 i tidningen Syd-\u00d6sterbotten, skrivna av Walter Sj\u00f6blom och renskrivna av Lasse Backlund i februari 2021:<\/span><\/p>\n<p>Medan \u00e4nnu kampen om Finland som b\u00e4st p\u00e5gick mellan Sverige och Ryssland erh\u00f6ll \u00f6verbef\u00e4lhavaren f\u00f6r kejsarens trupper, greve Buxh\u00f6wden den 21 juni 1908 befallning att samla ihop en \u201dfinsk deputation\u201d f\u00f6r att s\u00e4ndas till Petersburg. Genom de deputerade skulle Finlands inv\u00e5nare f\u00e5 tillf\u00e4lle att fritt uttala sig om landets behov och f\u00f6rh\u00e5llanden.<\/p>\n<p>Den 1 juli 1908 underr\u00e4ttade Buxh\u00f6wden landsh\u00f6vdingen om detta i de l\u00e4n, som redan d\u00e5 innehades av ryska trupper, och han gav tydliga f\u00f6reskrifter om hur deputationen skulle utses. Inv\u00e5narna i Finland, som ans\u00e5g att endast en lagligen vald st\u00e4nderf\u00f6rsamling kunde uttala sig och handla i landets namn, f\u00f6rs\u00f6kte i det l\u00e4ngsta uppskjuta valen.<\/p>\n<p>Under greve Buxh\u00f6wdens p\u00e5tryckning f\u00f6rsiggick likv\u00e4l dessa val sent omsider. Mot slutet av oktober avreste de deputerade fr\u00e5n s\u00f6dra Finland till Petersburg, d\u00e4r de dock f\u00f6rst l\u00e5ngt in p\u00e5 november vidtog med sin verksamhet. En avskild st\u00e4llning intog delegaterna fr\u00e5n Vasa och Ule\u00e5borgs l\u00e4n, som till f\u00f6ljd av de l\u00e4nge fortg\u00e5ende krigsoroligheterna valdes f\u00f6rst i november 1808 och i januari 1809.<\/p>\n<p>Den 19 november 1808 sammantr\u00e4dde Kristinestads borgarskap p\u00e5 r\u00e5dhuset f\u00f6r att v\u00e4lja en person, som skulle resa till Vasa att <em>\u201dgemensamt med d\u00e4rvarande st\u00e4ders deputerade utse en eller tvenne, som med de \u00f6vriga st\u00e4dernas deputerade komma att begiva sig till S:t Petersburg f\u00f6r att d\u00e4rst\u00e4des inf\u00f6r Hans Kejserliga Maj:t gemensamt \u00f6verl\u00e4gga och r\u00e5da om landets och denna landsdelens v\u00e4l\u201d<\/em><\/p>\n<p>Det heter vidare att d\u00e5 detta \u00e4rende f\u00f6redrogs stadens till den \u00e4ndan uppkomna meniga borgerskap, s\u00e5 anh\u00f6ll borgerskapet enh\u00e4lligt att ordf\u00f6randen Herr Assessorn och Borgm\u00e4staren Daniel Mattens, som b\u00e4st k\u00e4nde till stadens egna och den omkringliggande landsortens behov och angel\u00e4genheter, skulle ta p\u00e5 sig detta fullm\u00e4ktigskap f\u00f6r staden. Stadens samlade borgare var \u00f6vertygade om att Herr Assessorn, som vid de \u00f6verl\u00e4ggningar, som i detta grannlaga och mycken makt p\u00e5liggande \u00e4rende som kommer att tas mellan de \u00f6vriga st\u00e4ders deputerade i Vasa, inte underl\u00e5ter att i m\u00f6jligaste m\u00e5n f\u00f6rs\u00f6ka befr\u00e4mja stadens b\u00e4sta, s\u00e5v\u00e4l som det allm\u00e4nnas sannskyldiga.<\/p>\n<p>Omedelbart efter detta val reste borgm\u00e4stare Mattens till Vasa.<\/p>\n<p>Efter m\u00f6tet i Vasa sammankallade Mattens borgerskapet i Kristinestad den 26 november f\u00f6r att delge dem resultatet av m\u00f6tet. Representanterna f\u00f6r st\u00e4derna Vasa, Gamlakarleby, Jakobstad och Kristinestad hade enats om att s\u00e4nda r\u00e5d- och handelsmannen Herman H\u00f6ckert fr\u00e5n Vasa till Petersburg. Under resan fram och \u00e5ter beviljades H\u00f6ckert skjuts f\u00f6r tv\u00e5 h\u00e4star samt i dagtraktamente, under den tid hans uppdrag varade, 5 Rdr banko.<\/p>\n<p>H\u00f6ckert hade fr\u00e5n borgarna i Kristinestad f\u00e5tt instruktioner att p\u00e5 deras v\u00e4gnar i underd\u00e5nighet f\u00f6r Hans Kejserliga M:t f\u00f6redra en kravlista, som \u00e4r daterad den 5 december 1808 och som har f\u00f6ljande lydelse:<\/p>\n<p>Punkt 1:<\/p>\n<p>Anh\u00e5lles hos Hans Kejserliga Majest\u00e4t i underd\u00e5nighet om stadf\u00e4stelse p\u00e5 stadens i \u00e4ldre tider erh\u00e5llna privilegier, fri- och r\u00e4ttigheter samt att vid desamma s\u00e5 h\u00e4danefter som hitintills varda skyddad och bibeh\u00e5llen.<\/p>\n<p>Punkt 2:<\/p>\n<p>Anh\u00e5lles hos Hans Majest\u00e4t i underd\u00e5nighet om ers\u00e4ttning f\u00f6r det lidande och de skador, som stadens borgerskap i allm\u00e4nhet blivit tillskyndat av och igenom kejserliga ryska trupperna vid och under deras h\u00e4rvaro, j\u00e4mlikt de h\u00e4r\u00f6ver av givna och under ed bestyrkta f\u00f6rteckningar.<\/p>\n<p>Punkt 3:<\/p>\n<p>De deputerade anh\u00e5ller ocks\u00e5 hos H. K. M. i underd\u00e5nighet om \u00e4ndring och r\u00e4ttelse uti den till st\u00e4dernas f\u00f6rf\u00e5ng f\u00f6rd\u00e4rvliga bondeseglationen samt att en dylik fri sj\u00f6fart h\u00e4danefter inte m\u00e5tte vara till\u00e5ten f\u00f6r allmogen.<\/p>\n<p>Punkt 4:<\/p>\n<p>De deputerade anh\u00e5ller ocks\u00e5 i underd\u00e5nighet, att denna stad h\u00e4danefter inte skall vara betungad med f\u00f6r dryg garnison och inkvartering av krigsfolk.<\/p>\n<p>Punkt 5:<\/p>\n<p>Som dagligen har erfarits, hur sv\u00e5rt det har varit att f\u00e5 transporter \u00f6verforslade med b\u00e5t och pr\u00e5m \u00f6ver den s\u00e5 kallade Stadsfj\u00e4rden och n\u00e4stan om\u00f6jligt, d\u00e5 storm och h\u00e5rt v\u00e4der intr\u00e4ffat, s\u00e5 skulle en broanl\u00e4ggning \u00f6ver samma fj\u00e4rd s\u00e5ledes mycket gagna det allm\u00e4nna. Flera hundra dagsverken, som nu m\u00e5ste anv\u00e4ndas till pr\u00e5mdragningen, skulle kunna sparas in om denna bro skulle vara byggd. H\u00e4r m\u00e5tte delegaterna inte gl\u00f6mma att allerunderd\u00e5nigast underst\u00e4lla kejsarens ompr\u00f6vning och f\u00f6r gott finnande, om inte denna av mycken nytta varande bro kunde av Hans Kejserliga Majest\u00e4t, samt ryska kronans allm\u00e4nna medel vara uppf\u00f6rd och inr\u00e4ttad.<\/p>\n<p>Till yttermera visso varder denna instruktion med Magistratens underskrift och Stadens Insegel bekr\u00e4ftad.<\/p>\n<p>Christineastad den 5 december 1808.<\/p>\n<p>P\u00e5 Magistratens v\u00e4gnar: Daniel Mattens.<\/p>\n<p>Den deputation, som p\u00e5 Vasa l\u00e4ns v\u00e4gnar i januari 1909 togs emot av den ryske kejsaren, r\u00e4knade bland sina medlemmar hovr\u00e4ttssekreteraren A. Krabbe f\u00f6r ridderskapet och adeln, och prosten Nils Aejmelaeus fr\u00e5n Storkyro, r\u00e5d- och handelsmannen Herman H\u00f6ckert fr\u00e5n Vasa och h\u00e4radsdomaren Petter Klockars fr\u00e5n Nykarleby.<\/p>\n<p>De h\u00e4r fyra delegaterna fr\u00e5n Vasa l\u00e4n inl\u00e4mnade till monarken en av dem undertecknad b\u00f6neskrift, d\u00e4r de framh\u00f6ll vilka olyckor som hade \u00f6verg\u00e5tt l\u00e4net under kriget. Det \u00e4r klart och tydligt att inv\u00e5narna i Kristinestad, som s\u00e5 sv\u00e5rt hade hems\u00f6kts av kriget, v\u00e4ntade mycket av denna deputation, d\u00e5 den nu en g\u00e5ng kommit till st\u00e5nd.<\/p>\n<p>Den i instruktionens andra punkt \u00e5beropade \u201df\u00f6rteckningen\u201d hade kommit till med anledning av greve Buxh\u00f6wdens den 26 september 1808 fr\u00e5n Gamlakarleby avl\u00e5tna skriftliga uppmaning till magistraten i Kristinestad \u201d<em>att unders\u00f6ka och taxera de skador, som stadens inbyggare genom de ryska truppernas marscher och deras vistelse i staden lidit\u201d.<\/em><\/p>\n<p>Av ett visst intresse kan det ju vara att \u00e4ven redog\u00f6ra f\u00f6r inneh\u00e5llet av denna specifikation:<\/p>\n<p>1) R\u00e5dman och handelsman Erik Magnus Parman hade flytt till Sverige tillsammans med 16 andra stadsbor undan ryssarna. Generalmajor Orlow-Denisow hade d\u00e4rf\u00f6r tilltvingat sig det Parmanska huset invid Strandgatan. G\u00e5rden bestod av fadern, r\u00e5dman Johan Parman och dessutom den bortflyddes broder handlanden Carl Petter Parman. B\u00e5de kontanter och \u00e5tskillig annan egendom, v\u00e4rd en summa l 893 Rdr. 18 sk. 8 rst. riksg\u00e4ldsedlar kr\u00e4vdes som ers\u00e4ttning.<\/p>\n<p>2) Handlanden Anders Bj\u00f6rkman med hustru och tv\u00e5 s\u00f6ner var \u00e4nnu den 10 oktober 1806 p\u00e5 flykt. Deras egendom dels plundrad, dels bortauktionerad. F\u00f6rlusten uppskattad till 1792 Rdr. 10 sk. 8 rst. rglds.<\/p>\n<p>3) Handelsmans\u00e4nkan Maria Catharina Bj\u00f6rkman som \u00e4ven hon flytt, fick p\u00e5 Orlow -Denisows befallning sin l\u00f6segendom den 31 juli 1808 p\u00e5 \u00f6ppen auktion f\u00f6rs\u00e5ld till den mestbjudande. Redan tidigare hade kosackerna tagit av henne \u00e5tskilligt. Hennes f\u00f6rlust v\u00e4rderades till 986 Rdr. 8 sk. 4 rst rglds.\u00a0Det skulle h\u00e4r bli f\u00f6r l\u00e5ngt att uppr\u00e4kna alla Kristinestadsbor, som genom kriget blev lidande. Man skulle d\u00e5 vara tvungen att omn\u00e4mna varje borgare i staden, eftersom ingen r\u00e4ddade sig. Totalt 79 personer anm\u00e4lde inf\u00f6r magistraten om liden skada. Totalbeloppet uppgick till en f\u00f6r den tidens f\u00f6rh\u00e5llanden enormt stor summa.<\/p>\n<p>De goda Kristinestadsbornas f\u00f6rhoppningar med avseende p\u00e5 den till H\u00f6ckert \u00f6verl\u00e4mnade instruktionen, sveks helt och h\u00e5llet. \u00c5tminstone finns det ingenting som tyder p\u00e5 att stadens \u00f6nskem\u00e5l vunnit n\u00e5got som helst beaktande.\u00a0Kort efter detta m\u00f6te med kejsaren sammantr\u00e4der Borg\u00e5 lantdag. D\u00e5 ju snart ett sekel har f\u00f6rflutit sedan denna i v\u00e5rt lands historia s\u00e5 betydelsefulla tilldragelse, torde i detta sammanhang de sm\u00e5 och torftiga notiser, som ber\u00f6r Kristinestads g\u00f6randen och l\u00e5tanden med avseende p\u00e5 n\u00e4mnda lantdag, ber\u00f6ras.<\/p>\n<p>Den 13 februari 1809 uppl\u00e4stes i r\u00e5dstugan i Kristinestad Kejsarens respektive befallningshavandes kung\u00f6relse av den 9 februari ang\u00e5ende en allm\u00e4n lantdag i Borg\u00e5 stad den 22 mars 1809.\u00a0Lantdagsmannavalet i staden f\u00f6rsiggick den 22 februari 1809.<\/p>\n<p>Vid valf\u00f6rr\u00e4ttningstillf\u00e4llet menade en del av borgerskapet med r\u00e5dmannen och handlanden Eric Holmstr\u00f6m i spetsen, <em>\u00bbatt emedan stadens inv\u00e5nare genom de ryska truppernas framfart blivit sv\u00e5rt utarmade, de icke m\u00e4ktade bestrida den kostnad, som till egen fullm\u00e4ktig avs\u00e4ndande ofelbart \u00e5tg\u00e5r<\/em>\u00bb. \u00a0Holmstr\u00f6m och hans anh\u00e4ngare f\u00f6reslog, att man d\u00e4rf\u00f6r borde f\u00f6rena sig med Vasa eller med n\u00e5gon annan stad. Men en annan del av borgerskapet ans\u00e5g, med erk\u00e4nnande av stadens innev\u00e5nares i allm\u00e4nhet nu ir\u00e5kade tr\u00e5ngm\u00e5l och fattigdom, stadens \u00e4gande enskilda angel\u00e4genheter vid nu kommande lantdag b\u00e4st och s\u00e4krast b\u00e5de b\u00f6ra och kunna bevakas och utf\u00f6ras av och igenom egen lantdagsman. Speciellt i den omst\u00e4ndigheten, och i deras tanke den huvudsakligaste, som ang\u00e5r ers\u00e4ttningen f\u00f6r den skada och de f\u00f6rluster stadens innev\u00e5nare i allm\u00e4nhet har lidit och f\u00e5tt vidk\u00e4nnas under de ryska truppernas h\u00e4rvaro.<\/p>\n<p>Och som stadens borgm\u00e4stare Daniel Mattens sj\u00e4lv lagt hand vid dessa saker och han alltid blottst\u00e4llt sig f\u00f6r stadens och det allm\u00e4nnas v\u00e4l och till befr\u00e4mjande d\u00e4rav haft all flit och m\u00f6da ospard. Han skulle i deras tanke allra b\u00e4st k\u00e4nna stadens behov och \u00e5ligganden, s\u00e5 skulle det inte finnas n\u00e5gon annan skickligare och mera gagnande f\u00f6r staden att ta p\u00e5 sig ifr\u00e5gavarande fullm\u00e4ktigskap. Om endast herr Assessorn och borgm\u00e4stare Mattens ville och kunde bekv\u00e4ma sig h\u00e4rtill. Holmstr\u00f6m och hans parti enades ocks\u00e5 h\u00e4rom, sedan Mattens lovat att tillsvidare sj\u00e4lv f\u00f6rskottera lantdagsmannarvodet.<\/p>\n<p>F\u00f6r Mattens fastst\u00e4lldes vid samma tillf\u00e4lle till 4 riksdaler riksg\u00e4lds om dagen samt skjuts f\u00f6r 4 h\u00e4star. Den 25 mars 1809 b\u00f6rjade som k\u00e4nt lantdagen i Borg\u00e5. Den 19 juli var dess arbete slut och st\u00e4nderna hemf\u00f6rlovades av kejsaren personligen.\u00a0Kristinestads representant synes i b\u00f6rjan av juli varit hemrest. I magistratens protokoll f\u00f6r den 7 juli heter det n\u00e4mligen kort om gott, att stadens \u00e4ldsta blev av ordf\u00f6randen assessorn och borgm\u00e4staren Mattens underr\u00e4ttade om vad som hade skett vid lantdagen.\u00a0Vad som vid den minnesrika lantdagen i Borg\u00e5 besl\u00f6ts, \u00e4r k\u00e4nt av de flesta och faller utom ramen f\u00f6r denna uppsats. De sm\u00e5 intressena fick vid denna lantdag tr\u00e4da tillbaka f\u00f6r de stora, de enskilda fr\u00e5gorna f\u00f6r de allm\u00e4nna.<\/p>\n","protected":false},"excerpt":{"rendered":"<p>Artiklar publicerade den 13 och 16 mars 1909 i tidningen Syd-\u00d6sterbotten, skrivna av Walter Sj\u00f6blom och renskrivna av Lasse Backlund i februari 2021: Medan \u00e4nnu kampen om Finland som b\u00e4st p\u00e5gick mellan Sverige och Ryssland erh\u00f6ll \u00f6verbef\u00e4lhavaren f\u00f6r kejsarens trupper, <a class=\"more-link\" href=\"https:\/\/www.kristinestadshistoria.fi\/?page_id=19511\">Forts\u00e4tt l\u00e4sa <span class=\"screen-reader-text\">  Sekelminnen ur Kristinestads historia.<\/span><span class=\"meta-nav\">&rarr;<\/span><\/a><\/p>\n","protected":false},"author":1,"featured_media":0,"parent":6292,"menu_order":17,"comment_status":"closed","ping_status":"closed","template":"","meta":{"footnotes":""},"class_list":["post-19511","page","type-page","status-publish","hentry"],"_links":{"self":[{"href":"https:\/\/www.kristinestadshistoria.fi\/index.php?rest_route=\/wp\/v2\/pages\/19511","targetHints":{"allow":["GET"]}}],"collection":[{"href":"https:\/\/www.kristinestadshistoria.fi\/index.php?rest_route=\/wp\/v2\/pages"}],"about":[{"href":"https:\/\/www.kristinestadshistoria.fi\/index.php?rest_route=\/wp\/v2\/types\/page"}],"author":[{"embeddable":true,"href":"https:\/\/www.kristinestadshistoria.fi\/index.php?rest_route=\/wp\/v2\/users\/1"}],"replies":[{"embeddable":true,"href":"https:\/\/www.kristinestadshistoria.fi\/index.php?rest_route=%2Fwp%2Fv2%2Fcomments&post=19511"}],"version-history":[{"count":1,"href":"https:\/\/www.kristinestadshistoria.fi\/index.php?rest_route=\/wp\/v2\/pages\/19511\/revisions"}],"predecessor-version":[{"id":19512,"href":"https:\/\/www.kristinestadshistoria.fi\/index.php?rest_route=\/wp\/v2\/pages\/19511\/revisions\/19512"}],"up":[{"embeddable":true,"href":"https:\/\/www.kristinestadshistoria.fi\/index.php?rest_route=\/wp\/v2\/pages\/6292"}],"wp:attachment":[{"href":"https:\/\/www.kristinestadshistoria.fi\/index.php?rest_route=%2Fwp%2Fv2%2Fmedia&parent=19511"}],"curies":[{"name":"wp","href":"https:\/\/api.w.org\/{rel}","templated":true}]}}