{"id":19342,"date":"2021-02-04T19:36:55","date_gmt":"2021-02-04T17:36:55","guid":{"rendered":"https:\/\/www.lassebacklund.fi\/?page_id=19342"},"modified":"2023-10-01T23:36:21","modified_gmt":"2023-10-01T20:36:21","slug":"garden-pa-tomt-nr-145-i-tredje-kvarteret-pa-apotekets-gardsplan","status":"publish","type":"page","link":"https:\/\/www.kristinestadshistoria.fi\/?page_id=19342","title":{"rendered":"G\u00e5rden p\u00e5 tomt nr 145 i tredje kvarteret, p\u00e5 apotekets g\u00e5rdsplan."},"content":{"rendered":"<p><strong>\u00c5r 1809<\/strong> l\u00e5g den h\u00e4r tomten 145 p\u00e5 tomtnumret 14 b enligt stadsplanen fr\u00e5n 1751. Tomten skulle i dag ha adressen \u00d6stra L\u00e5nggatan 49, allts\u00e5 p\u00e5 Andelsbankens g\u00e5rdsplan mot Krepelinska g\u00e5rden. D\u00e4r i en gammal g\u00e5rd bodde d\u00e5 m\u00e5larm\u00e4staren Carl <span style=\"text-decoration: underline;\">Gustaf<\/span> Crantz, f\u00f6dd i Stockholm \u00e5r 1763, gift \u00e5r 1785 med Anna Lindroth (f\u00f6dd \u00e5r 1764 i Malax, d\u00f6d i staden \u00e5r 1846) och de hade \u00e5tminstone tre barn, Johan, Brita och Gustafva.<\/p>\n<p><strong>\u00c5r 1815<\/strong> \u00e4r han n\u00e4mnd som &#8221;r\u00e5dman och m\u00e5lare Crantz&#8221; och samma g\u00e4ller \u00e4nnu 1820.<\/p>\n<p><strong>\u00c5r 1825<\/strong> n\u00e4mns han som r\u00e5dman och fabrikat\u00f6r och bor tillsammans med hustru och dottern Gustafva.<\/p>\n<p><strong>\u00c5r 1827<\/strong> samma sak men nu bor d\u00e4r ocks\u00e5 l\u00e4rlingen Anders och en piga Magdalena.<\/p>\n<figure id=\"attachment_19341\" aria-describedby=\"caption-attachment-19341\" style=\"width: 1170px\" class=\"wp-caption alignnone\"><img loading=\"lazy\" decoding=\"async\" class=\"size-full wp-image-19341\" src=\"https:\/\/www.lassebacklund.fi\/wp-content\/uploads\/2021\/02\/Crants-karta-1825.jpg\" alt=\"\" width=\"1170\" height=\"846\" srcset=\"https:\/\/www.kristinestadshistoria.fi\/wp-content\/uploads\/2021\/02\/Crants-karta-1825.jpg 1170w, https:\/\/www.kristinestadshistoria.fi\/wp-content\/uploads\/2021\/02\/Crants-karta-1825-300x217.jpg 300w, https:\/\/www.kristinestadshistoria.fi\/wp-content\/uploads\/2021\/02\/Crants-karta-1825-1024x740.jpg 1024w, https:\/\/www.kristinestadshistoria.fi\/wp-content\/uploads\/2021\/02\/Crants-karta-1825-768x555.jpg 768w\" sizes=\"auto, (max-width: 1170px) 100vw, 1170px\" \/><figcaption id=\"caption-attachment-19341\" class=\"wp-caption-text\">Enligt stadsplanen fr\u00e5n 1825 s\u00e5 l\u00e5g tomten nr 145 i det tredje kvarteret p\u00e5 nuvarande Andelsbankens g\u00e5rdsplan.<\/figcaption><\/figure>\n<figure id=\"attachment_19331\" aria-describedby=\"caption-attachment-19331\" style=\"width: 854px\" class=\"wp-caption alignnone\"><img loading=\"lazy\" decoding=\"async\" class=\"size-full wp-image-19331\" src=\"https:\/\/www.lassebacklund.fi\/wp-content\/uploads\/2021\/02\/Karta-1940.jpg\" alt=\"\" width=\"854\" height=\"516\" srcset=\"https:\/\/www.kristinestadshistoria.fi\/wp-content\/uploads\/2021\/02\/Karta-1940.jpg 854w, https:\/\/www.kristinestadshistoria.fi\/wp-content\/uploads\/2021\/02\/Karta-1940-300x181.jpg 300w, https:\/\/www.kristinestadshistoria.fi\/wp-content\/uploads\/2021\/02\/Karta-1940-768x464.jpg 768w\" sizes=\"auto, (max-width: 854px) 100vw, 854px\" \/><figcaption id=\"caption-attachment-19331\" class=\"wp-caption-text\">P\u00e5 kartan fr\u00e5n 1940-talet s\u00e5 ser vi vid pilen var den g\u00e5rd fanns som m\u00e5larm\u00e4staren och fabrikat\u00f6ren Carl <span style=\"text-decoration: underline;\">Gustaf<\/span> Crantz byggde \u00e5r 1831. Det var en liten g\u00e5rd med ett st\u00f6rre rum i mitten och mindre kamrar i b\u00e5da \u00e4ndarna och ing\u00e5ngen fanns p\u00e5 g\u00e5rdssidan. Uthusen finns fortfarande kvar p\u00e5 Andelsbankens g\u00e5rdsplan. Huset revs troligtvis n\u00e5gon g\u00e5ng p\u00e5 1950-talet.<\/figcaption><\/figure>\n<p><strong>\u00c5r 1830<\/strong> har vi den nya stadsplanen fr\u00e5n 1825 i bruk och d\u00e5\u00a0 har Carl <span style=\"text-decoration: underline;\">Gustaf<\/span> Crantz tomt f\u00e5tt nr 145, som i dag \u00e4r en del av Andelsbankens tomt, allts\u00e5 delen mot Krepelinska g\u00e5rden. Enligt Per-Olof Jarle skulle g\u00e5rden ha byggts \u00e5r 1831, f\u00f6ljaktligen d\u00e5 av m\u00e5laren Crantz.<\/p>\n<p><strong>\u00c5r 1841 <\/strong>avled r\u00e5dmannen Gustaf Crantz och g\u00e5rden \u00f6vertas d\u00e5 av \u00e4nkan Anna Birgitta Crantz.<\/p>\n<p><strong>\u00c5r 1843<\/strong> \u00e4gdes denna tomt nr 145 av r\u00e5dmans\u00e4nkan Anna Crantz.<\/p>\n<p><strong>\u00c5r 1846, den 24 september<\/strong> avled r\u00e5dmans\u00e4nkan Anna Crantz och g\u00e5rden nr 145 \u00f6vertogs d\u00e5 av hennes d\u00e5\u00a0 levande barn: myndiga studerande Johan Gustaf Crantz, bosatt i Stockholm och Brita <span style=\"text-decoration: underline;\">Gustafva<\/span> Crantz, bosatt i Kristinestad.<\/p>\n<p><strong>\u00c5r 1848, den 1 juni<\/strong> avled ogifta studerande Johan Gustaf Crantz i Stockholm och systern Gustafva \u00f6vertog d\u00e5 g\u00e5rden i Kristinestad.<\/p>\n<p><strong>\u00c4nnu 1855<\/strong> \u00e4gdes g\u00e5rden av Gustafva Crantz och d\u00e4r bodde ocks\u00e5 en sj\u00f6man med sin familj. Gustafva hade ocks\u00e5 tagit Lovisa Forsberg till fosterdotter.<\/p>\n<p><strong>\u00c5r 1857<\/strong> avled Gustafva Crantz, ogift och barnl\u00f6s. I ett testamente uppgjort 1852 hade hon best\u00e4mt att g\u00e5rden efter hennes d\u00f6d skall tillfall fosterdottern Lovisa Forsberg eller i sista hand till &#8221;Lancaster Fattig Flickskola i staden&#8221;.<\/p>\n<p><strong>\u00c5r 1860<\/strong> efter att Gustafva hade avlidit \u00e4gdes g\u00e5rden och tomten 145 av jungfrun Lovisa Forsberg genom testamentet. D\u00e4r bodde ocks\u00e5 skr\u00e4ddare\u00e4nkan Charlotta Wallenius med d\u00f6ttrarna Charlotta och Amanda. Ges\u00e4llen August Lagerqvist bor ocks\u00e5 d\u00e4r med hustrun Rebecka, liksom sj\u00f6manshustrun Anna Sj\u00f6blom.<\/p>\n<p><strong>\u00c5r 1862, den 26 april <\/strong>s\u00e5lde Lovisa Forsberg, som nu var gift med Johan Erik \u00d6sterman den bebyggda tomten nr 145 f\u00f6r 330 rubel silver \u00e5t f\u00f6rre sj\u00f6tullvaktm\u00e4staren <span style=\"text-decoration: underline;\">Gustaf<\/span> Adolf \u00c5berg och hustrun Kajsa. Denne finansierade k\u00f6pet med att l\u00e5na 300 rubel fr\u00e5n Stadskassan. P\u00e5 hyra bodde skr\u00e4ddareges\u00e4llhustrun Henrika \u00d6sterman med dottern Maria. G\u00e5rden och tomt nr 146, allts\u00e5 den i torgh\u00f6rnet \u00e4gdes d\u00e5 av skepparen Johan Nylund, som bodde med hustrun Theresia. Nylund var f\u00f6dd i Jakobstad 1822 och hustrun Theresia i Munsala \u00e5r 1814. I den g\u00e5rden bodde ocks\u00e5 murm\u00e4staren K. Hamnstr\u00f6m med hustrun Johanna.<\/p>\n<p><strong>\u00c5r 1863, den 13 april<\/strong> fick bokhandlaren Karl Bergman lagfart p\u00e5 tomt nr 145.<\/p>\n<p><strong>\u00c5r 1865<\/strong> hade b\u00e5da tomterna 145 och 146 f\u00f6rv\u00e4rvats av bokhandlaren Karl Bergman. P\u00e5 nr 145 bodde f\u00f6rre sj\u00f6tullvaktm\u00e4staren Gustaf \u00c5berg med hustrun Kajsa och skomakarges\u00e4llen P. \u00d6sterman och hans hustru Lisa. P\u00e5 nr 146 bodde skepparen J. Nylund med hustrun Theresia och dr\u00e4ngen Gustaf och pigan Maria.. D\u00e4r bodde ocks\u00e5 en guldsmed Lilius med hustrun Sofia och med dem bodde ytterligare ges\u00e4llerna Vilhelm och Malachia. Stadsbetj\u00e4nten Martell bodde ocks\u00e5 d\u00e4r med hustrun Maria.<\/p>\n<p>Eftersom denna tomt h\u00e4refter h\u00f6r ihop med h\u00f6rntomten p\u00e5\u00a0 nummer 146, s\u00e5 skall du klicka <a href=\"https:\/\/www.kristinestadshistoria.fi\/?page_id=19336\"><span style=\"text-decoration: underline;\"><span style=\"color: #000080; text-decoration: underline;\"><strong>H\u00c4R<\/strong> <\/span><\/span>f<\/a>\u00f6r att komma till den historiken.<\/p>\n","protected":false},"excerpt":{"rendered":"<p>\u00c5r 1809 l\u00e5g den h\u00e4r tomten 145 p\u00e5 tomtnumret 14 b enligt stadsplanen fr\u00e5n 1751. Tomten skulle i dag ha adressen \u00d6stra L\u00e5nggatan 49, allts\u00e5 p\u00e5 Andelsbankens g\u00e5rdsplan mot Krepelinska g\u00e5rden. D\u00e4r i en gammal g\u00e5rd bodde d\u00e5 m\u00e5larm\u00e4staren Carl <a class=\"more-link\" href=\"https:\/\/www.kristinestadshistoria.fi\/?page_id=19342\">Forts\u00e4tt l\u00e4sa <span class=\"screen-reader-text\">  G\u00e5rden p\u00e5 tomt nr 145 i tredje kvarteret, p\u00e5 apotekets g\u00e5rdsplan.<\/span><span class=\"meta-nav\">&rarr;<\/span><\/a><\/p>\n","protected":false},"author":1,"featured_media":0,"parent":19336,"menu_order":1,"comment_status":"closed","ping_status":"closed","template":"","meta":{"footnotes":""},"class_list":["post-19342","page","type-page","status-publish","hentry"],"_links":{"self":[{"href":"https:\/\/www.kristinestadshistoria.fi\/index.php?rest_route=\/wp\/v2\/pages\/19342","targetHints":{"allow":["GET"]}}],"collection":[{"href":"https:\/\/www.kristinestadshistoria.fi\/index.php?rest_route=\/wp\/v2\/pages"}],"about":[{"href":"https:\/\/www.kristinestadshistoria.fi\/index.php?rest_route=\/wp\/v2\/types\/page"}],"author":[{"embeddable":true,"href":"https:\/\/www.kristinestadshistoria.fi\/index.php?rest_route=\/wp\/v2\/users\/1"}],"replies":[{"embeddable":true,"href":"https:\/\/www.kristinestadshistoria.fi\/index.php?rest_route=%2Fwp%2Fv2%2Fcomments&post=19342"}],"version-history":[{"count":12,"href":"https:\/\/www.kristinestadshistoria.fi\/index.php?rest_route=\/wp\/v2\/pages\/19342\/revisions"}],"predecessor-version":[{"id":27354,"href":"https:\/\/www.kristinestadshistoria.fi\/index.php?rest_route=\/wp\/v2\/pages\/19342\/revisions\/27354"}],"up":[{"embeddable":true,"href":"https:\/\/www.kristinestadshistoria.fi\/index.php?rest_route=\/wp\/v2\/pages\/19336"}],"wp:attachment":[{"href":"https:\/\/www.kristinestadshistoria.fi\/index.php?rest_route=%2Fwp%2Fv2%2Fmedia&parent=19342"}],"curies":[{"name":"wp","href":"https:\/\/api.w.org\/{rel}","templated":true}]}}