{"id":18829,"date":"2020-12-27T10:42:59","date_gmt":"2020-12-27T08:42:59","guid":{"rendered":"https:\/\/www.lassebacklund.fi\/?page_id=18829"},"modified":"2020-12-27T10:42:59","modified_gmt":"2020-12-27T08:42:59","slug":"ett-herredagsmannaval","status":"publish","type":"page","link":"https:\/\/www.kristinestadshistoria.fi\/?page_id=18829","title":{"rendered":"Ett herredagsmannaval."},"content":{"rendered":"<p><span style=\"color: #000080;\">Artikel skriven av Walter Sj\u00f6blom och publicerad i Syd-\u00d6sterbotten i mars 1911. Renskrivet av Lasse Backlund i december 2020.<\/span><\/p>\n<p>Den 12 oktober 1659 \u00bbgjorde borgm\u00e4staren (Hans St\u00e5hlbom) ett uttal till borgerskapet om herredagsmansvalet till G\u00f6teborg, som nu den 12 november h\u00e5llas skall, och emedan som borgm\u00e4staren hafver f\u00f6rnummit att borgerskapet uti hans fr\u00e5nvaro sj\u00e4lv utvalt \u00e5t sig Nichlas Reichenbach till herredagskarl av egit r\u00e5d, dock emedan att de hafva sammansatt n\u00e5gra punkter att andraga f\u00f6r H. K. M. ang\u00e5ende Ti\u00f6uko (Tj\u00f6ck) utlagorna att de velat veta, av hvart ut de anv\u00e4ndas, d\u00e5 sade borgm\u00e4staren och lade r\u00e4kningarna p\u00e5 r\u00e5dstugubordet dem han sk\u00f6t till landsh\u00f6vdingens \u00f6fverseende r\u00e5dets och andras d\u00e4rtill f\u00f6rordnande att bivistas. Dock f\u00f6rs\u00e4krar borgm\u00e4staren sig sj\u00e4lf att vara herredagskarl och med sin h\u00f6gsta flit s\u00f6ka stadens gagn och b\u00e4sta, efter det sig kan g\u00f6ra l\u00e5ta, och vill nu icke betunga dem med herredagspenningarnas erl\u00e4ggande, utan vill se till, huru han kan framdeles igen, om medel (finnas) dem bekomma, men de penningar sins emellan hafva lofvat \u00e5t Nichlas d\u00e4rom m\u00e5 de sig omse, huru de dem bekomma, ingen befaller eller f\u00f6rbjuder borgm\u00e4staren dem att utgifva. Och rese deras karl, n\u00e4r han vil, och klage hvad han vill\u00bb.<\/p>\n<p>Saken har sin lilla f\u00f6rhistoria. En del av det l\u00e4gre borgerskapet ans\u00e5g att borgm\u00e4stare St\u00e5hlbom f\u00f6r egen r\u00e4kning anv\u00e4nt medel, s\u00e4rskilt de s. k. \u00bbTj\u00f6ckr\u00e4ntorna\u00bb, vilka dock anslagits \u00e5t staden. D\u00e5 St\u00e5hlbom i borgerskapets angel\u00e4genheter var rest till Stockholm, uppbl\u00e5stes bland de hemmavarande en opposition mot honom. Nichlas Reichenbach st\u00e4llde sig i spetsen f\u00f6r de missn\u00f6jde, lovade dem \u00bbguld och gr\u00f6na skogar\u00bb samt framf\u00f6r allt att inf\u00f6r konungen anklaga St\u00e5hlbom for dennes f\u00f6rmenta falsarier, i h\u00e4ndelse han, Reichenbach skulle s\u00e4ndas till riksdagen. En del uts\u00e5g ocks\u00e5 p\u00e5 eget bev\u00e5g Reichebach till sin representant vid st\u00e4nderm\u00f6tet samt f\u00f6rband sig att \u00e5t honom i arvode betala 400 daler kopparmynt. B\u00e5de St\u00e5hlbom och Reichenbach reste till G\u00f6teborg, d\u00e5 tiden var inne.<\/p>\n<p>Reichenbach och St\u00e5hlbom voro h\u00e4tska ov\u00e4nner. R\u00e4tt ofta skar de ihop. Samma dag, som nyss n\u00e4mndes, drabbade de \u00e5nyo samman p\u00e5 r\u00e5dhuset.<\/p>\n<p>Borgm\u00e4staren fr\u00e5gade det n\u00e4rvarande borgerskapet, \u00bbhuru de vela betala sin krigsbj\u00e4lp eller contribution, som dem \u00e4r p\u00e5lagd efter riksdagsbeslutet, och den skall betalas till det Kongl. amiralitetet. D\u00e4remot svarade Nichlas Reichenbach p\u00e5 de gemenas v\u00e4gnar, att de menar f\u00e5 n\u00e5gon hj\u00e4lp af Ki\u00f6k (-Tj\u00f6ck) utlagorna\u00bb \u2014 s\u00e5ledes \u00e5ter den s\u00e5rbara punkten &#8212; \u00bbmen om det icke kan ske, s\u00e5som ock borgm\u00e4staren sade icke ske kan, d\u00e5 m\u00e5ste de betala af sin egendom, om icke annat g\u00e4ller. Detta svarade Nichlas p\u00e5 allas v\u00e4gnar, dock sorlade de tillhopa, att det icke v\u00e4l h\u00f6ras kunde f\u00f6r oljud och fordrade stadens signet af borgm\u00e4staren, d\u00e4rtill han svarade att signeten var honom af \u00f6verheten betrodd och den ville han hafva med sig\u00bb.\u00a0Den 19 oktober 1659 fr\u00e5gar borgm\u00e4staren i magistraten av de n\u00e4rvarande r\u00e5dm\u00e4nnen \u00bbom de omtro och samtycka, att han blifver r\u00e4tta herredagsmannen att svara, tala och samtycka till det, som proponeradt blifver p\u00e5 riksdagen s\u00e5som ock att s\u00f6ka stadens v\u00e4lst\u00e5nd, i hvad m\u00e5tto han f\u00f6rm\u00e5 kan, d\u00e4rtill de svarade deras samtycke \u00e4r och deras tanka hafver varit, att s\u00e5 blifva skulle, allredan f\u00f6rr \u00e4n han hemkom, hafva allts\u00e5 de icke samtyckt till den andre herredagskarlen, som en hop \u2014 dock icke alle \u2014 af gemene borgerskapet hafve sig utvalt, n\u00e4mligen Nichlas Reichenbach dock icke lagligen eller uti uppenbarligt st\u00e4lle\u00bb.\u00a0Bland fr\u00e5gor, som \u00e5r 1660 f\u00f6relades H. K. M. i G\u00f6teborg, f\u00f6rekom tvisten mellan Kristinestads borgm\u00e4stare och en del av stadens borgerskap. Svaret kom fr\u00e5nfr\u00e5n Karl Xl:s f\u00f6rmyndarregering.\u00a0Resolutionen lydde:\u00a0\u00bbBelangandes den tvist, som emellan stadens borgm\u00e4stare Hans St\u00e5hlbom och borgerskapet \u00e4r uppvuxen s\u00e5 skall d\u00e4r\u00f6fver d\u00e4r in loco lagligen rannsakas och saken sedan ordentligen med laga domb afhj\u00e4lpas, j\u00e4mv\u00e4l skall ock H. K. M:s kam-marcollegium taga H. K. M:ts intresse i akt, s\u00e5 vida r\u00e4ntorna ber\u00f6ras\u00bb.<\/p>\n<p>Dessa uppg\u00f6relser var dock St\u00e5hlbom aldrig med om. Ty han dog i slutet av februari 1661.<\/p>\n<p>Med sin borgm\u00e4stare stod K:stadsborna \u00e4ven efter St\u00e5hlboms d\u00f6d p\u00e5 allt annat \u00e4n v\u00e4nskaplig fot. De \u00f6nskade en viss Olaus Bothvidh till den avlidnes eftertr\u00e4dare. Men den 15 juli 1661 \u00bbframtedde Hans Larsson riksdrotsens rekommendationsskrift till landsh\u00f6fdingen att Hans Larsson blir befordrad till denna stads borgm\u00e4stare, upp\u00e5 hvilken skrift f\u00f6ljde landsh\u00f6fdingens skrifvelse till r\u00e5dm\u00e4nnen och menige borgerskapet att antaga Hans Larsson f\u00f6r sin borgm\u00e4stare\u00bb. \u00a0Borgerskapet st\u00e4ller sig p\u00e5 tv\u00e4ren. P\u00e5 Hans Larssons tillfr\u00e5gan, vad man hade emot honom, svarade n\u00e5gra borgare, att de h\u00f6rt kapellanen Lars Rivelius s\u00e4ga \u00bbatt Hans Larsson hafver f\u00f6r en tid sedan sagt, att de som anamma sakramentet af hans hand, de skulle vara sk\u00e4lmar och tjufvar. Det ville de att han sig ifr\u00e5n purgerar, f\u00f6rr\u00e4n han till borgm\u00e4stare annammas\u00bb.\u00a0Larsson blev i alla fall utn\u00e4mnd. Han var en myndig man som snart hade kuvat allt motst\u00e5nd. Det gl\u00f6dde visserligen h\u00e4r och var l\u00e4nge under askan. Men offentligen v\u00e5gade ingen mucka.<\/p>\n","protected":false},"excerpt":{"rendered":"<p>Artikel skriven av Walter Sj\u00f6blom och publicerad i Syd-\u00d6sterbotten i mars 1911. Renskrivet av Lasse Backlund i december 2020. Den 12 oktober 1659 \u00bbgjorde borgm\u00e4staren (Hans St\u00e5hlbom) ett uttal till borgerskapet om herredagsmansvalet till G\u00f6teborg, som nu den 12 november <a class=\"more-link\" href=\"https:\/\/www.kristinestadshistoria.fi\/?page_id=18829\">Forts\u00e4tt l\u00e4sa <span class=\"screen-reader-text\">  Ett herredagsmannaval.<\/span><span class=\"meta-nav\">&rarr;<\/span><\/a><\/p>\n","protected":false},"author":1,"featured_media":0,"parent":17724,"menu_order":5,"comment_status":"closed","ping_status":"closed","template":"","meta":{"footnotes":""},"class_list":["post-18829","page","type-page","status-publish","hentry"],"_links":{"self":[{"href":"https:\/\/www.kristinestadshistoria.fi\/index.php?rest_route=\/wp\/v2\/pages\/18829","targetHints":{"allow":["GET"]}}],"collection":[{"href":"https:\/\/www.kristinestadshistoria.fi\/index.php?rest_route=\/wp\/v2\/pages"}],"about":[{"href":"https:\/\/www.kristinestadshistoria.fi\/index.php?rest_route=\/wp\/v2\/types\/page"}],"author":[{"embeddable":true,"href":"https:\/\/www.kristinestadshistoria.fi\/index.php?rest_route=\/wp\/v2\/users\/1"}],"replies":[{"embeddable":true,"href":"https:\/\/www.kristinestadshistoria.fi\/index.php?rest_route=%2Fwp%2Fv2%2Fcomments&post=18829"}],"version-history":[{"count":1,"href":"https:\/\/www.kristinestadshistoria.fi\/index.php?rest_route=\/wp\/v2\/pages\/18829\/revisions"}],"predecessor-version":[{"id":18830,"href":"https:\/\/www.kristinestadshistoria.fi\/index.php?rest_route=\/wp\/v2\/pages\/18829\/revisions\/18830"}],"up":[{"embeddable":true,"href":"https:\/\/www.kristinestadshistoria.fi\/index.php?rest_route=\/wp\/v2\/pages\/17724"}],"wp:attachment":[{"href":"https:\/\/www.kristinestadshistoria.fi\/index.php?rest_route=%2Fwp%2Fv2%2Fmedia&parent=18829"}],"curies":[{"name":"wp","href":"https:\/\/api.w.org\/{rel}","templated":true}]}}