{"id":18176,"date":"2020-11-01T22:11:04","date_gmt":"2020-11-01T20:11:04","guid":{"rendered":"https:\/\/www.lassebacklund.fi\/?page_id=18176"},"modified":"2020-11-01T22:11:04","modified_gmt":"2020-11-01T20:11:04","slug":"att-tanda-ett-ljus","status":"publish","type":"page","link":"https:\/\/www.kristinestadshistoria.fi\/?page_id=18176","title":{"rendered":"Att t\u00e4nda ett ljus."},"content":{"rendered":"<p><span style=\"color: #000080;\">Diktat av Eva inf\u00f6r Allhelgonahelgen 2020:<\/span><\/p>\n<h6>T\u00e4nder ett ljus Allhelgonadagen till \u00e4ra<\/h6>\n<h6>minns med v\u00e4rme alla n\u00e4ra och k\u00e4ra<\/h6>\n<h6>som g\u00e5tt f\u00f6re oss till det ok\u00e4nda, stora<\/h6>\n<h6>hur tungt det var att er f\u00f6rlora.<\/h6>\n<p>&nbsp;<\/p>\n<h6>T\u00e4nder ett ljus, sitter och t\u00e4nker,<\/h6>\n<h6>en k\u00e4nsla av tacksamhet jag er alla sk\u00e4nker.<\/h6>\n<h6>F\u00f6r allt det ni gav och allt det ni gjorde,<\/h6>\n<h6>f\u00f6rstod inte d\u00e5 att tacka som man borde.<\/h6>\n<p>&nbsp;<\/p>\n<h6>T\u00e4nder ett ljus f\u00f6r allt folk h\u00e4r i v\u00e4rlden<\/h6>\n<h6>som nu har det sv\u00e5rt p\u00e5 levnadsf\u00e4rden.<\/h6>\n<h6>\u00d6nskar att ljuset inger mod och hopp,<\/h6>\n<h6>vi klarar \u00e4ven detta, vi ger inte opp!<\/h6>\n<p>&nbsp;<\/p>\n","protected":false},"excerpt":{"rendered":"<p>Diktat av Eva inf\u00f6r Allhelgonahelgen 2020: T\u00e4nder ett ljus Allhelgonadagen till \u00e4ra minns med v\u00e4rme alla n\u00e4ra och k\u00e4ra som g\u00e5tt f\u00f6re oss till det ok\u00e4nda, stora hur tungt det var att er f\u00f6rlora. &nbsp; T\u00e4nder ett ljus, sitter och <a class=\"more-link\" href=\"https:\/\/www.kristinestadshistoria.fi\/?page_id=18176\">Forts\u00e4tt l\u00e4sa <span class=\"screen-reader-text\">  Att t\u00e4nda ett ljus.<\/span><span class=\"meta-nav\">&rarr;<\/span><\/a><\/p>\n","protected":false},"author":1,"featured_media":0,"parent":16671,"menu_order":14,"comment_status":"closed","ping_status":"closed","template":"","meta":{"footnotes":""},"class_list":["post-18176","page","type-page","status-publish","hentry"],"_links":{"self":[{"href":"https:\/\/www.kristinestadshistoria.fi\/index.php?rest_route=\/wp\/v2\/pages\/18176","targetHints":{"allow":["GET"]}}],"collection":[{"href":"https:\/\/www.kristinestadshistoria.fi\/index.php?rest_route=\/wp\/v2\/pages"}],"about":[{"href":"https:\/\/www.kristinestadshistoria.fi\/index.php?rest_route=\/wp\/v2\/types\/page"}],"author":[{"embeddable":true,"href":"https:\/\/www.kristinestadshistoria.fi\/index.php?rest_route=\/wp\/v2\/users\/1"}],"replies":[{"embeddable":true,"href":"https:\/\/www.kristinestadshistoria.fi\/index.php?rest_route=%2Fwp%2Fv2%2Fcomments&post=18176"}],"version-history":[{"count":1,"href":"https:\/\/www.kristinestadshistoria.fi\/index.php?rest_route=\/wp\/v2\/pages\/18176\/revisions"}],"predecessor-version":[{"id":18177,"href":"https:\/\/www.kristinestadshistoria.fi\/index.php?rest_route=\/wp\/v2\/pages\/18176\/revisions\/18177"}],"up":[{"embeddable":true,"href":"https:\/\/www.kristinestadshistoria.fi\/index.php?rest_route=\/wp\/v2\/pages\/16671"}],"wp:attachment":[{"href":"https:\/\/www.kristinestadshistoria.fi\/index.php?rest_route=%2Fwp%2Fv2%2Fmedia&parent=18176"}],"curies":[{"name":"wp","href":"https:\/\/api.w.org\/{rel}","templated":true}]}}