{"id":17711,"date":"2020-09-17T17:50:20","date_gmt":"2020-09-17T14:50:20","guid":{"rendered":"https:\/\/www.lassebacklund.fi\/?page_id=17711"},"modified":"2020-09-17T17:51:43","modified_gmt":"2020-09-17T14:51:43","slug":"stormvindar-fran-norr","status":"publish","type":"page","link":"https:\/\/www.kristinestadshistoria.fi\/?page_id=17711","title":{"rendered":"Stormvindar fr\u00e5n norr."},"content":{"rendered":"<p><span style=\"color: #000080;\">Diktat av Eva den 17 september 2020, d\u00e5 stormvindarna svepte \u00f6ver landet.<\/span><\/p>\n<h6>Stormen \u00e4r \u00e4nnu allt annat \u00e4n \u00f6ver<\/h6>\n<h6>men inne i huset har vi allt vi beh\u00f6ver.<\/h6>\n<h6>Vi har vatten, v\u00e4rme, mat och el,<\/h6>\n<h6>var ett varv ut och kollade, \u00e4ven stugan \u00e4r hel.<\/h6>\n<p>&nbsp;<\/p>\n<h6>Tog utekl\u00e4der p\u00e5 och vandrade iv\u00e4g en bit,<\/h6>\n<h6>gick som en fyllbult, vinglade hit och dit.<\/h6>\n<h6>P\u00e5 Stadsbron var det som allra, allra v\u00e4rst,<\/h6>\n<h6>t\u00e4nkte n\u00e4stan bl\u00e5sa iv\u00e4g, ja det var en riktig p\u00e4rs!<\/h6>\n<p>&nbsp;<\/p>\n<h6>Till kv\u00e4llen ska det mojna har jag f\u00f6rst\u00e5tt<\/h6>\n<h6>r\u00e4cker nog till med dygnet som g\u00e5tt.<\/h6>\n<h6>Till h\u00f6stv\u00e4der h\u00f6r ju b\u00e5de regn och storm<\/h6>\n<h6>men gillar inte denna som var s\u00e5 enorm!<\/h6>\n<h6><\/h6>\n","protected":false},"excerpt":{"rendered":"<p>Diktat av Eva den 17 september 2020, d\u00e5 stormvindarna svepte \u00f6ver landet. Stormen \u00e4r \u00e4nnu allt annat \u00e4n \u00f6ver men inne i huset har vi allt vi beh\u00f6ver. Vi har vatten, v\u00e4rme, mat och el, var ett varv ut och <a class=\"more-link\" href=\"https:\/\/www.kristinestadshistoria.fi\/?page_id=17711\">Forts\u00e4tt l\u00e4sa <span class=\"screen-reader-text\">  Stormvindar fr\u00e5n norr.<\/span><span class=\"meta-nav\">&rarr;<\/span><\/a><\/p>\n","protected":false},"author":1,"featured_media":0,"parent":16671,"menu_order":10,"comment_status":"closed","ping_status":"closed","template":"","meta":{"footnotes":""},"class_list":["post-17711","page","type-page","status-publish","hentry"],"_links":{"self":[{"href":"https:\/\/www.kristinestadshistoria.fi\/index.php?rest_route=\/wp\/v2\/pages\/17711","targetHints":{"allow":["GET"]}}],"collection":[{"href":"https:\/\/www.kristinestadshistoria.fi\/index.php?rest_route=\/wp\/v2\/pages"}],"about":[{"href":"https:\/\/www.kristinestadshistoria.fi\/index.php?rest_route=\/wp\/v2\/types\/page"}],"author":[{"embeddable":true,"href":"https:\/\/www.kristinestadshistoria.fi\/index.php?rest_route=\/wp\/v2\/users\/1"}],"replies":[{"embeddable":true,"href":"https:\/\/www.kristinestadshistoria.fi\/index.php?rest_route=%2Fwp%2Fv2%2Fcomments&post=17711"}],"version-history":[{"count":4,"href":"https:\/\/www.kristinestadshistoria.fi\/index.php?rest_route=\/wp\/v2\/pages\/17711\/revisions"}],"predecessor-version":[{"id":17715,"href":"https:\/\/www.kristinestadshistoria.fi\/index.php?rest_route=\/wp\/v2\/pages\/17711\/revisions\/17715"}],"up":[{"embeddable":true,"href":"https:\/\/www.kristinestadshistoria.fi\/index.php?rest_route=\/wp\/v2\/pages\/16671"}],"wp:attachment":[{"href":"https:\/\/www.kristinestadshistoria.fi\/index.php?rest_route=%2Fwp%2Fv2%2Fmedia&parent=17711"}],"curies":[{"name":"wp","href":"https:\/\/api.w.org\/{rel}","templated":true}]}}