{"id":14333,"date":"2019-09-18T20:47:10","date_gmt":"2019-09-18T17:47:10","guid":{"rendered":"http:\/\/www.lassebacklund.fi\/?page_id=14333"},"modified":"2019-11-10T13:52:34","modified_gmt":"2019-11-10T11:52:34","slug":"skolor","status":"publish","type":"page","link":"https:\/\/www.kristinestadshistoria.fi\/?page_id=14333","title":{"rendered":"Skolor."},"content":{"rendered":"<p><span lang=\"EN\" style=\"margin: 0px; color: #000080; font-family: 'Helvetica','sans-serif';\">Nedtecknat av Helga Englund fr\u00e5n Palon \u00e5r 1936:<\/span><\/p>\n<p><span lang=\"EN\" style=\"margin: 0px; font-family: 'Helvetica','sans-serif';\"><span style=\"color: #000000;\">F\u00f6rr i v\u00e4rlden fanns det inte skolor. Barnen gick hos n\u00e5gon gubbe eller gumma, som l\u00e4rde dem att l\u00e4sa i ABC-boken, katekesen, nya testamentet och psalm-boken. Den \u00e4ldsta k\u00e4nda skolm\u00e4staren i Dagsmark var \u201dckolam\u00e4staren\u201d Johan \u00d6str\u00f6m, f. 1713. Han var fr\u00e5n Sverige och gift p\u00e5 Rosenback hemman. <\/span><\/span><\/p>\n<p><span lang=\"EN\" style=\"margin: 0px; font-family: 'Helvetica','sans-serif';\"><span style=\"color: #000000;\">M\u00e5larel\u00e4rlingen och Barnal\u00e4raren Frans Viktor Askl\u00f6v (1838-1892) h\u00f6ll skola i skolstugan p\u00e5 Sebasbackan redan p\u00e5 1860-talet. Andra skolm\u00e4stare var en H\u00e4llberg, Viktor Blomkvist, Nordlund, Erik Henrik St\u00e5l, Gustav \u201dMokkelin\u201d L\u00e5ngfors, klockaren Jonas Spolander. <\/span><\/span><\/p>\n<p><span lang=\"EN\" style=\"margin: 0px; font-family: 'Helvetica','sans-serif';\"><span style=\"color: #000000;\">D\u00e4rtill n\u00e5gra kvinnor s\u00e5som Lillstu-Lisa, Holms-Brita, Greta B\u00e5sk och Sebas-Mina. \u00c5r 1878 den 1 oktober b\u00f6rjade Dagsmark folkskola sin verksamhet, och d\u00e4r har min far Erik Anders och alla hans syskon g\u00e5tt, liksom alla deras barn.<\/span><\/span><\/p>\n<p><span lang=\"EN\" style=\"margin: 0px; font-family: 'Helvetica','sans-serif';\"><span style=\"color: #000000;\">\u00a0Vill du l\u00e4sa mera om folkskolan i Dagsmark, s\u00e5 skall du klicka <a href=\"http:\/\/www.lassebacklund.fi\/?page_id=750\"><span style=\"text-decoration: underline;\"><span style=\"color: #000080;\"><strong>H\u00c4R!<\/strong><\/span><\/span><\/a><\/span><\/span><\/p>\n","protected":false},"excerpt":{"rendered":"<p>Nedtecknat av Helga Englund fr\u00e5n Palon \u00e5r 1936: F\u00f6rr i v\u00e4rlden fanns det inte skolor. Barnen gick hos n\u00e5gon gubbe eller gumma, som l\u00e4rde dem att l\u00e4sa i ABC-boken, katekesen, nya testamentet och psalm-boken. Den \u00e4ldsta k\u00e4nda skolm\u00e4staren i Dagsmark <a class=\"more-link\" href=\"https:\/\/www.kristinestadshistoria.fi\/?page_id=14333\">Forts\u00e4tt l\u00e4sa <span class=\"screen-reader-text\">  Skolor.<\/span><span class=\"meta-nav\">&rarr;<\/span><\/a><\/p>\n","protected":false},"author":1,"featured_media":0,"parent":3580,"menu_order":7,"comment_status":"closed","ping_status":"closed","template":"","meta":{"footnotes":""},"class_list":["post-14333","page","type-page","status-publish","hentry"],"_links":{"self":[{"href":"https:\/\/www.kristinestadshistoria.fi\/index.php?rest_route=\/wp\/v2\/pages\/14333","targetHints":{"allow":["GET"]}}],"collection":[{"href":"https:\/\/www.kristinestadshistoria.fi\/index.php?rest_route=\/wp\/v2\/pages"}],"about":[{"href":"https:\/\/www.kristinestadshistoria.fi\/index.php?rest_route=\/wp\/v2\/types\/page"}],"author":[{"embeddable":true,"href":"https:\/\/www.kristinestadshistoria.fi\/index.php?rest_route=\/wp\/v2\/users\/1"}],"replies":[{"embeddable":true,"href":"https:\/\/www.kristinestadshistoria.fi\/index.php?rest_route=%2Fwp%2Fv2%2Fcomments&post=14333"}],"version-history":[{"count":3,"href":"https:\/\/www.kristinestadshistoria.fi\/index.php?rest_route=\/wp\/v2\/pages\/14333\/revisions"}],"predecessor-version":[{"id":14852,"href":"https:\/\/www.kristinestadshistoria.fi\/index.php?rest_route=\/wp\/v2\/pages\/14333\/revisions\/14852"}],"up":[{"embeddable":true,"href":"https:\/\/www.kristinestadshistoria.fi\/index.php?rest_route=\/wp\/v2\/pages\/3580"}],"wp:attachment":[{"href":"https:\/\/www.kristinestadshistoria.fi\/index.php?rest_route=%2Fwp%2Fv2%2Fmedia&parent=14333"}],"curies":[{"name":"wp","href":"https:\/\/api.w.org\/{rel}","templated":true}]}}