{"id":14272,"date":"2019-09-13T18:54:25","date_gmt":"2019-09-13T15:54:25","guid":{"rendered":"http:\/\/www.lassebacklund.fi\/?page_id=14272"},"modified":"2020-04-05T22:43:02","modified_gmt":"2020-04-05T19:43:02","slug":"14272-2","status":"publish","type":"page","link":"https:\/\/www.kristinestadshistoria.fi\/?page_id=14272","title":{"rendered":"Heta dagar."},"content":{"rendered":"<p><span style=\"margin: 0px; color: #000080; font-family: 'Helvetica','sans-serif';\">Diktat av Eva under en resa till Incekum i Turkiet \u00e5r 2013:<\/span><\/p>\n<p><span style=\"margin: 0px; color: #1c1e21; font-family: 'Helvetica','sans-serif';\">N\u00e4r naveln \u00e4r full av svett<br \/>\nd\u00e5 borde man nog ha vett<br \/>\natt snabbt ge sig till havet ner<br \/>\nf\u00f6r den h\u00e4rliga svalka vattnet ger.<\/span><\/p>\n<p><span style=\"margin: 0px; color: #1c1e21; font-family: 'Helvetica','sans-serif';\">Till Alanya vi strax skall fara<br \/>\nk\u00f6pa viktiga saker men lite bara<br \/>\nMed Dolmusbussen g\u00e5r det beh\u00e4ndigt<br \/>\ntar lite tid f\u00f6r den stannar j\u00e4mt och st\u00e4ndigt.<\/span><\/p>\n<p><span style=\"margin: 0px; color: #1c1e21; font-family: 'Helvetica','sans-serif';\">Vi solar, \u00e4ter, traskar och simmar<br \/>\ndagarna g\u00e5r fort fast vi sover bara n\u00e5gra timmar.<br \/>\nSnart \u00e4r vi hemma igen ska vi hoppas<br \/>\nnu m\u00e5ste jag i, f\u00f6r det ur naveln droppar.<\/span><\/p>\n<p><span lang=\"SV\" style=\"margin: 0px; line-height: 115%; font-family: 'Helvetica','sans-serif'; font-size: 12pt;\"><span style=\"color: #000000;\">\u00a0<img loading=\"lazy\" decoding=\"async\" class=\"alignnone size-full wp-image-14271\" src=\"http:\/\/www.lassebacklund.fi\/wp-content\/uploads\/2019\/09\/Alanya-med-barnbarnen.jpg\" alt=\"\" width=\"1608\" height=\"1068\" srcset=\"https:\/\/www.kristinestadshistoria.fi\/wp-content\/uploads\/2019\/09\/Alanya-med-barnbarnen.jpg 1608w, https:\/\/www.kristinestadshistoria.fi\/wp-content\/uploads\/2019\/09\/Alanya-med-barnbarnen-300x199.jpg 300w, https:\/\/www.kristinestadshistoria.fi\/wp-content\/uploads\/2019\/09\/Alanya-med-barnbarnen-768x510.jpg 768w, https:\/\/www.kristinestadshistoria.fi\/wp-content\/uploads\/2019\/09\/Alanya-med-barnbarnen-1024x680.jpg 1024w\" sizes=\"auto, (max-width: 1608px) 100vw, 1608px\" \/><\/span><\/span><\/p>\n","protected":false},"excerpt":{"rendered":"<p>Diktat av Eva under en resa till Incekum i Turkiet \u00e5r 2013: N\u00e4r naveln \u00e4r full av svett d\u00e5 borde man nog ha vett att snabbt ge sig till havet ner f\u00f6r den h\u00e4rliga svalka vattnet ger. Till Alanya vi <a class=\"more-link\" href=\"https:\/\/www.kristinestadshistoria.fi\/?page_id=14272\">Forts\u00e4tt l\u00e4sa <span class=\"screen-reader-text\">  Heta dagar.<\/span><span class=\"meta-nav\">&rarr;<\/span><\/a><\/p>\n","protected":false},"author":1,"featured_media":0,"parent":13531,"menu_order":6,"comment_status":"closed","ping_status":"closed","template":"","meta":{"footnotes":""},"class_list":["post-14272","page","type-page","status-publish","hentry"],"_links":{"self":[{"href":"https:\/\/www.kristinestadshistoria.fi\/index.php?rest_route=\/wp\/v2\/pages\/14272","targetHints":{"allow":["GET"]}}],"collection":[{"href":"https:\/\/www.kristinestadshistoria.fi\/index.php?rest_route=\/wp\/v2\/pages"}],"about":[{"href":"https:\/\/www.kristinestadshistoria.fi\/index.php?rest_route=\/wp\/v2\/types\/page"}],"author":[{"embeddable":true,"href":"https:\/\/www.kristinestadshistoria.fi\/index.php?rest_route=\/wp\/v2\/users\/1"}],"replies":[{"embeddable":true,"href":"https:\/\/www.kristinestadshistoria.fi\/index.php?rest_route=%2Fwp%2Fv2%2Fcomments&post=14272"}],"version-history":[{"count":2,"href":"https:\/\/www.kristinestadshistoria.fi\/index.php?rest_route=\/wp\/v2\/pages\/14272\/revisions"}],"predecessor-version":[{"id":14274,"href":"https:\/\/www.kristinestadshistoria.fi\/index.php?rest_route=\/wp\/v2\/pages\/14272\/revisions\/14274"}],"up":[{"embeddable":true,"href":"https:\/\/www.kristinestadshistoria.fi\/index.php?rest_route=\/wp\/v2\/pages\/13531"}],"wp:attachment":[{"href":"https:\/\/www.kristinestadshistoria.fi\/index.php?rest_route=%2Fwp%2Fv2%2Fmedia&parent=14272"}],"curies":[{"name":"wp","href":"https:\/\/api.w.org\/{rel}","templated":true}]}}

<p><span style="margin: 0px; color: #000080; font-family: 'Helvetica','sans-serif';">Diktat av Eva under en resa till Incekum i Turkiet år 2013:</span></p>
<p><span style="margin: 0px; color: #1c1e21; font-family: 'Helvetica','sans-serif';">När naveln är full av svett<br />
då borde man nog ha vett<br />
att snabbt ge sig till havet ner<br />
för den härliga svalka vattnet ger.</span></p>
<p><span style="margin: 0px; color: #1c1e21; font-family: 'Helvetica','sans-serif';">Till Alanya vi strax skall fara<br />
köpa viktiga saker men lite bara<br />
Med Dolmusbussen går det behändigt<br />
tar lite tid för den stannar jämt och ständigt.</span></p>
<p><span style="margin: 0px; color: #1c1e21; font-family: 'Helvetica','sans-serif';">Vi solar, äter, traskar och simmar<br />
dagarna går fort fast vi sover bara några timmar.<br />
Snart är vi hemma igen ska vi hoppas<br />
nu måste jag i, för det ur naveln droppar.</span></p>
<p><span lang="SV" style="margin: 0px; line-height: 115%; font-family: 'Helvetica','sans-serif'; font-size: 12pt;"><span style="color: #000000;"> <img loading="lazy" decoding="async" class="alignnone size-full wp-image-14271" src="http://www.lassebacklund.fi/wp-content/uploads/2019/09/Alanya-med-barnbarnen.jpg" alt="" width="1608" height="1068" srcset="https://www.kristinestadshistoria.fi/wp-content/uploads/2019/09/Alanya-med-barnbarnen.jpg 1608w, https://www.kristinestadshistoria.fi/wp-content/uploads/2019/09/Alanya-med-barnbarnen-300x199.jpg 300w, https://www.kristinestadshistoria.fi/wp-content/uploads/2019/09/Alanya-med-barnbarnen-768x510.jpg 768w, https://www.kristinestadshistoria.fi/wp-content/uploads/2019/09/Alanya-med-barnbarnen-1024x680.jpg 1024w" sizes="auto, (max-width: 1608px) 100vw, 1608px" /></span></span></p>

<p>Diktat av Eva under en resa till Incekum i Turkiet år 2013: När naveln är full av svett då borde man nog ha vett att snabbt ge sig till havet ner för den härliga svalka vattnet ger. Till Alanya vi <a class="more-link" href="https://www.kristinestadshistoria.fi/?page_id=14272">Fortsätt läsa <span class="screen-reader-text">  Heta dagar.</span><span class="meta-nav">&rarr;</span></a></p>
