{"id":13267,"date":"2019-07-19T19:05:13","date_gmt":"2019-07-19T16:05:13","guid":{"rendered":"http:\/\/www.lassebacklund.fi\/?page_id=13267"},"modified":"2019-07-19T19:14:33","modified_gmt":"2019-07-19T16:14:33","slug":"julforberedelser","status":"publish","type":"page","link":"https:\/\/www.kristinestadshistoria.fi\/?page_id=13267","title":{"rendered":"Julf\u00f6rberedelser."},"content":{"rendered":"<p><span style=\"color: #000080;\">Diktat av Eva 20 december 2017:<\/span><\/p>\n<p><span lang=\"SV\" style=\"margin: 0px; color: #1d2129; font-family: 'Helvetica','sans-serif'; font-size: 12pt;\">Vi f\u00f6rbereder julen p\u00e5 olika s\u00e4tt,<br \/>\ninget \u00e4r v\u00e4l fel, nej alla \u00e4r r\u00e4tt.<br \/>\nEn putsar ytor med trasan i sin hand,<br \/>\nen annan packar v\u00e4skan och flyr till varmare land.<br \/>\nEn t\u00f6mmer sk\u00e5pen och diskar koppar och vas,<br \/>\nen annan sitter ner med gl\u00f6gg i sitt glas.<\/span><\/p>\n<h6><\/h6>\n<p><span lang=\"SV\" style=\"margin: 0px; color: #1d2129; font-family: 'Helvetica','sans-serif'; font-size: 12pt;\">En kokar kn\u00e4ck, bakar limpor och finska pinnar,<br \/>\nen annan bygger pepparkakshus med b\u00e5de torn och tinnar.<br \/>\nEn plockar fram tomtar i m\u00e5nga, l\u00e5nga rader<br \/>\nmedan en annan av dylikt f\u00e5r spunk och spader.<br \/>\nEn k\u00f6per skinka och en annan kalkon<br \/>\nvissa s\u00e4tter ut tomtegr\u00f6t p\u00e5 f\u00f6rstubron.<\/span><\/p>\n<h6><\/h6>\n<p><span lang=\"SV\" style=\"margin: 0px; color: #1d2129; font-family: 'Helvetica','sans-serif'; font-size: 12pt;\">En skickar julkort i stora tjocka buntar.<br \/>\nen annan i dylik gammaldags tradition helt struntar.<br \/>\nEn g\u00e5r till kyrkan f\u00f6r att julst\u00e4mning hitta,<br \/>\nen annan med polarna p\u00e5 krogen vill sitta.<br \/>\nEn tar in granen som \u00e4r gjord av plast,<br \/>\nen annan stal fr\u00e5n skogen, glad att han ej kom fast.<\/span><\/p>\n<h6><\/h6>\n<p><span lang=\"SV\" style=\"margin: 0px; color: #1d2129; font-family: 'Helvetica','sans-serif'; font-size: 12pt;\">En k\u00f6per julklappar till alla och envar,<br \/>\nen annan kanske t\u00e4nker att allt dom redan har.<br \/>\nHur Du \u00e4n g\u00f6r jag hoppas du \u00e4r n\u00f6jd.<br \/>\nH\u00e4rmed jag \u00f6nskar alla Julefrid och Julefr\u00f6jd!<\/span><\/p>\n<p>&nbsp;<\/p>\n<p><span style=\"color: #000080;\">Diktat av Eva 17 december 2018:<\/span><\/p>\n<h6><span lang=\"SV\" style=\"margin: 0px; line-height: 115%; font-family: 'Helvetica','sans-serif'; font-size: 12pt;\"><span style=\"color: #000000;\">S\u00e5h\u00e4r inf\u00f6r julen \u00e4r det mycket att t\u00e4nka p\u00e5,<\/span><\/span><\/h6>\n<h6><span lang=\"SV\" style=\"margin: 0px; line-height: 115%; font-family: 'Helvetica','sans-serif'; font-size: 12pt;\"><span style=\"color: #000000;\">saker jag h\u00e5llit fast vid \u00e4nda sen barnen var sm\u00e5.<\/span><\/span><\/h6>\n<h6><span lang=\"SV\" style=\"margin: 0px; line-height: 115%; font-family: 'Helvetica','sans-serif'; font-size: 12pt;\"><span style=\"color: #000000;\">Nu n\u00e4r jag har tid \u00e4r det ju bara kul<\/span><\/span><\/h6>\n<h6><span lang=\"SV\" style=\"margin: 0px; line-height: 115%; font-family: 'Helvetica','sans-serif'; font-size: 12pt;\"><span style=\"color: #000000;\">att i lugn och ro f\u00e5 g\u00f6ra i ordning till jul.<\/span><\/span><\/h6>\n<h6><span lang=\"SV\" style=\"margin: 0px; line-height: 115%; font-family: 'Helvetica','sans-serif'; font-size: 12pt;\"><span style=\"color: #000000;\">\u00a0<\/span><\/span><\/h6>\n<h6><span lang=\"SV\" style=\"margin: 0px; line-height: 115%; font-family: 'Helvetica','sans-serif'; font-size: 12pt;\"><span style=\"color: #000000;\">Korten de \u00e4r skrivna och lagda i kuverten r\u00f6da<\/span><\/span><\/h6>\n<h6><span lang=\"SV\" style=\"margin: 0px; line-height: 115%; font-family: 'Helvetica','sans-serif'; font-size: 12pt;\"><span style=\"color: #000000;\">en gammal tradition som \u00e4r v\u00e4rd dess m\u00f6da.<\/span><\/span><\/h6>\n<h6><span lang=\"SV\" style=\"margin: 0px; line-height: 115%; font-family: 'Helvetica','sans-serif'; font-size: 12pt;\"><span style=\"color: #000000;\">P\u00e5 konserter har vi varit, i \u00e5r blev de tv\u00e5<\/span><\/span><\/h6>\n<h6><span lang=\"SV\" style=\"margin: 0px; line-height: 115%; font-family: 'Helvetica','sans-serif'; font-size: 12pt;\"><span style=\"color: #000000;\">och i morgon v\u00e4ntar frissan, h\u00e5ret v\u00e4xer fast jag \u00e4r gr\u00e5.<\/span><\/span><\/h6>\n<h6><span lang=\"SV\" style=\"margin: 0px; line-height: 115%; font-family: 'Helvetica','sans-serif'; font-size: 12pt;\"><span style=\"color: #000000;\">\u00a0<\/span><\/span><\/h6>\n<h6><span lang=\"SV\" style=\"margin: 0px; line-height: 115%; font-family: 'Helvetica','sans-serif'; font-size: 12pt;\"><span style=\"color: #000000;\">Tomtar har jag m\u00e5lat och klappar slagit in,<\/span><\/span><\/h6>\n<h6><span lang=\"SV\" style=\"margin: 0px; line-height: 115%; font-family: 'Helvetica','sans-serif'; font-size: 12pt;\"><span style=\"color: #000000;\">i \u00e5r har jag slarvat, skrev inga rim!<\/span><\/span><\/h6>\n<h6><span lang=\"SV\" style=\"margin: 0px; line-height: 115%; font-family: 'Helvetica','sans-serif'; font-size: 12pt;\"><span style=\"color: #000000;\">I dag skall duschen skrubbas, den skall vara ren,<\/span><\/span><\/h6>\n<h6><span lang=\"SV\" style=\"margin: 0px; line-height: 115%; font-family: 'Helvetica','sans-serif'; font-size: 12pt;\"><span style=\"color: #000000;\">en fettkorv s\u00e4ttas ut \u00e5t f\u00e5glarna p\u00e5 tallegren.<\/span><\/span><\/h6>\n<h6><span lang=\"SV\" style=\"margin: 0px; line-height: 115%; font-family: 'Helvetica','sans-serif'; font-size: 12pt;\"><span style=\"color: #000000;\">\u00a0<\/span><\/span><\/h6>\n<h6><span lang=\"SV\" style=\"margin: 0px; line-height: 115%; font-family: 'Helvetica','sans-serif'; font-size: 12pt;\"><span style=\"color: #000000;\">Lakanen \u00e4r bytta, ett par mattor likas\u00e5.<\/span><\/span><\/h6>\n<h6><span lang=\"SV\" style=\"margin: 0px; line-height: 115%; font-family: 'Helvetica','sans-serif'; font-size: 12pt;\"><span style=\"color: #000000;\">Limpor skall \u00e4nnu bakas, en chokladkaka ocks\u00e5.<\/span><\/span><\/h6>\n<h6><span lang=\"SV\" style=\"margin: 0px; line-height: 115%; font-family: 'Helvetica','sans-serif'; font-size: 12pt;\"><span style=\"color: #000000;\">Leverl\u00e5dan familjen gillar och \u00e4ven senapssill<\/span><\/span><\/h6>\n<h6><span lang=\"SV\" style=\"margin: 0px; line-height: 115%; font-family: 'Helvetica','sans-serif'; font-size: 12pt;\"><span style=\"color: #000000;\">med \u00e4ttika och socker och ganska mycket dill.<\/span><\/span><\/h6>\n<h6><span lang=\"SV\" style=\"margin: 0px; line-height: 115%; font-family: 'Helvetica','sans-serif'; font-size: 12pt;\"><span style=\"color: #000000;\">\u00a0<\/span><\/span><\/h6>\n<h6><span lang=\"SV\" style=\"margin: 0px; line-height: 115%; font-family: 'Helvetica','sans-serif'; font-size: 12pt;\"><span style=\"color: #000000;\">Granen den \u00e4r h\u00e4mtad, st\u00e5r och v\u00e4ntar att tas in,<\/span><\/span><\/h6>\n<h6><span lang=\"SV\" style=\"margin: 0px; line-height: 115%; font-family: 'Helvetica','sans-serif'; font-size: 12pt;\"><span style=\"color: #000000;\">pyntas med bollar och glitter s\u00e5 att den blir fin.<\/span><\/span><\/h6>\n<h6><span lang=\"SV\" style=\"margin: 0px; line-height: 115%; font-family: 'Helvetica','sans-serif'; font-size: 12pt;\"><span style=\"color: #000000;\">I natt har det sn\u00f6at s\u00e5 v\u00e4rlden \u00e4r nu vackert vit.<\/span><\/span><\/h6>\n<h6><span lang=\"SV\" style=\"margin: 0px; line-height: 115%; font-family: 'Helvetica','sans-serif'; font-size: 12pt;\"><span style=\"color: #000000;\">Avslutar med orden: K\u00e4ra jul, v\u00e4lkommen hit!<\/span><\/span><\/h6>\n<p><img loading=\"lazy\" decoding=\"async\" class=\"alignnone size-full wp-image-13269\" src=\"http:\/\/www.lassebacklund.fi\/wp-content\/uploads\/2019\/07\/Julf\u00f6rberedelser.jpg\" alt=\"\" width=\"1040\" height=\"1384\" srcset=\"https:\/\/www.kristinestadshistoria.fi\/wp-content\/uploads\/2019\/07\/Julf\u00f6rberedelser.jpg 1040w, https:\/\/www.kristinestadshistoria.fi\/wp-content\/uploads\/2019\/07\/Julf\u00f6rberedelser-225x300.jpg 225w, https:\/\/www.kristinestadshistoria.fi\/wp-content\/uploads\/2019\/07\/Julf\u00f6rberedelser-768x1022.jpg 768w, https:\/\/www.kristinestadshistoria.fi\/wp-content\/uploads\/2019\/07\/Julf\u00f6rberedelser-769x1024.jpg 769w\" sizes=\"auto, (max-width: 1040px) 100vw, 1040px\" \/><\/p>\n<p>&nbsp;<\/p>\n","protected":false},"excerpt":{"rendered":"<p>Diktat av Eva 20 december 2017: Vi f\u00f6rbereder julen p\u00e5 olika s\u00e4tt, inget \u00e4r v\u00e4l fel, nej alla \u00e4r r\u00e4tt. En putsar ytor med trasan i sin hand, en annan packar v\u00e4skan och flyr till varmare land. En t\u00f6mmer sk\u00e5pen <a class=\"more-link\" href=\"https:\/\/www.kristinestadshistoria.fi\/?page_id=13267\">Forts\u00e4tt l\u00e4sa <span class=\"screen-reader-text\">  Julf\u00f6rberedelser.<\/span><span class=\"meta-nav\">&rarr;<\/span><\/a><\/p>\n","protected":false},"author":1,"featured_media":0,"parent":13107,"menu_order":0,"comment_status":"closed","ping_status":"closed","template":"","meta":{"footnotes":""},"class_list":["post-13267","page","type-page","status-publish","hentry"],"_links":{"self":[{"href":"https:\/\/www.kristinestadshistoria.fi\/index.php?rest_route=\/wp\/v2\/pages\/13267","targetHints":{"allow":["GET"]}}],"collection":[{"href":"https:\/\/www.kristinestadshistoria.fi\/index.php?rest_route=\/wp\/v2\/pages"}],"about":[{"href":"https:\/\/www.kristinestadshistoria.fi\/index.php?rest_route=\/wp\/v2\/types\/page"}],"author":[{"embeddable":true,"href":"https:\/\/www.kristinestadshistoria.fi\/index.php?rest_route=\/wp\/v2\/users\/1"}],"replies":[{"embeddable":true,"href":"https:\/\/www.kristinestadshistoria.fi\/index.php?rest_route=%2Fwp%2Fv2%2Fcomments&post=13267"}],"version-history":[{"count":5,"href":"https:\/\/www.kristinestadshistoria.fi\/index.php?rest_route=\/wp\/v2\/pages\/13267\/revisions"}],"predecessor-version":[{"id":13273,"href":"https:\/\/www.kristinestadshistoria.fi\/index.php?rest_route=\/wp\/v2\/pages\/13267\/revisions\/13273"}],"up":[{"embeddable":true,"href":"https:\/\/www.kristinestadshistoria.fi\/index.php?rest_route=\/wp\/v2\/pages\/13107"}],"wp:attachment":[{"href":"https:\/\/www.kristinestadshistoria.fi\/index.php?rest_route=%2Fwp%2Fv2%2Fmedia&parent=13267"}],"curies":[{"name":"wp","href":"https:\/\/api.w.org\/{rel}","templated":true}]}}