{"id":13224,"date":"2019-07-18T22:40:10","date_gmt":"2019-07-18T19:40:10","guid":{"rendered":"http:\/\/www.lassebacklund.fi\/?page_id=13224"},"modified":"2019-07-18T22:40:10","modified_gmt":"2019-07-18T19:40:10","slug":"tomten-i-hallen","status":"publish","type":"page","link":"https:\/\/www.kristinestadshistoria.fi\/?page_id=13224","title":{"rendered":"Tomten i hallen."},"content":{"rendered":"<p><span style=\"color: #000080;\">Skrivet av Eva p\u00e5 julaftonen 2017:<\/span><\/p>\n<h6><span lang=\"SV\" style=\"margin: 0px; line-height: 115%; font-family: 'Helvetica','sans-serif'; font-size: 12pt;\"><span style=\"color: #000000;\">Han st\u00e5r d\u00e4r s\u00e5 stolt, v\u00e5r julebock<\/span><\/span><\/h6>\n<h6><span lang=\"SV\" style=\"margin: 0px; line-height: 115%; font-family: 'Helvetica','sans-serif'; font-size: 12pt;\"><span style=\"color: #000000;\">fet och frodig i sin r\u00f6da rock,<\/span><\/span><\/h6>\n<h6><span lang=\"SV\" style=\"margin: 0px; line-height: 115%; font-family: 'Helvetica','sans-serif'; font-size: 12pt;\"><span style=\"color: #000000;\">Klappar i s\u00e4cken p\u00e5 ryggen han har<\/span><\/span><\/h6>\n<h6><span lang=\"SV\" style=\"margin: 0px; line-height: 115%; font-family: 'Helvetica','sans-serif'; font-size: 12pt;\"><span style=\"color: #000000;\">\u00e4ven efter julen dom d\u00e4r ligger kvar.<\/span><\/span><\/h6>\n<h6><span lang=\"SV\" style=\"margin: 0px; line-height: 115%; font-family: 'Helvetica','sans-serif'; font-size: 12pt;\"><span style=\"color: #000000;\">\u00a0<\/span><\/span><\/h6>\n<h6><span lang=\"SV\" style=\"margin: 0px; line-height: 115%; font-family: 'Helvetica','sans-serif'; font-size: 12pt;\"><span style=\"color: #000000;\">En m\u00e5nad i \u00e5ret han pryder v\u00e5r hall<\/span><\/span><\/h6>\n<h6><span lang=\"SV\" style=\"margin: 0px; line-height: 115%; font-family: 'Helvetica','sans-serif'; font-size: 12pt;\"><span style=\"color: #000000;\">oberoende om dagen \u00e4r varm eller kall.<\/span><\/span><\/h6>\n<h6><span lang=\"SV\" style=\"margin: 0px; line-height: 115%; font-family: 'Helvetica','sans-serif'; font-size: 12pt;\"><span style=\"color: #000000;\">Resten av \u00e5ret han ligger p\u00e5 rygg<\/span><\/span><\/h6>\n<h6><span lang=\"SV\" style=\"margin: 0px; line-height: 115%; font-family: 'Helvetica','sans-serif'; font-size: 12pt;\"><span style=\"color: #000000;\">inuti en p\u00e5se f\u00f6r att alltid vara snygg.<\/span><\/span><\/h6>\n<h6><span lang=\"SV\" style=\"margin: 0px; line-height: 115%; font-family: 'Helvetica','sans-serif'; font-size: 12pt;\"><span style=\"color: #000000;\">\u00a0<\/span><\/span><\/h6>\n<h6><span lang=\"SV\" style=\"margin: 0px; line-height: 115%; font-family: 'Helvetica','sans-serif'; font-size: 12pt;\"><span style=\"color: #000000;\">T\u00e4nk om man \u00e4nd\u00e5 en julbock fick vara,<\/span><\/span><\/h6>\n<h6><span lang=\"SV\" style=\"margin: 0px; line-height: 115%; font-family: 'Helvetica','sans-serif'; font-size: 12pt;\"><span style=\"color: #000000;\">bara gl\u00e4dja andra och ho-ho-ho svara.<\/span><\/span><\/h6>\n<h6><span lang=\"SV\" style=\"margin: 0px; line-height: 115%; font-family: 'Helvetica','sans-serif'; font-size: 12pt;\"><span style=\"color: #000000;\">Men usch va tr\u00e5kigt d\u00e4r ovanp\u00e5 skrubben.<\/span><\/span><\/h6>\n<h6><span lang=\"SV\" style=\"margin: 0px; line-height: 115%; font-family: 'Helvetica','sans-serif'; font-size: 12pt;\"><span style=\"color: #000000;\">Jag skulle nog sakna barn, barnbarn och gubben!<\/span><\/span><\/h6>\n<figure id=\"attachment_13223\" aria-describedby=\"caption-attachment-13223\" style=\"width: 2304px\" class=\"wp-caption alignnone\"><img loading=\"lazy\" decoding=\"async\" class=\"size-full wp-image-13223\" src=\"http:\/\/www.lassebacklund.fi\/wp-content\/uploads\/2019\/07\/Tomten-i-hallen.jpg\" alt=\"\" width=\"2304\" height=\"1704\" srcset=\"https:\/\/www.kristinestadshistoria.fi\/wp-content\/uploads\/2019\/07\/Tomten-i-hallen.jpg 2304w, https:\/\/www.kristinestadshistoria.fi\/wp-content\/uploads\/2019\/07\/Tomten-i-hallen-300x222.jpg 300w, https:\/\/www.kristinestadshistoria.fi\/wp-content\/uploads\/2019\/07\/Tomten-i-hallen-768x568.jpg 768w, https:\/\/www.kristinestadshistoria.fi\/wp-content\/uploads\/2019\/07\/Tomten-i-hallen-1024x757.jpg 1024w\" sizes=\"auto, (max-width: 2304px) 100vw, 2304px\" \/><figcaption id=\"caption-attachment-13223\" class=\"wp-caption-text\">&#8221;Resten av \u00e5ret han ligger p\u00e5 rygg<br \/>inuti en p\u00e5se f\u00f6r att alltid vara snygg.&#8221;<\/figcaption><\/figure>\n","protected":false},"excerpt":{"rendered":"<p>Skrivet av Eva p\u00e5 julaftonen 2017: Han st\u00e5r d\u00e4r s\u00e5 stolt, v\u00e5r julebock fet och frodig i sin r\u00f6da rock, Klappar i s\u00e4cken p\u00e5 ryggen han har \u00e4ven efter julen dom d\u00e4r ligger kvar. \u00a0 En m\u00e5nad i \u00e5ret han <a class=\"more-link\" href=\"https:\/\/www.kristinestadshistoria.fi\/?page_id=13224\">Forts\u00e4tt l\u00e4sa <span class=\"screen-reader-text\">  Tomten i hallen.<\/span><span class=\"meta-nav\">&rarr;<\/span><\/a><\/p>\n","protected":false},"author":1,"featured_media":0,"parent":13107,"menu_order":0,"comment_status":"closed","ping_status":"closed","template":"","meta":{"footnotes":""},"class_list":["post-13224","page","type-page","status-publish","hentry"],"_links":{"self":[{"href":"https:\/\/www.kristinestadshistoria.fi\/index.php?rest_route=\/wp\/v2\/pages\/13224","targetHints":{"allow":["GET"]}}],"collection":[{"href":"https:\/\/www.kristinestadshistoria.fi\/index.php?rest_route=\/wp\/v2\/pages"}],"about":[{"href":"https:\/\/www.kristinestadshistoria.fi\/index.php?rest_route=\/wp\/v2\/types\/page"}],"author":[{"embeddable":true,"href":"https:\/\/www.kristinestadshistoria.fi\/index.php?rest_route=\/wp\/v2\/users\/1"}],"replies":[{"embeddable":true,"href":"https:\/\/www.kristinestadshistoria.fi\/index.php?rest_route=%2Fwp%2Fv2%2Fcomments&post=13224"}],"version-history":[{"count":1,"href":"https:\/\/www.kristinestadshistoria.fi\/index.php?rest_route=\/wp\/v2\/pages\/13224\/revisions"}],"predecessor-version":[{"id":13225,"href":"https:\/\/www.kristinestadshistoria.fi\/index.php?rest_route=\/wp\/v2\/pages\/13224\/revisions\/13225"}],"up":[{"embeddable":true,"href":"https:\/\/www.kristinestadshistoria.fi\/index.php?rest_route=\/wp\/v2\/pages\/13107"}],"wp:attachment":[{"href":"https:\/\/www.kristinestadshistoria.fi\/index.php?rest_route=%2Fwp%2Fv2%2Fmedia&parent=13224"}],"curies":[{"name":"wp","href":"https:\/\/api.w.org\/{rel}","templated":true}]}}

<p><span style="color: #000080;">Skrivet av Eva på julaftonen 2017:</span></p>
<h6><span lang="SV" style="margin: 0px; line-height: 115%; font-family: 'Helvetica','sans-serif'; font-size: 12pt;"><span style="color: #000000;">Han står där så stolt, vår julebock</span></span></h6>
<h6><span lang="SV" style="margin: 0px; line-height: 115%; font-family: 'Helvetica','sans-serif'; font-size: 12pt;"><span style="color: #000000;">fet och frodig i sin röda rock,</span></span></h6>
<h6><span lang="SV" style="margin: 0px; line-height: 115%; font-family: 'Helvetica','sans-serif'; font-size: 12pt;"><span style="color: #000000;">Klappar i säcken på ryggen han har</span></span></h6>
<h6><span lang="SV" style="margin: 0px; line-height: 115%; font-family: 'Helvetica','sans-serif'; font-size: 12pt;"><span style="color: #000000;">även efter julen dom där ligger kvar.</span></span></h6>
<h6><span lang="SV" style="margin: 0px; line-height: 115%; font-family: 'Helvetica','sans-serif'; font-size: 12pt;"><span style="color: #000000;"> </span></span></h6>
<h6><span lang="SV" style="margin: 0px; line-height: 115%; font-family: 'Helvetica','sans-serif'; font-size: 12pt;"><span style="color: #000000;">En månad i året han pryder vår hall</span></span></h6>
<h6><span lang="SV" style="margin: 0px; line-height: 115%; font-family: 'Helvetica','sans-serif'; font-size: 12pt;"><span style="color: #000000;">oberoende om dagen är varm eller kall.</span></span></h6>
<h6><span lang="SV" style="margin: 0px; line-height: 115%; font-family: 'Helvetica','sans-serif'; font-size: 12pt;"><span style="color: #000000;">Resten av året han ligger på rygg</span></span></h6>
<h6><span lang="SV" style="margin: 0px; line-height: 115%; font-family: 'Helvetica','sans-serif'; font-size: 12pt;"><span style="color: #000000;">inuti en påse för att alltid vara snygg.</span></span></h6>
<h6><span lang="SV" style="margin: 0px; line-height: 115%; font-family: 'Helvetica','sans-serif'; font-size: 12pt;"><span style="color: #000000;"> </span></span></h6>
<h6><span lang="SV" style="margin: 0px; line-height: 115%; font-family: 'Helvetica','sans-serif'; font-size: 12pt;"><span style="color: #000000;">Tänk om man ändå en julbock fick vara,</span></span></h6>
<h6><span lang="SV" style="margin: 0px; line-height: 115%; font-family: 'Helvetica','sans-serif'; font-size: 12pt;"><span style="color: #000000;">bara glädja andra och ho-ho-ho svara.</span></span></h6>
<h6><span lang="SV" style="margin: 0px; line-height: 115%; font-family: 'Helvetica','sans-serif'; font-size: 12pt;"><span style="color: #000000;">Men usch va tråkigt där ovanpå skrubben.</span></span></h6>
<h6><span lang="SV" style="margin: 0px; line-height: 115%; font-family: 'Helvetica','sans-serif'; font-size: 12pt;"><span style="color: #000000;">Jag skulle nog sakna barn, barnbarn och gubben!</span></span></h6>
<figure id="attachment_13223" aria-describedby="caption-attachment-13223" style="width: 2304px" class="wp-caption alignnone"><img loading="lazy" decoding="async" class="size-full wp-image-13223" src="http://www.lassebacklund.fi/wp-content/uploads/2019/07/Tomten-i-hallen.jpg" alt="" width="2304" height="1704" srcset="https://www.kristinestadshistoria.fi/wp-content/uploads/2019/07/Tomten-i-hallen.jpg 2304w, https://www.kristinestadshistoria.fi/wp-content/uploads/2019/07/Tomten-i-hallen-300x222.jpg 300w, https://www.kristinestadshistoria.fi/wp-content/uploads/2019/07/Tomten-i-hallen-768x568.jpg 768w, https://www.kristinestadshistoria.fi/wp-content/uploads/2019/07/Tomten-i-hallen-1024x757.jpg 1024w" sizes="auto, (max-width: 2304px) 100vw, 2304px" /><figcaption id="caption-attachment-13223" class="wp-caption-text">&#8221;Resten av året han ligger på rygg<br />inuti en påse för att alltid vara snygg.&#8221;</figcaption></figure>

<p>Skrivet av Eva på julaftonen 2017: Han står där så stolt, vår julebock fet och frodig i sin röda rock, Klappar i säcken på ryggen han har även efter julen dom där ligger kvar.   En månad i året han <a class="more-link" href="https://www.kristinestadshistoria.fi/?page_id=13224">Fortsätt läsa <span class="screen-reader-text">  Tomten i hallen.</span><span class="meta-nav">&rarr;</span></a></p>
