{"id":13214,"date":"2019-07-18T22:08:53","date_gmt":"2019-07-18T19:08:53","guid":{"rendered":"http:\/\/www.lassebacklund.fi\/?page_id=13214"},"modified":"2019-07-18T22:10:24","modified_gmt":"2019-07-18T19:10:24","slug":"badaren-som-kom-av-sig","status":"publish","type":"page","link":"https:\/\/www.kristinestadshistoria.fi\/?page_id=13214","title":{"rendered":"Badaren som kom av sig."},"content":{"rendered":"<p><span style=\"color: #000080;\">Skrivet av Eva den 17 juli 2018:<\/span><\/p>\n<p><span style=\"margin: 0px; color: #1c1e21; font-family: 'Helvetica','sans-serif';\">Helt otroligt vilken skillnad det kan va<br \/>\np\u00e5 vattentemperaturen fr\u00e5n da och till da.<br \/>\nI g\u00e5r var det sk\u00f6nt, ljummet och behagligt,<br \/>\ni dag flera grader kallare, mycket beklagligt!<\/span><\/p>\n<p><span style=\"margin: 0px; color: #1c1e21; font-family: 'Helvetica','sans-serif';\">I g\u00e5r var jag ut till och med tv\u00e5 g\u00e5nger,<br \/>\ngick bara i utan l\u00e5ngkalsonger.<br \/>\nIdag jag skulle g\u00f6ra bedriften i repris<br \/>\nt\u00e4nkte inte vara n\u00e5n pj\u00e5kig &#8221;sistegris&#8221;.<\/span><\/p>\n<p><span style=\"margin: 0px; color: #1c1e21; font-family: 'Helvetica','sans-serif';\">Hoppa av cykeln och tog kl\u00e4nningen bort<br \/>\nkavat ner i vattnet men sessionen blev kort.<br \/>\ndet var s\u00e5 kallt att det runt vaderna br\u00e4nde<br \/>\noch f\u00f6tterna f\u00f6rsvann, jag dom ej k\u00e4nde.<\/span><\/p>\n<p><span style=\"margin: 0px; color: #1c1e21; font-family: 'Helvetica','sans-serif';\">Stod d\u00e4r en stund, fundera och besl\u00f6t<br \/>\natt det s\u00e4kert r\u00e4cker om stort\u00e5n blev bl\u00f6t.<br \/>\nKl\u00e4nningen p\u00e5 och jag trampa iv\u00e4g<br \/>\nhoppas nu ingen tycker att jag var feg!<\/span><span style=\"margin: 0px; color: #1c1e21; font-family: 'Helvetica','sans-serif';\">\u00a0<\/span><\/p>\n<figure id=\"attachment_13213\" aria-describedby=\"caption-attachment-13213\" style=\"width: 2304px\" class=\"wp-caption alignnone\"><img loading=\"lazy\" decoding=\"async\" class=\"size-full wp-image-13213\" src=\"http:\/\/www.lassebacklund.fi\/wp-content\/uploads\/2019\/07\/Badaren.jpg\" alt=\"\" width=\"2304\" height=\"1704\" srcset=\"https:\/\/www.kristinestadshistoria.fi\/wp-content\/uploads\/2019\/07\/Badaren.jpg 2304w, https:\/\/www.kristinestadshistoria.fi\/wp-content\/uploads\/2019\/07\/Badaren-300x222.jpg 300w, https:\/\/www.kristinestadshistoria.fi\/wp-content\/uploads\/2019\/07\/Badaren-768x568.jpg 768w, https:\/\/www.kristinestadshistoria.fi\/wp-content\/uploads\/2019\/07\/Badaren-1024x757.jpg 1024w\" sizes=\"auto, (max-width: 2304px) 100vw, 2304px\" \/><figcaption id=\"caption-attachment-13213\" class=\"wp-caption-text\">Havsbadet i Kristinestad.<\/figcaption><\/figure>\n","protected":false},"excerpt":{"rendered":"<p>Skrivet av Eva den 17 juli 2018: Helt otroligt vilken skillnad det kan va p\u00e5 vattentemperaturen fr\u00e5n da och till da. I g\u00e5r var det sk\u00f6nt, ljummet och behagligt, i dag flera grader kallare, mycket beklagligt! I g\u00e5r var jag <a class=\"more-link\" href=\"https:\/\/www.kristinestadshistoria.fi\/?page_id=13214\">Forts\u00e4tt l\u00e4sa <span class=\"screen-reader-text\">  Badaren som kom av sig.<\/span><span class=\"meta-nav\">&rarr;<\/span><\/a><\/p>\n","protected":false},"author":1,"featured_media":0,"parent":13107,"menu_order":0,"comment_status":"closed","ping_status":"closed","template":"","meta":{"footnotes":""},"class_list":["post-13214","page","type-page","status-publish","hentry"],"_links":{"self":[{"href":"https:\/\/www.kristinestadshistoria.fi\/index.php?rest_route=\/wp\/v2\/pages\/13214","targetHints":{"allow":["GET"]}}],"collection":[{"href":"https:\/\/www.kristinestadshistoria.fi\/index.php?rest_route=\/wp\/v2\/pages"}],"about":[{"href":"https:\/\/www.kristinestadshistoria.fi\/index.php?rest_route=\/wp\/v2\/types\/page"}],"author":[{"embeddable":true,"href":"https:\/\/www.kristinestadshistoria.fi\/index.php?rest_route=\/wp\/v2\/users\/1"}],"replies":[{"embeddable":true,"href":"https:\/\/www.kristinestadshistoria.fi\/index.php?rest_route=%2Fwp%2Fv2%2Fcomments&post=13214"}],"version-history":[{"count":2,"href":"https:\/\/www.kristinestadshistoria.fi\/index.php?rest_route=\/wp\/v2\/pages\/13214\/revisions"}],"predecessor-version":[{"id":13216,"href":"https:\/\/www.kristinestadshistoria.fi\/index.php?rest_route=\/wp\/v2\/pages\/13214\/revisions\/13216"}],"up":[{"embeddable":true,"href":"https:\/\/www.kristinestadshistoria.fi\/index.php?rest_route=\/wp\/v2\/pages\/13107"}],"wp:attachment":[{"href":"https:\/\/www.kristinestadshistoria.fi\/index.php?rest_route=%2Fwp%2Fv2%2Fmedia&parent=13214"}],"curies":[{"name":"wp","href":"https:\/\/api.w.org\/{rel}","templated":true}]}}