{"id":13179,"date":"2019-07-16T22:47:39","date_gmt":"2019-07-16T19:47:39","guid":{"rendered":"http:\/\/www.lassebacklund.fi\/?page_id=13179"},"modified":"2019-07-18T22:59:59","modified_gmt":"2019-07-18T19:59:59","slug":"13179-2","status":"publish","type":"page","link":"https:\/\/www.kristinestadshistoria.fi\/?page_id=13179","title":{"rendered":"Sj\u00e4lvst\u00e4ndighetsdagen."},"content":{"rendered":"<h6><span style=\"color: #000080;\">Skrivet av Eva den 6 december 2015:<\/span><\/h6>\n<p>&nbsp;<\/p>\n<h6><span style=\"margin: 0px; font-family: 'Helvetica',sans-serif; font-size: 12pt;\"><span style=\"color: #000000;\">Uppe i ottan och glad som en l\u00e4rka,<\/span><\/span><\/h6>\n<h6><span style=\"margin: 0px; font-family: 'Helvetica',sans-serif; font-size: 12pt;\"><span style=\"color: #000000;\">av g\u00e5rdagens julfest jag ingenting m\u00e4rka<\/span><\/span><\/h6>\n<h6><span style=\"margin: 0px; font-family: 'Helvetica',sans-serif; font-size: 12pt;\"><span style=\"color: #000000;\">men s\u00e5 for vi ju hem i god mans tid<\/span><\/span><\/h6>\n<h6><span style=\"margin: 0px; font-family: 'Helvetica',sans-serif; font-size: 12pt;\"><span style=\"color: #000000;\">ty p\u00e5 dansgolvet hade vi inget glid.<\/span><\/span><\/h6>\n<h6><span style=\"margin: 0px; font-family: 'Helvetica',sans-serif; font-size: 12pt;\"><span style=\"color: #000000;\">\u00a0<\/span><\/span><\/h6>\n<h6><span style=\"margin: 0px; font-family: 'Helvetica',sans-serif; font-size: 12pt;\"><span style=\"color: #000000;\">P\u00e5 bordet st\u00e5r tv\u00e5 ljus som jag har t\u00e4nt,<\/span><\/span><\/h6>\n<h6><span style=\"margin: 0px; font-family: 'Helvetica',sans-serif; font-size: 12pt;\"><span style=\"color: #000000;\">f\u00f6r sj\u00e4lvst\u00e4ndigheten och andra advent.<\/span><\/span><\/h6>\n<h6><span style=\"margin: 0px; font-family: 'Helvetica',sans-serif; font-size: 12pt;\"><span style=\"color: #000000;\">Om v\u00e4dret kan man direkt inte skryta,<\/span><\/span><\/h6>\n<h6><span style=\"margin: 0px; font-family: 'Helvetica',sans-serif; font-size: 12pt;\"><span style=\"color: #000000;\">b\u00e4st att stanna inne s\u00e5 man inte n\u00e4san beh\u00f6ver snyta.<\/span><\/span><\/h6>\n<h6><span style=\"margin: 0px; font-family: 'Helvetica',sans-serif; font-size: 12pt;\"><span style=\"color: #000000;\">\u00a0<\/span><\/span><\/h6>\n<h6><span style=\"margin: 0px; font-family: 'Helvetica',sans-serif; font-size: 12pt;\"><span style=\"color: #000000;\">I kv\u00e4ll blir det bal med Herr President<\/span><\/span><\/h6>\n<h6><span style=\"margin: 0px; font-family: 'Helvetica',sans-serif; font-size: 12pt;\"><span style=\"color: #000000;\">\u00e4r med trots att han ingen inbjudan s\u00e4nt.<\/span><\/span><\/h6>\n<h6><span style=\"margin: 0px; font-family: 'Helvetica',sans-serif; font-size: 12pt;\"><span style=\"color: #000000;\">Skall sitta hemma i eget k\u00e4ra bo<\/span><\/span><\/h6>\n<h6><span style=\"margin: 0px; font-family: 'Helvetica',sans-serif; font-size: 12pt;\"><span style=\"color: #000000;\">och kolla in kl\u00e4nningar i lugn och ro!<\/span><\/span><\/h6>\n<p><img loading=\"lazy\" decoding=\"async\" class=\"alignnone size-full wp-image-13178\" src=\"http:\/\/www.lassebacklund.fi\/wp-content\/uploads\/2019\/07\/Sj\u00e4lvst\u00e4ndighetsdagen.jpg\" alt=\"\" width=\"669\" height=\"892\" srcset=\"https:\/\/www.kristinestadshistoria.fi\/wp-content\/uploads\/2019\/07\/Sj\u00e4lvst\u00e4ndighetsdagen.jpg 669w, https:\/\/www.kristinestadshistoria.fi\/wp-content\/uploads\/2019\/07\/Sj\u00e4lvst\u00e4ndighetsdagen-225x300.jpg 225w\" sizes=\"auto, (max-width: 669px) 100vw, 669px\" \/><\/p>\n","protected":false},"excerpt":{"rendered":"<p>Skrivet av Eva den 6 december 2015: &nbsp; Uppe i ottan och glad som en l\u00e4rka, av g\u00e5rdagens julfest jag ingenting m\u00e4rka men s\u00e5 for vi ju hem i god mans tid ty p\u00e5 dansgolvet hade vi inget glid. \u00a0 <a class=\"more-link\" href=\"https:\/\/www.kristinestadshistoria.fi\/?page_id=13179\">Forts\u00e4tt l\u00e4sa <span class=\"screen-reader-text\">  Sj\u00e4lvst\u00e4ndighetsdagen.<\/span><span class=\"meta-nav\">&rarr;<\/span><\/a><\/p>\n","protected":false},"author":1,"featured_media":0,"parent":13107,"menu_order":0,"comment_status":"closed","ping_status":"closed","template":"","meta":{"footnotes":""},"class_list":["post-13179","page","type-page","status-publish","hentry"],"_links":{"self":[{"href":"https:\/\/www.kristinestadshistoria.fi\/index.php?rest_route=\/wp\/v2\/pages\/13179","targetHints":{"allow":["GET"]}}],"collection":[{"href":"https:\/\/www.kristinestadshistoria.fi\/index.php?rest_route=\/wp\/v2\/pages"}],"about":[{"href":"https:\/\/www.kristinestadshistoria.fi\/index.php?rest_route=\/wp\/v2\/types\/page"}],"author":[{"embeddable":true,"href":"https:\/\/www.kristinestadshistoria.fi\/index.php?rest_route=\/wp\/v2\/users\/1"}],"replies":[{"embeddable":true,"href":"https:\/\/www.kristinestadshistoria.fi\/index.php?rest_route=%2Fwp%2Fv2%2Fcomments&post=13179"}],"version-history":[{"count":3,"href":"https:\/\/www.kristinestadshistoria.fi\/index.php?rest_route=\/wp\/v2\/pages\/13179\/revisions"}],"predecessor-version":[{"id":13233,"href":"https:\/\/www.kristinestadshistoria.fi\/index.php?rest_route=\/wp\/v2\/pages\/13179\/revisions\/13233"}],"up":[{"embeddable":true,"href":"https:\/\/www.kristinestadshistoria.fi\/index.php?rest_route=\/wp\/v2\/pages\/13107"}],"wp:attachment":[{"href":"https:\/\/www.kristinestadshistoria.fi\/index.php?rest_route=%2Fwp%2Fv2%2Fmedia&parent=13179"}],"curies":[{"name":"wp","href":"https:\/\/api.w.org\/{rel}","templated":true}]}}