{"id":13151,"date":"2019-07-16T11:17:30","date_gmt":"2019-07-16T08:17:30","guid":{"rendered":"http:\/\/www.lassebacklund.fi\/?page_id=13151"},"modified":"2019-07-16T11:18:43","modified_gmt":"2019-07-16T08:18:43","slug":"trendiga-byxan","status":"publish","type":"page","link":"https:\/\/www.kristinestadshistoria.fi\/?page_id=13151","title":{"rendered":"Trendiga byxan."},"content":{"rendered":"<p><span style=\"margin: 0px; color: #1d2129; font-family: 'Helvetica','sans-serif'; font-size: 10.5pt;\">Nu skall jag ber\u00e4tta en saga som \u00e4r sann<br \/>\noch ifall jag narras, s\u00e5 \u00e4r det bara lite grann.<br \/>\nDen handlar om ett byxpar, m\u00f6rkbl\u00e5 till f\u00e4rgen,<br \/>\npremi\u00e4ranv\u00e4ndning \u00e5r 2005 p\u00e5 B\u00f6tombergen.<\/span><\/p>\n<p><span style=\"margin: 0px; color: #1d2129; font-family: 'Helvetica','sans-serif'; font-size: 10.5pt;\">I b\u00f6rjan var de s\u00e5na som jag tog p\u00e5<br \/>\nom jag p\u00e5 n\u00e5t \u00e4rende eller till byss skulle g\u00e5.<br \/>\nMen med \u00e5ren anv\u00e4ndandet sakteligen dalade<br \/>\noch mitt intresse s\u00e5 sm\u00e5ningom svalnade.<\/span><\/p>\n<p><span style=\"margin: 0px; color: #1d2129; font-family: 'Helvetica','sans-serif'; font-size: 10.5pt;\">Till slut blev de vardags, de passade ju bra<br \/>\nhar flera djupa fickor d\u00e4r saker man kan ha.<br \/>\nNycklar och pengb\u00f6rs, en n\u00e4sduk eller karameller<br \/>\neller en plastp\u00e5se f\u00f6r upphittade kantareller.<\/span><\/p>\n<p><span style=\"margin: 0px; color: #1d2129; font-family: 'Helvetica','sans-serif'; font-size: 10.5pt;\">En dag i f\u00f6rra veckan s\u00e5 en olycka h\u00e4nde,<br \/>\nbyxorna gick s\u00f6nder, voj arma el\u00e4nde!<br \/>\nOvanf\u00f6r kn\u00e4et mitt bleka l\u00e5r titta ut.<br \/>\nBlev det att avst\u00e5 fr\u00e5n trotj\u00e4narna till slut?<\/span><\/p>\n<p><span style=\"margin: 0px; color: #1d2129; font-family: 'Helvetica','sans-serif'; font-size: 10.5pt;\">F\u00f6rsta tanken var att nu skall jag dom kasta<br \/>\nmen andra tanken sa att jag skall inte f\u00f6rhasta.<br \/>\nDet verkar ju vara inne att kl\u00e4 sig lite trasigt<br \/>\n\u00e4ven om det modet i mitt tycke \u00e4r ganska knasigt.<\/span><\/p>\n<p><span style=\"margin: 0px; color: #1d2129; font-family: 'Helvetica','sans-serif'; font-size: 10.5pt;\">Men \u00e5sikter kan ju \u00e4ndras, s\u00e5 en kniv jag tog<br \/>\noch p\u00e5 andra benet ett l\u00e5ngt h\u00e5l jag drog.<br \/>\nVisst \u00e4r det bra att vara fiffig och lite h\u00e4ndig<br \/>\ns\u00e5 nu g\u00e5r jag omkring och k\u00e4nner mig v\u00e4ldigt trendig!<\/span><\/p>\n<figure id=\"attachment_13150\" aria-describedby=\"caption-attachment-13150\" style=\"width: 1189px\" class=\"wp-caption alignnone\"><img loading=\"lazy\" decoding=\"async\" class=\"size-full wp-image-13150\" src=\"http:\/\/www.lassebacklund.fi\/wp-content\/uploads\/2019\/07\/Byxan.jpg\" alt=\"\" width=\"1189\" height=\"891\" srcset=\"https:\/\/www.kristinestadshistoria.fi\/wp-content\/uploads\/2019\/07\/Byxan.jpg 1189w, https:\/\/www.kristinestadshistoria.fi\/wp-content\/uploads\/2019\/07\/Byxan-300x225.jpg 300w, https:\/\/www.kristinestadshistoria.fi\/wp-content\/uploads\/2019\/07\/Byxan-768x576.jpg 768w, https:\/\/www.kristinestadshistoria.fi\/wp-content\/uploads\/2019\/07\/Byxan-1024x767.jpg 1024w\" sizes=\"auto, (max-width: 1189px) 100vw, 1189px\" \/><figcaption id=\"caption-attachment-13150\" class=\"wp-caption-text\">Trendigt v\u00e4rre!<\/figcaption><\/figure>\n","protected":false},"excerpt":{"rendered":"<p>Nu skall jag ber\u00e4tta en saga som \u00e4r sann och ifall jag narras, s\u00e5 \u00e4r det bara lite grann. Den handlar om ett byxpar, m\u00f6rkbl\u00e5 till f\u00e4rgen, premi\u00e4ranv\u00e4ndning \u00e5r 2005 p\u00e5 B\u00f6tombergen. I b\u00f6rjan var de s\u00e5na som jag tog <a class=\"more-link\" href=\"https:\/\/www.kristinestadshistoria.fi\/?page_id=13151\">Forts\u00e4tt l\u00e4sa <span class=\"screen-reader-text\">  Trendiga byxan.<\/span><span class=\"meta-nav\">&rarr;<\/span><\/a><\/p>\n","protected":false},"author":1,"featured_media":0,"parent":13107,"menu_order":0,"comment_status":"closed","ping_status":"closed","template":"","meta":{"footnotes":""},"class_list":["post-13151","page","type-page","status-publish","hentry"],"_links":{"self":[{"href":"https:\/\/www.kristinestadshistoria.fi\/index.php?rest_route=\/wp\/v2\/pages\/13151","targetHints":{"allow":["GET"]}}],"collection":[{"href":"https:\/\/www.kristinestadshistoria.fi\/index.php?rest_route=\/wp\/v2\/pages"}],"about":[{"href":"https:\/\/www.kristinestadshistoria.fi\/index.php?rest_route=\/wp\/v2\/types\/page"}],"author":[{"embeddable":true,"href":"https:\/\/www.kristinestadshistoria.fi\/index.php?rest_route=\/wp\/v2\/users\/1"}],"replies":[{"embeddable":true,"href":"https:\/\/www.kristinestadshistoria.fi\/index.php?rest_route=%2Fwp%2Fv2%2Fcomments&post=13151"}],"version-history":[{"count":2,"href":"https:\/\/www.kristinestadshistoria.fi\/index.php?rest_route=\/wp\/v2\/pages\/13151\/revisions"}],"predecessor-version":[{"id":13153,"href":"https:\/\/www.kristinestadshistoria.fi\/index.php?rest_route=\/wp\/v2\/pages\/13151\/revisions\/13153"}],"up":[{"embeddable":true,"href":"https:\/\/www.kristinestadshistoria.fi\/index.php?rest_route=\/wp\/v2\/pages\/13107"}],"wp:attachment":[{"href":"https:\/\/www.kristinestadshistoria.fi\/index.php?rest_route=%2Fwp%2Fv2%2Fmedia&parent=13151"}],"curies":[{"name":"wp","href":"https:\/\/api.w.org\/{rel}","templated":true}]}}