{"id":13049,"date":"2019-07-10T22:10:53","date_gmt":"2019-07-10T19:10:53","guid":{"rendered":"http:\/\/www.lassebacklund.fi\/?page_id=13049"},"modified":"2019-07-10T22:10:53","modified_gmt":"2019-07-10T19:10:53","slug":"bland-myrar-och-fjall","status":"publish","type":"page","link":"https:\/\/www.kristinestadshistoria.fi\/?page_id=13049","title":{"rendered":"Bland myrar och fj\u00e4ll."},"content":{"rendered":"<p><span style=\"color: #000080;\">Diktat av Eva under en busstur i Norge sommaren 2017:<\/span><\/p>\n<h5><span style=\"margin: 0px; font-family: 'Helvetica','sans-serif';\"><span style=\"color: #000000;\">I dag har vi r\u00f6rt oss bland myrar och fj\u00e4ll<\/span><\/span><\/h5>\n<h5><span style=\"margin: 0px; font-family: 'Helvetica','sans-serif';\"><span style=\"color: #000000;\">och framme i Harstad vi \u00e4r nu i kv\u00e4ll.<\/span><\/span><\/h5>\n<h5><span style=\"margin: 0px; font-family: 'Helvetica','sans-serif';\"><span style=\"color: #000000;\">Bland martall och fj\u00e4llbj\u00f6rk med spretande grenar,<\/span><\/span><\/h5>\n<h5><span style=\"margin: 0px; font-family: 'Helvetica','sans-serif';\"><span style=\"color: #000000;\">springande \u00e4lgar och betande renar.<\/span><\/span><\/h5>\n<p><span style=\"margin: 0px; font-family: 'Helvetica','sans-serif';\"><span style=\"color: #000000;\">\u00a0<\/span><\/span><\/p>\n<h5><span style=\"margin: 0px; font-family: 'Helvetica','sans-serif';\"><span style=\"color: #000000;\">Bland forsande b\u00e4ckar med iskallt vatten,<\/span><\/span><\/h5>\n<h5><span style=\"margin: 0px; font-family: 'Helvetica','sans-serif';\"><span style=\"color: #000000;\">sett iskl\u00e4dda sj\u00f6ar fast solen skiner p\u00e5 natten.<\/span><\/span><\/h5>\n<h5><span style=\"margin: 0px; font-family: 'Helvetica','sans-serif';\"><span style=\"color: #000000;\">Svanar och tranor, hytter och en fjord.<\/span><\/span><\/h5>\n<h5><span style=\"margin: 0px; font-family: 'Helvetica','sans-serif';\"><span style=\"color: #000000;\">T\u00e4nk s\u00e5 mycket vackert det finns p\u00e5 v\u00e5r jord!<\/span><\/span><\/h5>\n<p><img loading=\"lazy\" decoding=\"async\" class=\"alignnone size-full wp-image-13048\" src=\"http:\/\/www.lassebacklund.fi\/wp-content\/uploads\/2019\/07\/Bland-myrar-och-fj\u00e4ll.jpg\" alt=\"\" width=\"1384\" height=\"1040\" srcset=\"https:\/\/www.kristinestadshistoria.fi\/wp-content\/uploads\/2019\/07\/Bland-myrar-och-fj\u00e4ll.jpg 1384w, https:\/\/www.kristinestadshistoria.fi\/wp-content\/uploads\/2019\/07\/Bland-myrar-och-fj\u00e4ll-300x225.jpg 300w, https:\/\/www.kristinestadshistoria.fi\/wp-content\/uploads\/2019\/07\/Bland-myrar-och-fj\u00e4ll-768x577.jpg 768w, https:\/\/www.kristinestadshistoria.fi\/wp-content\/uploads\/2019\/07\/Bland-myrar-och-fj\u00e4ll-1024x769.jpg 1024w\" sizes=\"auto, (max-width: 1384px) 100vw, 1384px\" \/><\/p>\n","protected":false},"excerpt":{"rendered":"<p>Diktat av Eva under en busstur i Norge sommaren 2017: I dag har vi r\u00f6rt oss bland myrar och fj\u00e4ll och framme i Harstad vi \u00e4r nu i kv\u00e4ll. Bland martall och fj\u00e4llbj\u00f6rk med spretande grenar, springande \u00e4lgar och betande <a class=\"more-link\" href=\"https:\/\/www.kristinestadshistoria.fi\/?page_id=13049\">Forts\u00e4tt l\u00e4sa <span class=\"screen-reader-text\">  Bland myrar och fj\u00e4ll.<\/span><span class=\"meta-nav\">&rarr;<\/span><\/a><\/p>\n","protected":false},"author":1,"featured_media":0,"parent":12953,"menu_order":0,"comment_status":"closed","ping_status":"closed","template":"","meta":{"footnotes":""},"class_list":["post-13049","page","type-page","status-publish","hentry"],"_links":{"self":[{"href":"https:\/\/www.kristinestadshistoria.fi\/index.php?rest_route=\/wp\/v2\/pages\/13049","targetHints":{"allow":["GET"]}}],"collection":[{"href":"https:\/\/www.kristinestadshistoria.fi\/index.php?rest_route=\/wp\/v2\/pages"}],"about":[{"href":"https:\/\/www.kristinestadshistoria.fi\/index.php?rest_route=\/wp\/v2\/types\/page"}],"author":[{"embeddable":true,"href":"https:\/\/www.kristinestadshistoria.fi\/index.php?rest_route=\/wp\/v2\/users\/1"}],"replies":[{"embeddable":true,"href":"https:\/\/www.kristinestadshistoria.fi\/index.php?rest_route=%2Fwp%2Fv2%2Fcomments&post=13049"}],"version-history":[{"count":1,"href":"https:\/\/www.kristinestadshistoria.fi\/index.php?rest_route=\/wp\/v2\/pages\/13049\/revisions"}],"predecessor-version":[{"id":13050,"href":"https:\/\/www.kristinestadshistoria.fi\/index.php?rest_route=\/wp\/v2\/pages\/13049\/revisions\/13050"}],"up":[{"embeddable":true,"href":"https:\/\/www.kristinestadshistoria.fi\/index.php?rest_route=\/wp\/v2\/pages\/12953"}],"wp:attachment":[{"href":"https:\/\/www.kristinestadshistoria.fi\/index.php?rest_route=%2Fwp%2Fv2%2Fmedia&parent=13049"}],"curies":[{"name":"wp","href":"https:\/\/api.w.org\/{rel}","templated":true}]}}

Bland myrar och fjäll.

<p><span style="color: #000080;">Diktat av Eva under en busstur i Norge sommaren 2017:</span></p>
<h5><span style="margin: 0px; font-family: 'Helvetica','sans-serif';"><span style="color: #000000;">I dag har vi rört oss bland myrar och fjäll</span></span></h5>
<h5><span style="margin: 0px; font-family: 'Helvetica','sans-serif';"><span style="color: #000000;">och framme i Harstad vi är nu i kväll.</span></span></h5>
<h5><span style="margin: 0px; font-family: 'Helvetica','sans-serif';"><span style="color: #000000;">Bland martall och fjällbjörk med spretande grenar,</span></span></h5>
<h5><span style="margin: 0px; font-family: 'Helvetica','sans-serif';"><span style="color: #000000;">springande älgar och betande renar.</span></span></h5>
<p><span style="margin: 0px; font-family: 'Helvetica','sans-serif';"><span style="color: #000000;"> </span></span></p>
<h5><span style="margin: 0px; font-family: 'Helvetica','sans-serif';"><span style="color: #000000;">Bland forsande bäckar med iskallt vatten,</span></span></h5>
<h5><span style="margin: 0px; font-family: 'Helvetica','sans-serif';"><span style="color: #000000;">sett isklädda sjöar fast solen skiner på natten.</span></span></h5>
<h5><span style="margin: 0px; font-family: 'Helvetica','sans-serif';"><span style="color: #000000;">Svanar och tranor, hytter och en fjord.</span></span></h5>
<h5><span style="margin: 0px; font-family: 'Helvetica','sans-serif';"><span style="color: #000000;">Tänk så mycket vackert det finns på vår jord!</span></span></h5>
<p><img loading="lazy" decoding="async" class="alignnone size-full wp-image-13048" src="http://www.lassebacklund.fi/wp-content/uploads/2019/07/Bland-myrar-och-fjäll.jpg" alt="" width="1384" height="1040" srcset="https://www.kristinestadshistoria.fi/wp-content/uploads/2019/07/Bland-myrar-och-fjäll.jpg 1384w, https://www.kristinestadshistoria.fi/wp-content/uploads/2019/07/Bland-myrar-och-fjäll-300x225.jpg 300w, https://www.kristinestadshistoria.fi/wp-content/uploads/2019/07/Bland-myrar-och-fjäll-768x577.jpg 768w, https://www.kristinestadshistoria.fi/wp-content/uploads/2019/07/Bland-myrar-och-fjäll-1024x769.jpg 1024w" sizes="auto, (max-width: 1384px) 100vw, 1384px" /></p>

<p>Diktat av Eva under en busstur i Norge sommaren 2017: I dag har vi rört oss bland myrar och fjäll och framme i Harstad vi är nu i kväll. Bland martall och fjällbjörk med spretande grenar, springande älgar och betande <a class="more-link" href="https://www.kristinestadshistoria.fi/?page_id=13049">Fortsätt läsa <span class="screen-reader-text">  Bland myrar och fjäll.</span><span class="meta-nav">&rarr;</span></a></p>
