{"id":12987,"date":"2019-07-09T19:26:22","date_gmt":"2019-07-09T16:26:22","guid":{"rendered":"http:\/\/www.lassebacklund.fi\/?page_id=12987"},"modified":"2019-07-09T19:26:22","modified_gmt":"2019-07-09T16:26:22","slug":"till-mina-vanner","status":"publish","type":"page","link":"https:\/\/www.kristinestadshistoria.fi\/?page_id=12987","title":{"rendered":"Till mina v\u00e4nner!"},"content":{"rendered":"<p><span lang=\"SV\" style=\"margin: 0px; color: #000080; font-family: 'Helvetica','sans-serif'; font-size: 10.5pt;\">Nedtecknat av Eva inf\u00f6r Alla Hj\u00e4rtans Dag 2017:<\/span><\/p>\n<p><span lang=\"SV\" style=\"margin: 0px; color: #1d2129; font-family: 'Helvetica','sans-serif'; font-size: 10.5pt;\">I dag \u00e4r dagen f\u00f6r k\u00e4rlek och v\u00e4nner<br \/>\ns\u00e5dana man \u00e4lskar, mer eller mindre k\u00e4nner.<br \/>\nEn v\u00e4n kan vara en man vet var han bor,<br \/>\nvar han jobbar och om han har syster eller bror.<\/span><\/p>\n<p><span lang=\"SV\" style=\"margin: 0px; color: #1d2129; font-family: 'Helvetica','sans-serif'; font-size: 10.5pt;\">Vi kanske har tr\u00e4ffats f\u00f6r l\u00e4ngesen eller alldeles nyss,<br \/>\nkanske vi i barndomen gjorde n\u00e5gra hyss.<br \/>\nVi kanske har dansat en tryckare n\u00e5n g\u00e5ng<br \/>\neller tillsammans i k\u00f6r sjungit n\u00e5n s\u00e5ng.<\/span><\/p>\n<p><span lang=\"SV\" style=\"margin: 0px; color: #1d2129; font-family: 'Helvetica','sans-serif'; font-size: 10.5pt;\">Kanske vi tv\u00e5 har tr\u00e4ffats via jobben<br \/>\ni Dagsmark p\u00e5 Papron, K-Lasse eller p\u00e5 sjukhuslabben<br \/>\neller p\u00e5 n\u00e5n resa ute i stora v\u00e4rlden<br \/>\ni innerg\u00e5rdens tr\u00e4dg\u00e5rd eller ute p\u00e5 Stadsfj\u00e4rden.<\/span><\/p>\n<p><span lang=\"SV\" style=\"margin: 0px; color: #1d2129; font-family: 'Helvetica','sans-serif'; font-size: 10.5pt;\">Vi kanske har g\u00e5tt i samma skola n\u00e5gra \u00e5r<br \/>\neller m\u00f6tts p\u00e5 n\u00e5n l\u00f6prunda eller i ett skidsp\u00e5r<br \/>\nN\u00e4r var och hur spelar ju ingen roll<br \/>\noch via Facebook kan man \u00e4nd\u00e5 ha koll.<\/span><\/p>\n<p><span lang=\"SV\" style=\"margin: 0px; color: #1d2129; font-family: 'Helvetica','sans-serif'; font-size: 10.5pt;\">Har man riktiga v\u00e4nner, d\u00e5 \u00e4r man rik<br \/>\ndet tycker jag passar bra som avslutningsreplik!<\/span><\/p>\n<p><img loading=\"lazy\" decoding=\"async\" class=\"alignnone size-full wp-image-12986\" src=\"http:\/\/www.lassebacklund.fi\/wp-content\/uploads\/2019\/07\/V\u00e4ndagen.jpg\" alt=\"\" width=\"1386\" height=\"1040\" srcset=\"https:\/\/www.kristinestadshistoria.fi\/wp-content\/uploads\/2019\/07\/V\u00e4ndagen.jpg 1386w, https:\/\/www.kristinestadshistoria.fi\/wp-content\/uploads\/2019\/07\/V\u00e4ndagen-300x225.jpg 300w, https:\/\/www.kristinestadshistoria.fi\/wp-content\/uploads\/2019\/07\/V\u00e4ndagen-768x576.jpg 768w, https:\/\/www.kristinestadshistoria.fi\/wp-content\/uploads\/2019\/07\/V\u00e4ndagen-1024x768.jpg 1024w\" sizes=\"auto, (max-width: 1386px) 100vw, 1386px\" \/><\/p>\n","protected":false},"excerpt":{"rendered":"<p>Nedtecknat av Eva inf\u00f6r Alla Hj\u00e4rtans Dag 2017: I dag \u00e4r dagen f\u00f6r k\u00e4rlek och v\u00e4nner s\u00e5dana man \u00e4lskar, mer eller mindre k\u00e4nner. En v\u00e4n kan vara en man vet var han bor, var han jobbar och om han har <a class=\"more-link\" href=\"https:\/\/www.kristinestadshistoria.fi\/?page_id=12987\">Forts\u00e4tt l\u00e4sa <span class=\"screen-reader-text\">  Till mina v\u00e4nner!<\/span><span class=\"meta-nav\">&rarr;<\/span><\/a><\/p>\n","protected":false},"author":1,"featured_media":0,"parent":12953,"menu_order":0,"comment_status":"closed","ping_status":"closed","template":"","meta":{"footnotes":""},"class_list":["post-12987","page","type-page","status-publish","hentry"],"_links":{"self":[{"href":"https:\/\/www.kristinestadshistoria.fi\/index.php?rest_route=\/wp\/v2\/pages\/12987","targetHints":{"allow":["GET"]}}],"collection":[{"href":"https:\/\/www.kristinestadshistoria.fi\/index.php?rest_route=\/wp\/v2\/pages"}],"about":[{"href":"https:\/\/www.kristinestadshistoria.fi\/index.php?rest_route=\/wp\/v2\/types\/page"}],"author":[{"embeddable":true,"href":"https:\/\/www.kristinestadshistoria.fi\/index.php?rest_route=\/wp\/v2\/users\/1"}],"replies":[{"embeddable":true,"href":"https:\/\/www.kristinestadshistoria.fi\/index.php?rest_route=%2Fwp%2Fv2%2Fcomments&post=12987"}],"version-history":[{"count":1,"href":"https:\/\/www.kristinestadshistoria.fi\/index.php?rest_route=\/wp\/v2\/pages\/12987\/revisions"}],"predecessor-version":[{"id":12988,"href":"https:\/\/www.kristinestadshistoria.fi\/index.php?rest_route=\/wp\/v2\/pages\/12987\/revisions\/12988"}],"up":[{"embeddable":true,"href":"https:\/\/www.kristinestadshistoria.fi\/index.php?rest_route=\/wp\/v2\/pages\/12953"}],"wp:attachment":[{"href":"https:\/\/www.kristinestadshistoria.fi\/index.php?rest_route=%2Fwp%2Fv2%2Fmedia&parent=12987"}],"curies":[{"name":"wp","href":"https:\/\/api.w.org\/{rel}","templated":true}]}}